OwlCyberSecurity - MANAGER
Edit File: 21stcenturyqhc.online.digitalaesthetics.org-ssl_log
185.157.213.215 - - [07/Jul/2025:08:12:40 -0400] "GET /2025/01/10/the-benefits-of-home-care-foraging-loved-ones/ HTTP/1.0" 200 174802 "https://21stcenturyqhc.online/2025/01/10/the-benefits-of-home-care-foraging-loved-ones/" "Mozilla/5.0 (Windows NT 10.0; Win64; x64) AppleWebKit/537.36 (KHTML, like Gecko) Chrome/130.0.0.0 Safari/537.36 CCleaner/130.0.0.0"
185.157.213.215 - - [07/Jul/2025:08:12:40 -0400] "GET /2025/01/10/the-benefits-of-home-care-foraging-loved-ones/ HTTP/1.0" 200 174802 "https://21stcenturyqhc.online/2025/01/10/the-benefits-of-home-care-foraging-loved-ones/" "Mozilla/5.0 (Windows NT 10.0; Win64; x64) AppleWebKit/537.36 (KHTML, like Gecko) Chrome/130.0.0.0 Safari/537.36 CCleaner/130.0.0.0"
198.54.114.253 - - [07/Jul/2025:08:12:42 -0400] "POST /wp-cron.php?doing_wp_cron=1751890362.8681139945983886718750 HTTP/1.1" 200 0 "-" "WordPress/6.8.1; https://21stcenturyqhc.online"
185.157.213.215 - - [07/Jul/2025:08:12:41 -0400] "POST /wp-comments-post.php HTTP/1.0" 429 2586 "https://21stcenturyqhc.online/2025/01/10/the-benefits-of-home-care-foraging-loved-ones/" "Mozilla/5.0 (Windows NT 10.0; Win64; x64) AppleWebKit/537.36 (KHTML, like Gecko) Chrome/130.0.0.0 Safari/537.36 CCleaner/130.0.0.0"
185.157.213.215 - - [07/Jul/2025:08:12:41 -0400] "POST /wp-comments-post.php HTTP/1.0" 302 0 "https://21stcenturyqhc.online/2025/01/10/the-benefits-of-home-care-foraging-loved-ones/" "Mozilla/5.0 (Windows NT 10.0; Win64; x64) AppleWebKit/537.36 (KHTML, like Gecko) Chrome/130.0.0.0 Safari/537.36 CCleaner/130.0.0.0"
49.51.33.159 - - [07/Jul/2025:08:15:07 -0400] "GET / HTTP/1.1" 301 0 "http://www.21stcenturyqhc.online" "Mozilla/5.0 (iPhone; CPU iPhone OS 13_2_3 like Mac OS X) AppleWebKit/605.1.15 (KHTML, like Gecko) Version/13.0.3 Mobile/15E148 Safari/604.1"
185.157.213.215 - - [07/Jul/2025:08:12:43 -0400] "GET /2025/01/10/the-benefits-of-home-care-foraging-loved-ones/ HTTP/1.0" 200 225984 "https://21stcenturyqhc.online/2025/01/10/the-benefits-of-home-care-foraging-loved-ones/#comment-1632" "Mozilla/5.0 (Windows NT 10.0; Win64; x64) AppleWebKit/537.36 (KHTML, like Gecko) Chrome/130.0.0.0 Safari/537.36 CCleaner/130.0.0.0"
198.54.114.253 - - [07/Jul/2025:08:15:09 -0400] "POST /wp-cron.php?doing_wp_cron=1751890509.8224558830261230468750 HTTP/1.1" 200 0 "-" "WordPress/6.8.1; https://21stcenturyqhc.online"
49.51.33.159 - - [07/Jul/2025:08:15:15 -0400] "GET / HTTP/1.1" 200 39648 "https://www.21stcenturyqhc.online/" "Mozilla/5.0 (iPhone; CPU iPhone OS 13_2_3 like Mac OS X) AppleWebKit/605.1.15 (KHTML, like Gecko) Version/13.0.3 Mobile/15E148 Safari/604.1"
198.54.114.253 - - [07/Jul/2025:08:58:25 -0400] "POST /wp-cron.php?doing_wp_cron=1751893105.1431291103363037109375 HTTP/1.1" 200 0 "-" "WordPress/6.8.1; https://21stcenturyqhc.online"
198.54.114.253 - - [07/Jul/2025:08:58:25 -0400] "POST /wp-cron.php?doing_wp_cron=1751893105.1435461044311523437500 HTTP/1.1" 200 0 "-" "WordPress/6.8.1; https://21stcenturyqhc.online"
196.251.72.175 - - [07/Jul/2025:08:58:21 -0400] "GET /wp-content/themes/seotheme/db.php?u HTTP/1.1" 200 0 "www.google.com" "Mozlila/5.0 (Linux; Android 7.0; SM-G892A Bulid/NRD90M; wv) AppleWebKit/537.36 (KHTML, like Gecko) Version/4.0 Chrome/60.0.3112.107 Moblie Safari/537.36"
196.251.72.175 - - [07/Jul/2025:08:58:29 -0400] "GET /uoykktkz.php?Fox=d3wL7 HTTP/1.1" 200 0 "www.google.com" "Mozilla/5.0 (Linux; Android 7.0; SM-G892A Bulid/NRD90M; wv) AppleWebKit/537.36 (KHTML, like Gecko) Version/4.0 Chrome/60.0.3112.107 Moblie Safari/537.36"
196.251.72.175 - - [07/Jul/2025:08:58:30 -0400] "GET /wp-content/plugins/fix/up.php HTTP/1.1" 200 0 "-" "Mozilla/5.0 (Windows NT 10.0; Win64; x64) AppleWebKit/537.36 (KHTML, like Gecko) Chrome/85.0.4183.102 Safari/537.36"
196.251.72.175 - - [07/Jul/2025:08:58:39 -0400] "GET /wp-content/plugins/apikey/apikey.php.suspected?test=hello HTTP/1.1" 500 2431 "-" "Mozlila/5.0 (Linux; Android 7.0; SM-G892A Bulid/NRD90M; wv) AppleWebKit/537.36 (KHTML, like Gecko) Version/4.0 Chrome/60.0.3112.107 Moblie Safari/537.36"
196.251.72.175 - - [07/Jul/2025:08:58:40 -0400] "GET /plugins/content/apismtp/apismtp.php.suspected?test=hello HTTP/1.1" 500 2431 "-" "Mozlila/5.0 (Linux; Android 7.0; SM-G892A Bulid/NRD90M; wv) AppleWebKit/537.36 (KHTML, like Gecko) Version/4.0 Chrome/60.0.3112.107 Moblie Safari/537.36"
196.251.72.175 - - [07/Jul/2025:08:58:38 -0400] "GET /uoykktkz.php?Fox=d3wL7 HTTP/1.1" 500 2431 "www.google.com" "Mozilla/5.0 (Linux; Android 7.0; SM-G892A Bulid/NRD90M; wv) AppleWebKit/537.36 (KHTML, like Gecko) Version/4.0 Chrome/60.0.3112.107 Moblie Safari/537.36"
196.251.72.175 - - [07/Jul/2025:08:58:41 -0400] "GET /wp-content/themes/seotheme/db.php?u HTTP/1.1" 200 0 "www.google.com" "Mozlila/5.0 (Linux; Android 7.0; SM-G892A Bulid/NRD90M; wv) AppleWebKit/537.36 (KHTML, like Gecko) Version/4.0 Chrome/60.0.3112.107 Moblie Safari/537.36"
196.251.72.175 - - [07/Jul/2025:08:58:21 -0400] "POST /ALFA_DATA/alfacgiapi/perl.alfa HTTP/1.1" 404 105137 "www.google.com" "Mozlila/5.0 (Linux; Android 7.0; SM-G892A Bulid/NRD90M; wv) AppleWebKit/537.36 (KHTML, like Gecko) Version/4.0 Chrome/60.0.3112.107 Moblie Safari/537.36"
196.251.72.175 - - [07/Jul/2025:08:58:57 -0400] "POST /alfacgiapi/perl.alfa HTTP/1.1" 404 105137 "www.google.com" "Mozlila/5.0 (Linux; Android 7.0; SM-G892A Bulid/NRD90M; wv) AppleWebKit/537.36 (KHTML, like Gecko) Version/4.0 Chrome/60.0.3112.107 Moblie Safari/537.36"
196.251.72.175 - - [07/Jul/2025:08:58:58 -0400] "GET /wp-content/themes/seotheme/db.php?u HTTP/1.1" 404 105205 "www.google.com" "Mozlila/5.0 (Linux; Android 7.0; SM-G892A Bulid/NRD90M; wv) AppleWebKit/537.36 (KHTML, like Gecko) Version/4.0 Chrome/60.0.3112.107 Moblie Safari/537.36"
195.200.31.148 - - [07/Jul/2025:09:02:16 -0400] "GET /2025/01/10/the-benefits-of-home-care-foraging-loved-ones/ HTTP/1.0" 200 174802 "https://21stcenturyqhc.online/2025/01/10/the-benefits-of-home-care-foraging-loved-ones/#comment-479" "Mozilla/5.0 (Windows NT 6.1) AppleWebKit/537.36 (KHTML, like Gecko) Chrome/103.0.5060.114 Safari/537.36"
198.54.114.253 - - [07/Jul/2025:09:02:19 -0400] "POST /wp-cron.php?doing_wp_cron=1751893339.2550990581512451171875 HTTP/1.1" 200 0 "-" "WordPress/6.8.1; https://21stcenturyqhc.online"
195.200.31.148 - - [07/Jul/2025:09:02:17 -0400] "POST /wp-comments-post.php HTTP/1.0" 302 0 "https://21stcenturyqhc.online/2025/01/10/the-benefits-of-home-care-foraging-loved-ones/#comment-479" "Mozilla/5.0 (Windows NT 6.1) AppleWebKit/537.36 (KHTML, like Gecko) Chrome/103.0.5060.114 Safari/537.36"
54.36.148.48 - - [07/Jul/2025:09:09:03 -0400] "GET /personal-care/ HTTP/1.1" 304 0 "-" "Mozilla/5.0 (compatible; AhrefsBot/7.0; +http://ahrefs.com/robot/)"
198.54.114.253 - - [07/Jul/2025:08:36:51 -0400] "POST /wp-cron.php?doing_wp_cron=1751891811.5834150314331054687500 HTTP/1.1" 200 0 "-" "WordPress/6.8.1; https://21stcenturyqhc.online"
54.36.149.38 - - [07/Jul/2025:08:36:49 -0400] "GET /project/specialist-nursing-care/feed/ HTTP/1.1" 304 0 "-" "Mozilla/5.0 (compatible; AhrefsBot/7.0; +http://ahrefs.com/robot/)"
196.251.72.175 - - [07/Jul/2025:08:58:21 -0400] "GET / HTTP/1.1" 200 229687 "-" "Mozlila/5.0 (Linux; Android 7.0; SM-G892A Bulid/NRD90M; wv) AppleWebKit/537.36 (KHTML, like Gecko) Version/4.0 Chrome/60.0.3112.107 Moblie Safari/537.36"
198.54.114.253 - - [07/Jul/2025:08:58:25 -0400] "POST /wp-cron.php?doing_wp_cron=1751893105.1449561119079589843750 HTTP/1.1" 200 0 "-" "WordPress/6.8.1; https://21stcenturyqhc.online"
196.251.72.175 - - [07/Jul/2025:08:58:21 -0400] "POST /wp-plain.php HTTP/1.1" 404 105137 "www.google.com" "Mozilla/5.0 (Linux; Android 7.0; SM-G892A Bulid/NRD90M; wv) AppleWebKit/537.36 (KHTML, like Gecko) Version/4.0 Chrome/60.0.3112.107 Moblie Safari/537.36"
196.251.72.175 - - [07/Jul/2025:08:58:21 -0400] "GET /wp-content/plugins/fix/up.php HTTP/1.1" 200 0 "-" "Mozilla/5.0 (Windows NT 10.0; Win64; x64) AppleWebKit/537.36 (KHTML, like Gecko) Chrome/85.0.4183.102 Safari/537.36"
196.251.72.175 - - [07/Jul/2025:08:58:22 -0400] "GET /wp-content/plugins/apikey/apikey.php?test=hello HTTP/1.1" 404 105205 "-" "Mozlila/5.0 (Linux; Android 7.0; SM-G892A Bulid/NRD90M; wv) AppleWebKit/537.36 (KHTML, like Gecko) Version/4.0 Chrome/60.0.3112.107 Moblie Safari/537.36"
196.251.72.175 - - [07/Jul/2025:08:58:30 -0400] "GET /wp-content/plugins/apikey/apikey.php?test=hello HTTP/1.1" 404 105205 "-" "Mozlila/5.0 (Linux; Android 7.0; SM-G892A Bulid/NRD90M; wv) AppleWebKit/537.36 (KHTML, like Gecko) Version/4.0 Chrome/60.0.3112.107 Moblie Safari/537.36"
196.251.72.175 - - [07/Jul/2025:08:58:30 -0400] "GET /wp-content/themes/seotheme/db.php?u HTTP/1.1" 200 0 "www.google.com" "Mozlila/5.0 (Linux; Android 7.0; SM-G892A Bulid/NRD90M; wv) AppleWebKit/537.36 (KHTML, like Gecko) Version/4.0 Chrome/60.0.3112.107 Moblie Safari/537.36"
196.251.72.175 - - [07/Jul/2025:08:58:31 -0400] "GET /plugins/content/apismtp/apismtp.php?test=hello HTTP/1.1" 200 0 "-" "Mozlila/5.0 (Linux; Android 7.0; SM-G892A Bulid/NRD90M; wv) AppleWebKit/537.36 (KHTML, like Gecko) Version/4.0 Chrome/60.0.3112.107 Moblie Safari/537.36"
196.251.72.175 - - [07/Jul/2025:08:58:39 -0400] "GET /plugins/content/apismtp/apismtp.php?test=hello HTTP/1.1" 500 2431 "-" "Mozlila/5.0 (Linux; Android 7.0; SM-G892A Bulid/NRD90M; wv) AppleWebKit/537.36 (KHTML, like Gecko) Version/4.0 Chrome/60.0.3112.107 Moblie Safari/537.36"
196.251.72.175 - - [07/Jul/2025:08:58:38 -0400] "GET /wp-content/plugins/fix/up.php HTTP/1.1" 500 2431 "-" "Mozilla/5.0 (Windows NT 10.0; Win64; x64) AppleWebKit/537.36 (KHTML, like Gecko) Chrome/85.0.4183.102 Safari/537.36"
196.251.72.175 - - [07/Jul/2025:08:58:38 -0400] "GET /wp-content/themes/seotheme/db.php?u HTTP/1.1" 500 2431 "www.google.com" "Mozlila/5.0 (Linux; Android 7.0; SM-G892A Bulid/NRD90M; wv) AppleWebKit/537.36 (KHTML, like Gecko) Version/4.0 Chrome/60.0.3112.107 Moblie Safari/537.36"
196.251.72.175 - - [07/Jul/2025:08:58:49 -0400] "GET /wp-content/themes/seotheme/db.php?u HTTP/1.1" 200 0 "www.google.com" "Mozlila/5.0 (Linux; Android 7.0; SM-G892A Bulid/NRD90M; wv) AppleWebKit/537.36 (KHTML, like Gecko) Version/4.0 Chrome/60.0.3112.107 Moblie Safari/537.36"
196.251.72.175 - - [07/Jul/2025:08:59:06 -0400] "GET /wp-content/themes/seotheme/db.php?u HTTP/1.1" 404 105205 "www.google.com" "Mozlila/5.0 (Linux; Android 7.0; SM-G892A Bulid/NRD90M; wv) AppleWebKit/537.36 (KHTML, like Gecko) Version/4.0 Chrome/60.0.3112.107 Moblie Safari/537.36"
195.200.31.148 - - [07/Jul/2025:09:02:20 -0400] "GET /2025/01/10/the-benefits-of-home-care-foraging-loved-ones/ HTTP/1.0" 200 176400 "https://21stcenturyqhc.online/2025/01/10/the-benefits-of-home-care-foraging-loved-ones/#comment-1633" "Mozilla/5.0 (Windows NT 6.1) AppleWebKit/537.36 (KHTML, like Gecko) Chrome/103.0.5060.114 Safari/537.36"
195.200.28.152 - - [07/Jul/2025:09:12:29 -0400] "GET /2025/01/10/the-benefits-of-home-care-foraging-loved-ones/ HTTP/1.0" 200 174802 "https://21stcenturyqhc.online/2025/01/10/the-benefits-of-home-care-foraging-loved-ones/" "Mozilla/5.0 (Windows NT 10.0; Win64; x64) AppleWebKit/537.36 (KHTML, like Gecko) Chrome/131.0.0.0 Safari/537.36"
198.54.114.253 - - [07/Jul/2025:09:12:32 -0400] "POST /wp-cron.php?doing_wp_cron=1751893952.6450009346008300781250 HTTP/1.1" 200 0 "-" "WordPress/6.8.1; https://21stcenturyqhc.online"
178.20.42.76 - - [07/Jul/2025:09:24:29 -0400] "GET /2025/01/10/the-benefits-of-home-care-foraging-loved-ones/ HTTP/1.0" 200 176361 "https://21stcenturyqhc.online/2025/01/10/the-benefits-of-home-care-foraging-loved-ones/#comment-1635" "Mozilla/5.0 (Windows NT 6.2; Win64; x64) AppleWebKit/537.36 (KHTML, like Gecko) Chrome/103.0.0.0 Safari/537.36"
195.200.28.152 - - [07/Jul/2025:09:12:30 -0400] "POST /wp-comments-post.php HTTP/1.0" 302 0 "https://21stcenturyqhc.online/2025/01/10/the-benefits-of-home-care-foraging-loved-ones/" "Mozilla/5.0 (Windows NT 10.0; Win64; x64) AppleWebKit/537.36 (KHTML, like Gecko) Chrome/131.0.0.0 Safari/537.36"
195.200.28.152 - - [07/Jul/2025:09:12:33 -0400] "GET /2025/01/10/the-benefits-of-home-care-foraging-loved-ones/ HTTP/1.0" 200 213595 "https://21stcenturyqhc.online/2025/01/10/the-benefits-of-home-care-foraging-loved-ones/#comment-1634" "Mozilla/5.0 (Windows NT 10.0; Win64; x64) AppleWebKit/537.36 (KHTML, like Gecko) Chrome/131.0.0.0 Safari/537.36"
178.20.42.76 - - [07/Jul/2025:09:24:25 -0400] "GET /2025/01/10/the-benefits-of-home-care-foraging-loved-ones/ HTTP/1.0" 200 174802 "https://21stcenturyqhc.online/2025/01/10/the-benefits-of-home-care-foraging-loved-ones/" "Mozilla/5.0 (Windows NT 6.2; Win64; x64) AppleWebKit/537.36 (KHTML, like Gecko) Chrome/103.0.0.0 Safari/537.36"
198.54.114.253 - - [07/Jul/2025:09:24:28 -0400] "POST /wp-cron.php?doing_wp_cron=1751894668.2616748809814453125000 HTTP/1.1" 200 0 "-" "WordPress/6.8.1; https://21stcenturyqhc.online"
178.20.42.76 - - [07/Jul/2025:09:24:26 -0400] "POST /wp-comments-post.php HTTP/1.0" 302 0 "https://21stcenturyqhc.online/2025/01/10/the-benefits-of-home-care-foraging-loved-ones/" "Mozilla/5.0 (Windows NT 6.2; Win64; x64) AppleWebKit/537.36 (KHTML, like Gecko) Chrome/103.0.0.0 Safari/537.36"
178.20.46.206 - - [07/Jul/2025:09:46:59 -0400] "GET /2025/01/10/the-benefits-of-home-care-foraging-loved-ones/ HTTP/1.0" 200 174802 "https://21stcenturyqhc.online/2025/01/10/the-benefits-of-home-care-foraging-loved-ones/" "Mozilla/5.0 (Windows NT 10.0; Win64; x64) AppleWebKit/537.36 (KHTML, like Gecko) Chrome/130.0.0.0 Safari/537.36 CCleaner/130.0.0.0"
178.20.46.206 - - [07/Jul/2025:09:47:00 -0400] "GET /2025/01/10/the-benefits-of-home-care-foraging-loved-ones/ HTTP/1.0" 200 174802 "https://21stcenturyqhc.online/2025/01/10/the-benefits-of-home-care-foraging-loved-ones/" "Mozilla/5.0 (Windows NT 10.0; Win64; x64) AppleWebKit/537.36 (KHTML, like Gecko) Chrome/130.0.0.0 Safari/537.36 CCleaner/130.0.0.0"
178.20.46.206 - - [07/Jul/2025:09:47:02 -0400] "POST /wp-comments-post.php HTTP/1.0" 429 2586 "https://21stcenturyqhc.online/2025/01/10/the-benefits-of-home-care-foraging-loved-ones/" "Mozilla/5.0 (Windows NT 10.0; Win64; x64) AppleWebKit/537.36 (KHTML, like Gecko) Chrome/130.0.0.0 Safari/537.36 CCleaner/130.0.0.0"
178.20.46.206 - - [07/Jul/2025:09:47:06 -0400] "GET /2025/01/10/the-benefits-of-home-care-foraging-loved-ones/ HTTP/1.0" 200 176734 "https://21stcenturyqhc.online/2025/01/10/the-benefits-of-home-care-foraging-loved-ones/#comment-1636" "Mozilla/5.0 (Windows NT 10.0; Win64; x64) AppleWebKit/537.36 (KHTML, like Gecko) Chrome/130.0.0.0 Safari/537.36 CCleaner/130.0.0.0"
54.36.149.32 - - [07/Jul/2025:09:45:34 -0400] "GET / HTTP/1.1" 304 0 "-" "Mozilla/5.0 (compatible; AhrefsBot/7.0; +http://ahrefs.com/robot/)"
178.20.46.206 - - [07/Jul/2025:09:47:05 -0400] "POST /wp-comments-post.php HTTP/1.0" 302 0 "https://21stcenturyqhc.online/2025/01/10/the-benefits-of-home-care-foraging-loved-ones/" "Mozilla/5.0 (Windows NT 10.0; Win64; x64) AppleWebKit/537.36 (KHTML, like Gecko) Chrome/130.0.0.0 Safari/537.36 CCleaner/130.0.0.0"
54.36.148.54 - - [07/Jul/2025:10:06:23 -0400] "GET /project/walkfor-mikado-hospice/feed/ HTTP/1.1" 304 0 "-" "Mozilla/5.0 (compatible; AhrefsBot/7.0; +http://ahrefs.com/robot/)"
198.54.114.253 - - [07/Jul/2025:10:09:02 -0400] "POST /wp-cron.php?doing_wp_cron=1751897342.4757111072540283203125 HTTP/1.1" 200 0 "-" "WordPress/6.8.1; https://21stcenturyqhc.online"
182.42.111.213 - - [07/Jul/2025:10:09:01 -0400] "GET / HTTP/1.1" 301 0 "http://www.21stcenturyqhc.online" "Mozilla/5.0 (iPhone; CPU iPhone OS 13_2_3 like Mac OS X) AppleWebKit/605.1.15 (KHTML, like Gecko) Version/13.0.3 Mobile/15E148 Safari/604.1"
182.42.111.213 - - [07/Jul/2025:10:09:07 -0400] "GET / HTTP/1.1" 200 39648 "https://www.21stcenturyqhc.online/" "Mozilla/5.0 (iPhone; CPU iPhone OS 13_2_3 like Mac OS X) AppleWebKit/605.1.15 (KHTML, like Gecko) Version/13.0.3 Mobile/15E148 Safari/604.1"
198.54.114.253 - - [07/Jul/2025:10:06:26 -0400] "POST /wp-cron.php?doing_wp_cron=1751897186.4772820472717285156250 HTTP/1.1" 200 0 "-" "WordPress/6.8.1; https://21stcenturyqhc.online"
54.36.148.16 - - [07/Jul/2025:10:28:40 -0400] "GET /2025/01/10/the-benefits-of-home-care-foraging-loved-ones/feed/ HTTP/1.1" 304 0 "-" "Mozilla/5.0 (compatible; AhrefsBot/7.0; +http://ahrefs.com/robot/)"
198.54.114.253 - - [07/Jul/2025:10:41:46 -0400] "POST /wp-cron.php?doing_wp_cron=1751899306.3026380538940429687500 HTTP/1.1" 200 0 "-" "WordPress/6.8.1; https://21stcenturyqhc.online"
198.54.114.253 - - [07/Jul/2025:10:41:46 -0400] "POST /wp-cron.php?doing_wp_cron=1751899306.3027489185333251953125 HTTP/1.1" 200 0 "-" "WordPress/6.8.1; https://21stcenturyqhc.online"
195.200.31.16 - - [07/Jul/2025:10:41:43 -0400] "POST /wp-comments-post.php HTTP/1.0" 302 0 "https://21stcenturyqhc.online/2025/01/10/the-benefits-of-home-care-foraging-loved-ones/" "Mozilla/5.0 (Windows NT 10.0; Win64; x64) AppleWebKit/537.36 (KHTML, like Gecko) Chrome/129.0.0.0 Safari/537.36"
195.200.31.16 - - [07/Jul/2025:10:41:43 -0400] "POST /wp-comments-post.php HTTP/1.0" 302 0 "https://21stcenturyqhc.online/2025/01/10/the-benefits-of-home-care-foraging-loved-ones/" "Mozilla/5.0 (Windows NT 10.0; Win64; x64) AppleWebKit/537.36 (KHTML, like Gecko) Chrome/129.0.0.0 Safari/537.36"
195.200.31.16 - - [07/Jul/2025:10:41:42 -0400] "GET /2025/01/10/the-benefits-of-home-care-foraging-loved-ones/ HTTP/1.0" 200 174802 "https://21stcenturyqhc.online/2025/01/10/the-benefits-of-home-care-foraging-loved-ones/" "Mozilla/5.0 (Windows NT 10.0; Win64; x64) AppleWebKit/537.36 (KHTML, like Gecko) Chrome/129.0.0.0 Safari/537.36"
195.200.31.16 - - [07/Jul/2025:10:41:42 -0400] "GET /2025/01/10/the-benefits-of-home-care-foraging-loved-ones/ HTTP/1.0" 200 174802 "https://21stcenturyqhc.online/2025/01/10/the-benefits-of-home-care-foraging-loved-ones/" "Mozilla/5.0 (Windows NT 10.0; Win64; x64) AppleWebKit/537.36 (KHTML, like Gecko) Chrome/129.0.0.0 Safari/537.36"
195.200.31.16 - - [07/Jul/2025:10:41:47 -0400] "GET /2025/01/10/the-benefits-of-home-care-foraging-loved-ones/ HTTP/1.0" 200 239482 "https://21stcenturyqhc.online/2025/01/10/the-benefits-of-home-care-foraging-loved-ones/#comment-1638" "Mozilla/5.0 (Windows NT 10.0; Win64; x64) AppleWebKit/537.36 (KHTML, like Gecko) Chrome/129.0.0.0 Safari/537.36"
195.200.31.16 - - [07/Jul/2025:10:41:47 -0400] "GET /2025/01/10/the-benefits-of-home-care-foraging-loved-ones/ HTTP/1.0" 200 239482 "https://21stcenturyqhc.online/2025/01/10/the-benefits-of-home-care-foraging-loved-ones/#comment-1637" "Mozilla/5.0 (Windows NT 10.0; Win64; x64) AppleWebKit/537.36 (KHTML, like Gecko) Chrome/129.0.0.0 Safari/537.36"
54.36.148.3 - - [07/Jul/2025:10:48:46 -0400] "GET /2025/01/10/how-21st-century-quality-home-caresets-the-standard-for-the-intersectionof-compliance-and-quality-care/feed/ HTTP/1.1" 304 0 "-" "Mozilla/5.0 (compatible; AhrefsBot/7.0; +http://ahrefs.com/robot/)"
198.54.114.253 - - [07/Jul/2025:11:08:22 -0400] "POST /wp-cron.php?doing_wp_cron=1751900902.0863749980926513671875 HTTP/1.1" 200 0 "-" "WordPress/6.8.1; https://21stcenturyqhc.online"
54.36.149.64 - - [07/Jul/2025:11:08:20 -0400] "GET /2025/01/10/conversations-that-matter-howto-discuss-end-of-life-care-withloved-ones/feed/ HTTP/1.1" 304 0 "-" "Mozilla/5.0 (compatible; AhrefsBot/7.0; +http://ahrefs.com/robot/)"
195.200.28.152 - - [07/Jul/2025:11:12:20 -0400] "POST /wp-comments-post.php HTTP/1.0" 302 0 "https://21stcenturyqhc.online/2025/01/10/the-benefits-of-home-care-foraging-loved-ones/" "Mozilla/5.0 (Windows NT 10.0; Win64; x64) AppleWebKit/537.36 (KHTML, like Gecko) Chrome/131.0.0.0 Safari/537.36 Avast/131.0.0.0"
195.200.28.152 - - [07/Jul/2025:11:12:22 -0400] "GET /2025/01/10/the-benefits-of-home-care-foraging-loved-ones/ HTTP/1.0" 200 216011 "https://21stcenturyqhc.online/2025/01/10/the-benefits-of-home-care-foraging-loved-ones/#comment-1639" "Mozilla/5.0 (Windows NT 10.0; Win64; x64) AppleWebKit/537.36 (KHTML, like Gecko) Chrome/131.0.0.0 Safari/537.36 Avast/131.0.0.0"
195.200.28.152 - - [07/Jul/2025:11:12:19 -0400] "GET /2025/01/10/the-benefits-of-home-care-foraging-loved-ones/ HTTP/1.0" 200 174802 "https://21stcenturyqhc.online/2025/01/10/the-benefits-of-home-care-foraging-loved-ones/" "Mozilla/5.0 (Windows NT 10.0; Win64; x64) AppleWebKit/537.36 (KHTML, like Gecko) Chrome/131.0.0.0 Safari/537.36 Avast/131.0.0.0"
198.54.114.253 - - [07/Jul/2025:11:12:21 -0400] "POST /wp-cron.php?doing_wp_cron=1751901141.4521028995513916015625 HTTP/1.1" 200 0 "-" "WordPress/6.8.1; https://21stcenturyqhc.online"
43.157.172.39 - - [07/Jul/2025:11:13:41 -0400] "GET / HTTP/1.1" 200 39648 "http://21stcenturyqhc.online" "Mozilla/5.0 (iPhone; CPU iPhone OS 13_2_3 like Mac OS X) AppleWebKit/605.1.15 (KHTML, like Gecko) Version/13.0.3 Mobile/15E148 Safari/604.1"
4.227.36.88 - - [07/Jul/2025:11:16:24 -0400] "GET /robots.txt HTTP/1.1" 200 100 "http://21stcenturyqhc.online/robots.txt" "Mozilla/5.0 AppleWebKit/537.36 (KHTML, like Gecko; compatible; GPTBot/1.2; +https://openai.com/gptbot)"
198.54.114.253 - - [07/Jul/2025:11:27:43 -0400] "POST /wp-cron.php?doing_wp_cron=1751902063.4878470897674560546875 HTTP/1.1" 200 0 "-" "WordPress/6.8.1; https://21stcenturyqhc.online"
212.34.137.118 - - [07/Jul/2025:11:28:02 -0400] "GET /2025/01/10/the-benefits-of-home-care-foraging-loved-ones/ HTTP/1.0" 200 174802 "https://21stcenturyqhc.online/2025/01/10/the-benefits-of-home-care-foraging-loved-ones/" "Mozilla/5.0 (Windows NT 10.0; Win64; x64) AppleWebKit/537.36 (KHTML, like Gecko) Chrome/130.0.0.0 Safari/537.36"
212.34.137.118 - - [07/Jul/2025:11:28:03 -0400] "POST /wp-comments-post.php HTTP/1.0" 429 2586 "https://21stcenturyqhc.online/2025/01/10/the-benefits-of-home-care-foraging-loved-ones/" "Mozilla/5.0 (Windows NT 10.0; Win64; x64) AppleWebKit/537.36 (KHTML, like Gecko) Chrome/130.0.0.0 Safari/537.36 CCleaner/130.0.0.0"
212.34.137.118 - - [07/Jul/2025:11:28:04 -0400] "GET /2025/01/10/the-benefits-of-home-care-foraging-loved-ones/ HTTP/1.0" 200 235728 "https://21stcenturyqhc.online/2025/01/10/the-benefits-of-home-care-foraging-loved-ones/#comment-1640" "Mozilla/5.0 (Windows NT 10.0; Win64; x64) AppleWebKit/537.36 (KHTML, like Gecko) Chrome/130.0.0.0 Safari/537.36"
54.36.148.162 - - [07/Jul/2025:11:27:41 -0400] "GET /project/home-health/feed/ HTTP/1.1" 304 0 "-" "Mozilla/5.0 (compatible; AhrefsBot/7.0; +http://ahrefs.com/robot/)"
212.34.137.118 - - [07/Jul/2025:11:28:02 -0400] "GET /2025/01/10/the-benefits-of-home-care-foraging-loved-ones/ HTTP/1.0" 200 174802 "https://21stcenturyqhc.online/2025/01/10/the-benefits-of-home-care-foraging-loved-ones/" "Mozilla/5.0 (Windows NT 10.0; Win64; x64) AppleWebKit/537.36 (KHTML, like Gecko) Chrome/130.0.0.0 Safari/537.36 CCleaner/130.0.0.0"
212.34.137.118 - - [07/Jul/2025:11:28:03 -0400] "POST /wp-comments-post.php HTTP/1.0" 302 0 "https://21stcenturyqhc.online/2025/01/10/the-benefits-of-home-care-foraging-loved-ones/" "Mozilla/5.0 (Windows NT 10.0; Win64; x64) AppleWebKit/537.36 (KHTML, like Gecko) Chrome/130.0.0.0 Safari/537.36"
4.227.36.88 - - [07/Jul/2025:11:37:25 -0400] "GET /robots.txt HTTP/1.1" 200 100 "-" "Mozilla/5.0 AppleWebKit/537.36 (KHTML, like Gecko; compatible; GPTBot/1.2; +https://openai.com/gptbot)"
178.249.209.182 - - [07/Jul/2025:11:38:28 -0400] "GET /2025/01/10/the-benefits-of-home-care-foraging-loved-ones/ HTTP/1.0" 200 189796 "https://21stcenturyqhc.online/2025/01/10/the-benefits-of-home-care-foraging-loved-ones/#comment-1641" "Mozilla/5.0 (Windows NT 10.0; Win64; x64) AppleWebKit/537.36 (KHTML, like Gecko) Chrome/131.0.0.0 Safari/537.36"
20.171.207.201 - - [07/Jul/2025:11:39:09 -0400] "GET /wp-content/uploads/2025/01/Screenshot-2025-01-10-at-23-22-19-21st-Century-Quailty-Home-Care.png%26quot HTTP/1.1" 404 16708 "-" "Mozilla/5.0 AppleWebKit/537.36 (KHTML, like Gecko; compatible; GPTBot/1.2; +https://openai.com/gptbot)"
20.171.207.201 - - [07/Jul/2025:11:39:12 -0400] "GET /wp-content/uploads/2025/01/Screenshot-2025-01-10-at-19-43-17-21st-Century-Quailty-Home-Care.png%26quot HTTP/1.1" 404 16709 "-" "Mozilla/5.0 AppleWebKit/537.36 (KHTML, like Gecko; compatible; GPTBot/1.2; +https://openai.com/gptbot)"
20.171.207.201 - - [07/Jul/2025:11:39:16 -0400] "GET /wp-content/uploads/2025/01/Screenshot-2025-01-10-at-23-06-18-21st-Century-Quailty-Home-Care.png%26quot HTTP/1.1" 404 16709 "-" "Mozilla/5.0 AppleWebKit/537.36 (KHTML, like Gecko; compatible; GPTBot/1.2; +https://openai.com/gptbot)"
20.171.207.201 - - [07/Jul/2025:11:39:19 -0400] "GET /wp-content/uploads/2025/01/Untitled-150-x-150-px.png%26quot HTTP/1.1" 404 16709 "-" "Mozilla/5.0 AppleWebKit/537.36 (KHTML, like Gecko; compatible; GPTBot/1.2; +https://openai.com/gptbot)"
198.54.114.253 - - [07/Jul/2025:11:43:43 -0400] "POST /wp-cron.php?doing_wp_cron=1751903022.9882969856262207031250 HTTP/1.1" 200 0 "-" "WordPress/6.8.1; https://21stcenturyqhc.online"
205.185.122.222 - - [07/Jul/2025:11:43:41 -0400] "POST /wp-login.php HTTP/1.1" 200 6874 "-" "Mozilla/5.0 (Windows NT 6.3; WOW64; Trident/7.0; rv:11.0) like Gecko"
93.183.94.206 - - [07/Jul/2025:11:48:21 -0400] "POST /wp-comments-post.php HTTP/1.0" 302 0 "https://21stcenturyqhc.online/2025/01/10/the-benefits-of-home-care-foraging-loved-ones/" "Mozilla/5.0 (Windows NT 10.0; Win64; x64) AppleWebKit/537.36 (KHTML, like Gecko) Chrome/130.0.0.0 Safari/537.36 CCleaner/130.0.0.0"
178.249.209.182 - - [07/Jul/2025:11:38:23 -0400] "GET /2025/01/10/the-benefits-of-home-care-foraging-loved-ones/ HTTP/1.0" 200 174802 "https://21stcenturyqhc.online/2025/01/10/the-benefits-of-home-care-foraging-loved-ones/" "Mozilla/5.0 (Windows NT 10.0; Win64; x64) AppleWebKit/537.36 (KHTML, like Gecko) Chrome/131.0.0.0 Safari/537.36"
198.54.114.253 - - [07/Jul/2025:11:38:27 -0400] "POST /wp-cron.php?doing_wp_cron=1751902707.3382840156555175781250 HTTP/1.1" 200 0 "-" "WordPress/6.8.1; https://21stcenturyqhc.online"
178.249.209.182 - - [07/Jul/2025:11:38:25 -0400] "POST /wp-comments-post.php HTTP/1.0" 302 0 "https://21stcenturyqhc.online/2025/01/10/the-benefits-of-home-care-foraging-loved-ones/" "Mozilla/5.0 (Windows NT 10.0; Win64; x64) AppleWebKit/537.36 (KHTML, like Gecko) Chrome/131.0.0.0 Safari/537.36"
198.54.114.253 - - [07/Jul/2025:11:38:54 -0400] "POST /wp-cron.php?doing_wp_cron=1751902734.1736810207366943359375 HTTP/1.1" 200 0 "-" "WordPress/6.8.1; https://21stcenturyqhc.online"
20.171.207.201 - - [07/Jul/2025:11:38:54 -0400] "GET /wp-content/uploads/2025/01/Untitled-design.jpg%26quot HTTP/1.1" 404 16708 "-" "Mozilla/5.0 AppleWebKit/537.36 (KHTML, like Gecko; compatible; GPTBot/1.2; +https://openai.com/gptbot)"
20.171.207.201 - - [07/Jul/2025:11:38:57 -0400] "GET /wp-content/uploads/2025/01/post-4.jpg%26quot HTTP/1.1" 404 16708 "-" "Mozilla/5.0 AppleWebKit/537.36 (KHTML, like Gecko; compatible; GPTBot/1.2; +https://openai.com/gptbot)"
20.171.207.201 - - [07/Jul/2025:11:39:00 -0400] "GET /wp-content/uploads/2025/01/Screenshot-2025-01-10-at-23-02-11-21st-Century-Quailty-Home-Care.png%26quot HTTP/1.1" 404 16710 "-" "Mozilla/5.0 AppleWebKit/537.36 (KHTML, like Gecko; compatible; GPTBot/1.2; +https://openai.com/gptbot)"
20.171.207.201 - - [07/Jul/2025:11:39:03 -0400] "GET /wp-content/uploads/2025/01/Screenshot-2025-01-10-at-23-06-24-21st-Century-Quailty-Home-Care.png%26quot HTTP/1.1" 404 16708 "-" "Mozilla/5.0 AppleWebKit/537.36 (KHTML, like Gecko; compatible; GPTBot/1.2; +https://openai.com/gptbot)"
20.171.207.201 - - [07/Jul/2025:11:39:06 -0400] "GET /wp-content/uploads/2025/01/Screenshot-2025-01-10-at-23-06-29-21st-Century-Quailty-Home-Care.png%26quot HTTP/1.1" 404 16708 "-" "Mozilla/5.0 AppleWebKit/537.36 (KHTML, like Gecko; compatible; GPTBot/1.2; +https://openai.com/gptbot)"
20.171.207.201 - - [07/Jul/2025:11:39:22 -0400] "GET /wp-content/uploads/2024/05/img-5.png%26quot HTTP/1.1" 404 16709 "-" "Mozilla/5.0 AppleWebKit/537.36 (KHTML, like Gecko; compatible; GPTBot/1.2; +https://openai.com/gptbot)"
205.185.122.222 - - [07/Jul/2025:11:43:31 -0400] "GET /wp-login.php HTTP/1.1" 200 6618 "-" "Mozilla/5.0 (Windows NT 6.3; WOW64; Trident/7.0; rv:11.0) like Gecko"
198.54.114.253 - - [07/Jul/2025:11:45:26 -0400] "POST /wp-cron.php?doing_wp_cron=1751903126.6023569107055664062500 HTTP/1.1" 200 0 "-" "WordPress/6.8.1; https://21stcenturyqhc.online"
54.36.149.25 - - [07/Jul/2025:11:45:25 -0400] "GET /project/24-7-care/feed/ HTTP/1.1" 304 0 "-" "Mozilla/5.0 (compatible; AhrefsBot/7.0; +http://ahrefs.com/robot/)"
93.183.94.206 - - [07/Jul/2025:11:48:19 -0400] "GET /2025/01/10/the-benefits-of-home-care-foraging-loved-ones/ HTTP/1.0" 200 174802 "https://21stcenturyqhc.online/2025/01/10/the-benefits-of-home-care-foraging-loved-ones/" "Mozilla/5.0 (Windows NT 10.0; Win64; x64) AppleWebKit/537.36 (KHTML, like Gecko) Chrome/130.0.0.0 Safari/537.36 CCleaner/130.0.0.0"
198.54.114.253 - - [07/Jul/2025:11:48:22 -0400] "POST /wp-cron.php?doing_wp_cron=1751903302.4954619407653808593750 HTTP/1.1" 200 0 "-" "WordPress/6.8.1; https://21stcenturyqhc.online"
93.183.94.206 - - [07/Jul/2025:11:48:23 -0400] "GET /2025/01/10/the-benefits-of-home-care-foraging-loved-ones/ HTTP/1.0" 200 176725 "https://21stcenturyqhc.online/2025/01/10/the-benefits-of-home-care-foraging-loved-ones/#comment-1642" "Mozilla/5.0 (Windows NT 10.0; Win64; x64) AppleWebKit/537.36 (KHTML, like Gecko) Chrome/130.0.0.0 Safari/537.36 CCleaner/130.0.0.0"
198.54.114.253 - - [07/Jul/2025:12:03:33 -0400] "POST /wp-cron.php?doing_wp_cron=1751904213.5286900997161865234375 HTTP/1.1" 200 0 "-" "WordPress/6.8.1; https://21stcenturyqhc.online"
20.171.207.201 - - [07/Jul/2025:12:03:31 -0400] "GET /wp-content/uploads/2025/01/Screenshot-2025-01-10-at-23-22-19-21st-Century-Quailty-Home-Care.png%201526w,%20https:/21stcenturyqhc.online/wp-content/uploads/2025/01/Screenshot-2025-01-10-at-23-22-19-21st-Century-Quailty-Home-Care-1280x342.png%201280w,%20https:/21stcenturyqhc.online/wp-content/uploads/2025/01/Screenshot-2025-01-10-at-23-22-19-21st-Century-Quailty-Home-Care-980x262.png%20980w,%20https:/21stcenturyqhc.online/Screenshot-2025-01-10-at-23-22-19-21st-Century-Quailty-Home-Care-480x128.png%20480w HTTP/1.1" 404 16710 "-" "Mozilla/5.0 AppleWebKit/537.36 (KHTML, like Gecko; compatible; GPTBot/1.2; +https://openai.com/gptbot)"
198.54.114.253 - - [07/Jul/2025:12:03:37 -0400] "POST /wp-cron.php?doing_wp_cron=1751904217.8914339542388916015625 HTTP/1.1" 200 0 "-" "WordPress/6.8.1; https://21stcenturyqhc.online"
20.171.207.201 - - [07/Jul/2025:12:03:40 -0400] "GET /wp-content/uploads/2025/01/Screenshot-2025-01-10-at-23-06-18-21st-Century-Quailty-Home-Care.png%20305w,%20https:/21stcenturyqhc.online/wp-content/uploads/2025/01/Screenshot-2025-01-10-at-23-06-18-21st-Century-Quailty-Home-Care-300x297.png%20300w,%20https:/21stcenturyqhc.online/wp-content/uploads/2025/01/Screenshot-2025-01-10-at-23-06-18-21st-Century-Quailty-Home-Care-150x150.png%20150w HTTP/1.1" 404 16708 "-" "Mozilla/5.0 AppleWebKit/537.36 (KHTML, like Gecko; compatible; GPTBot/1.2; +https://openai.com/gptbot)"
198.54.114.253 - - [07/Jul/2025:12:03:44 -0400] "POST /wp-cron.php?doing_wp_cron=1751904224.0943489074707031250000 HTTP/1.1" 200 0 "-" "WordPress/6.8.1; https://21stcenturyqhc.online"
20.171.207.201 - - [07/Jul/2025:12:03:44 -0400] "GET /wp-content/uploads/2025/01/Screenshot-2025-01-10-at-23-06-24-21st-Century-Quailty-Home-Care.png%20304w,%20https:/21stcenturyqhc.online/wp-content/uploads/2025/01/Screenshot-2025-01-10-at-23-06-24-21st-Century-Quailty-Home-Care-300x300.png%20300w,%20https:/21stcenturyqhc.online/wp-content/uploads/2025/01/Screenshot-2025-01-10-at-23-06-24-21st-Century-Quailty-Home-Care-150x150.png%20150w HTTP/1.1" 404 16708 "-" "Mozilla/5.0 AppleWebKit/537.36 (KHTML, like Gecko; compatible; GPTBot/1.2; +https://openai.com/gptbot)"
20.171.207.201 - - [07/Jul/2025:12:03:50 -0400] "GET /wp-content/uploads/2024/05/img-16.png%20303w,%20https:/21stcenturyqhc.online/wp-content/uploads/2024/05/img-16-271x300.png%20271w HTTP/1.1" 404 16708 "-" "Mozilla/5.0 AppleWebKit/537.36 (KHTML, like Gecko; compatible; GPTBot/1.2; +https://openai.com/gptbot)"
20.171.207.201 - - [07/Jul/2025:12:03:56 -0400] "GET /wp-content/uploads/2025/01/post-4.jpg%201200w,%20https:/21stcenturyqhc.online/wp-content/uploads/2025/01/post-4-980x551.jpg%20980w,%20https:/21stcenturyqhc.online/wp-content/uploads/2025/01/post-4-480x270.jpg%20480w HTTP/1.1" 404 16708 "-" "Mozilla/5.0 AppleWebKit/537.36 (KHTML, like Gecko; compatible; GPTBot/1.2; +https://openai.com/gptbot)"
198.54.114.253 - - [07/Jul/2025:12:07:12 -0400] "POST /wp-cron.php?doing_wp_cron=1751904432.6544830799102783203125 HTTP/1.1" 200 0 "-" "WordPress/6.8.1; https://21stcenturyqhc.online"
54.36.148.218 - - [07/Jul/2025:12:03:10 -0400] "GET /service/ HTTP/1.1" 304 0 "-" "Mozilla/5.0 (compatible; AhrefsBot/7.0; +http://ahrefs.com/robot/)"
20.171.207.201 - - [07/Jul/2025:12:03:34 -0400] "GET /wp-content/uploads/2025/01/Screenshot-2025-01-10-at-23-02-11-21st-Century-Quailty-Home-Care.png%201680w,%20https:/21stcenturyqhc.online/wp-content/uploads/2025/01/Screenshot-2025-01-10-at-23-02-11-21st-Century-Quailty-Home-Care-1280x585.png%201280w,%20https:/21stcenturyqhc.online/wp-content/uploads/2025/01/Screenshot-2025-01-10-at-23-02-11-21st-Century-Quailty-Home-Care-980x448.png%20980w,%20https:/21stcenturyqhc.online/Screenshot-2025-01-10-at-23-02-11-21st-Century-Quailty-Home-Care-480x219.png%20480w HTTP/1.1" 404 16708 "-" "Mozilla/5.0 AppleWebKit/537.36 (KHTML, like Gecko; compatible; GPTBot/1.2; +https://openai.com/gptbot)"
20.171.207.201 - - [07/Jul/2025:12:03:37 -0400] "GET /wp-content/uploads/2025/01/Screenshot-2025-01-10-at-23-06-29-21st-Century-Quailty-Home-Care.png%20304w,%20https:/21stcenturyqhc.online/wp-content/uploads/2025/01/Screenshot-2025-01-10-at-23-06-29-21st-Century-Quailty-Home-Care-300x300.png%20300w,%20https:/21stcenturyqhc.online/wp-content/uploads/2025/01/Screenshot-2025-01-10-at-23-06-29-21st-Century-Quailty-Home-Care-150x150.png%20150w HTTP/1.1" 404 16708 "-" "Mozilla/5.0 AppleWebKit/537.36 (KHTML, like Gecko; compatible; GPTBot/1.2; +https://openai.com/gptbot)"
20.171.207.201 - - [07/Jul/2025:12:03:47 -0400] "GET /wp-content/uploads/2024/05/img-15.png%20303w,%20https:/21stcenturyqhc.online/wp-content/uploads/2024/05/img-15-274x300.png%20274w HTTP/1.1" 404 16708 "-" "Mozilla/5.0 AppleWebKit/537.36 (KHTML, like Gecko; compatible; GPTBot/1.2; +https://openai.com/gptbot)"
20.171.207.201 - - [07/Jul/2025:12:03:53 -0400] "GET /wp-content/uploads/2024/05/img-13.png%20303w,%20https:/21stcenturyqhc.online/wp-content/uploads/2024/05/img-13-300x260.png%20300w HTTP/1.1" 404 16708 "-" "Mozilla/5.0 AppleWebKit/537.36 (KHTML, like Gecko; compatible; GPTBot/1.2; +https://openai.com/gptbot)"
20.171.207.201 - - [07/Jul/2025:12:03:59 -0400] "GET /wp-content/uploads/2025/01/Untitled-design.jpg%20621w,%20https:/21stcenturyqhc.online/wp-content/uploads/2025/01/Untitled-design-480x520.jpg%20480w HTTP/1.1" 404 16708 "-" "Mozilla/5.0 AppleWebKit/537.36 (KHTML, like Gecko; compatible; GPTBot/1.2; +https://openai.com/gptbot)"
178.249.209.182 - - [07/Jul/2025:12:07:09 -0400] "GET /2025/01/10/the-benefits-of-home-care-foraging-loved-ones/ HTTP/1.0" 200 174802 "https://21stcenturyqhc.online/2025/01/10/the-benefits-of-home-care-foraging-loved-ones/" "Mozilla/5.0 (Windows NT 10.0; Win64; x64) AppleWebKit/537.36 (KHTML, like Gecko) Chrome/130.0.0.0 Safari/537.36 CCleaner/130.0.0.0"
178.249.209.182 - - [07/Jul/2025:12:07:11 -0400] "POST /wp-comments-post.php HTTP/1.0" 302 0 "https://21stcenturyqhc.online/2025/01/10/the-benefits-of-home-care-foraging-loved-ones/" "Mozilla/5.0 (Windows NT 10.0; Win64; x64) AppleWebKit/537.36 (KHTML, like Gecko) Chrome/130.0.0.0 Safari/537.36 CCleaner/130.0.0.0"
178.249.209.182 - - [07/Jul/2025:12:07:13 -0400] "GET /2025/01/10/the-benefits-of-home-care-foraging-loved-ones/ HTTP/1.0" 200 191861 "https://21stcenturyqhc.online/2025/01/10/the-benefits-of-home-care-foraging-loved-ones/#comment-1643" "Mozilla/5.0 (Windows NT 10.0; Win64; x64) AppleWebKit/537.36 (KHTML, like Gecko) Chrome/130.0.0.0 Safari/537.36 CCleaner/130.0.0.0"
54.36.148.49 - - [07/Jul/2025:12:21:30 -0400] "GET /respite-care/ HTTP/1.1" 304 0 "-" "Mozilla/5.0 (compatible; AhrefsBot/7.0; +http://ahrefs.com/robot/)"
20.171.207.201 - - [07/Jul/2025:12:25:33 -0400] "GET /wp-content/uploads/2024/05/img-20.png%26quot HTTP/1.1" 404 16709 "-" "Mozilla/5.0 AppleWebKit/537.36 (KHTML, like Gecko; compatible; GPTBot/1.2; +https://openai.com/gptbot)"
20.171.207.201 - - [07/Jul/2025:12:25:36 -0400] "GET /wp-content/uploads/2024/05/img-22.png%26quot HTTP/1.1" 404 16708 "-" "Mozilla/5.0 AppleWebKit/537.36 (KHTML, like Gecko; compatible; GPTBot/1.2; +https://openai.com/gptbot)"
198.54.114.253 - - [07/Jul/2025:12:25:39 -0400] "POST /wp-cron.php?doing_wp_cron=1751905539.6513528823852539062500 HTTP/1.1" 200 0 "-" "WordPress/6.8.1; https://21stcenturyqhc.online"
198.54.114.253 - - [07/Jul/2025:12:25:45 -0400] "POST /wp-cron.php?doing_wp_cron=1751905545.3619630336761474609375 HTTP/1.1" 200 0 "-" "WordPress/6.8.1; https://21stcenturyqhc.online"
178.20.42.76 - - [07/Jul/2025:12:26:11 -0400] "POST /wp-comments-post.php HTTP/1.0" 302 0 "https://21stcenturyqhc.online/2025/01/10/the-benefits-of-home-care-foraging-loved-ones/" "Mozilla/5.0 (Windows NT 10.0; Win64; x64) AppleWebKit/537.36 (KHTML, like Gecko) Chrome/103.0.5060.134 Safari/537.36"
178.20.42.76 - - [07/Jul/2025:12:26:12 -0400] "GET /2025/01/10/the-benefits-of-home-care-foraging-loved-ones/ HTTP/1.0" 200 176392 "https://21stcenturyqhc.online/2025/01/10/the-benefits-of-home-care-foraging-loved-ones/#comment-1644" "Mozilla/5.0 (Windows NT 10.0; Win64; x64) AppleWebKit/537.36 (KHTML, like Gecko) Chrome/103.0.5060.134 Safari/537.36"
20.120.225.129 - - [07/Jul/2025:12:27:52 -0400] "GET /.env HTTP/1.1" 403 1242 "-" "Mozilla/5.0 (Macintosh; Intel Mac OS X 10.15; rv:77.0) Gecko/20100101 Firefox/77.0"
20.120.225.129 - - [07/Jul/2025:12:27:53 -0400] "GET /api/.env HTTP/1.1" 403 1242 "-" "Mozilla/5.0 (Macintosh; Intel Mac OS X 10.15; rv:77.0) Gecko/20100101 Firefox/77.0"
20.171.207.201 - - [07/Jul/2025:12:25:21 -0400] "GET /wp-content/uploads/2025/01/post-4.jpg HTTP/1.1" 200 61644 "-" "Mozilla/5.0 AppleWebKit/537.36 (KHTML, like Gecko; compatible; GPTBot/1.2; +https://openai.com/gptbot)"
198.54.114.253 - - [07/Jul/2025:12:25:26 -0400] "POST /wp-cron.php?doing_wp_cron=1751905526.9392890930175781250000 HTTP/1.1" 200 0 "-" "WordPress/6.8.1; https://21stcenturyqhc.online"
20.171.207.201 - - [07/Jul/2025:12:25:24 -0400] "GET /wp-content/uploads/2024/05/img-4.png%26quot HTTP/1.1" 404 16708 "-" "Mozilla/5.0 AppleWebKit/537.36 (KHTML, like Gecko; compatible; GPTBot/1.2; +https://openai.com/gptbot)"
20.171.207.201 - - [07/Jul/2025:12:25:28 -0400] "GET /wp-content/uploads/2024/05/img-3.png%26quot HTTP/1.1" 404 16708 "-" "Mozilla/5.0 AppleWebKit/537.36 (KHTML, like Gecko; compatible; GPTBot/1.2; +https://openai.com/gptbot)"
20.171.207.201 - - [07/Jul/2025:12:25:31 -0400] "GET /wp-content/uploads/2024/05/img-6.png%26quot HTTP/1.1" 404 16708 "-" "Mozilla/5.0 AppleWebKit/537.36 (KHTML, like Gecko; compatible; GPTBot/1.2; +https://openai.com/gptbot)"
20.171.207.201 - - [07/Jul/2025:12:25:39 -0400] "GET /wp-content/uploads/2024/05/img-16.png%26quot HTTP/1.1" 404 16709 "-" "Mozilla/5.0 AppleWebKit/537.36 (KHTML, like Gecko; compatible; GPTBot/1.2; +https://openai.com/gptbot)"
20.171.207.201 - - [07/Jul/2025:12:25:42 -0400] "GET /wp-content/uploads/2024/05/img-21.png%26quot HTTP/1.1" 404 16709 "-" "Mozilla/5.0 AppleWebKit/537.36 (KHTML, like Gecko; compatible; GPTBot/1.2; +https://openai.com/gptbot)"
20.171.207.201 - - [07/Jul/2025:12:25:45 -0400] "GET /wp-content/uploads/2024/05/img-19.png%26quot HTTP/1.1" 404 16708 "-" "Mozilla/5.0 AppleWebKit/537.36 (KHTML, like Gecko; compatible; GPTBot/1.2; +https://openai.com/gptbot)"
20.171.207.201 - - [07/Jul/2025:12:25:48 -0400] "GET /wp-content/uploads/2024/05/img-15.png%26quot HTTP/1.1" 404 16708 "-" "Mozilla/5.0 AppleWebKit/537.36 (KHTML, like Gecko; compatible; GPTBot/1.2; +https://openai.com/gptbot)"
178.20.42.76 - - [07/Jul/2025:12:26:10 -0400] "GET /2025/01/10/the-benefits-of-home-care-foraging-loved-ones/ HTTP/1.0" 200 174802 "https://21stcenturyqhc.online/2025/01/10/the-benefits-of-home-care-foraging-loved-ones/" "Mozilla/5.0 (Windows NT 10.0; Win64; x64) AppleWebKit/537.36 (KHTML, like Gecko) Chrome/103.0.5060.134 Safari/537.36"
20.120.225.129 - - [07/Jul/2025:12:27:53 -0400] "GET /laravel/.env HTTP/1.1" 403 1242 "-" "Mozilla/5.0 (Macintosh; Intel Mac OS X 10.15; rv:77.0) Gecko/20100101 Firefox/77.0"
54.36.148.194 - - [07/Jul/2025:12:40:35 -0400] "GET /robots.txt HTTP/1.1" 200 100 "-" "Mozilla/5.0 (compatible; AhrefsBot/7.0; +http://ahrefs.com/robot/)"
157.173.122.176 - - [07/Jul/2025:12:30:58 -0400] "GET / HTTP/1.1" 200 39648 "-" "Mozilla/5.0 (Windows NT 10.0; Win64; x64) AppleWebKit/537.36 (KHTML, like Gecko) Chrome/91.0.4472.114 Safari/537.36 Edg/91.0.864.54"
54.36.148.124 - - [07/Jul/2025:12:40:37 -0400] "GET /about/ HTTP/1.1" 304 0 "-" "Mozilla/5.0 (compatible; AhrefsBot/7.0; +http://ahrefs.com/robot/)"
198.54.114.253 - - [07/Jul/2025:12:44:55 -0400] "POST /wp-cron.php?doing_wp_cron=1751906695.8953840732574462890625 HTTP/1.1" 200 0 "-" "WordPress/6.8.1; https://21stcenturyqhc.online"
20.171.207.201 - - [07/Jul/2025:12:45:00 -0400] "GET /2025/01/10/the-benefits-of-home-care-foraging= HTTP/1.1" 301 0 "-" "Mozilla/5.0 AppleWebKit/537.36 (KHTML, like Gecko; compatible; GPTBot/1.2; +https://openai.com/gptbot)"
20.171.207.201 - - [07/Jul/2025:12:44:54 -0400] "GET /wp-content/uploads/2024/05/img-18.png%26quot HTTP/1.1" 404 16708 "-" "Mozilla/5.0 AppleWebKit/537.36 (KHTML, like Gecko; compatible; GPTBot/1.2; +https://openai.com/gptbot)"
20.171.207.201 - - [07/Jul/2025:12:44:57 -0400] "GET /wp-content/uploads/2024/05/img-13.png%26quot HTTP/1.1" 404 16708 "-" "Mozilla/5.0 AppleWebKit/537.36 (KHTML, like Gecko; compatible; GPTBot/1.2; +https://openai.com/gptbot)"
20.171.207.201 - - [07/Jul/2025:12:45:00 -0400] "GET /2025/01/10/the-benefits-of-home-care-foraging-loved-ones/ HTTP/1.1" 200 27492 "-" "Mozilla/5.0 AppleWebKit/537.36 (KHTML, like Gecko; compatible; GPTBot/1.2; +https://openai.com/gptbot)"
205.185.127.84 - - [07/Jul/2025:12:55:49 -0400] "GET /wp-login.php HTTP/1.1" 200 6618 "-" "Mozilla/5.0 (Macintosh; Intel Mac OS X 10.6; rv:31.0) Gecko/20100101 Firefox/31.0"
198.54.114.253 - - [07/Jul/2025:12:55:50 -0400] "POST /wp-cron.php?doing_wp_cron=1751907350.8843159675598144531250 HTTP/1.1" 200 0 "-" "WordPress/6.8.1; https://21stcenturyqhc.online"
205.185.127.84 - - [07/Jul/2025:12:55:49 -0400] "POST /wp-login.php HTTP/1.1" 200 6874 "-" "Mozilla/5.0 (Macintosh; Intel Mac OS X 10.6; rv:31.0) Gecko/20100101 Firefox/31.0"
54.36.148.101 - - [07/Jul/2025:13:00:05 -0400] "GET /feed/ HTTP/1.1" 304 0 "-" "Mozilla/5.0 (compatible; AhrefsBot/7.0; +http://ahrefs.com/robot/)"
195.26.224.102 - - [07/Jul/2025:13:04:06 -0400] "GET /2025/01/10/the-benefits-of-home-care-foraging-loved-ones/ HTTP/1.0" 200 174802 "https://21stcenturyqhc.online/2025/01/10/the-benefits-of-home-care-foraging-loved-ones/#comment-479" "Mozilla/5.0 (Windows NT 10.0; Win64; x64) AppleWebKit/537.36 (KHTML, like Gecko) Chrome/131.0.0.0 Safari/537.36"
198.54.114.253 - - [07/Jul/2025:13:04:54 -0400] "POST /wp-cron.php?doing_wp_cron=1751907894.3369340896606445312500 HTTP/1.1" 200 0 "-" "WordPress/6.8.1; https://21stcenturyqhc.online"
20.171.207.201 - - [07/Jul/2025:13:04:54 -0400] "GET /?p=27753 HTTP/1.1" 301 0 "-" "Mozilla/5.0 AppleWebKit/537.36 (KHTML, like Gecko; compatible; GPTBot/1.2; +https://openai.com/gptbot)"
20.171.207.201 - - [07/Jul/2025:13:04:54 -0400] "GET /2025/01/10/the-benefits-of-home-care-foraging-loved-ones/ HTTP/1.1" 200 27492 "-" "Mozilla/5.0 AppleWebKit/537.36 (KHTML, like Gecko; compatible; GPTBot/1.2; +https://openai.com/gptbot)"
20.171.207.201 - - [07/Jul/2025:13:04:56 -0400] "GET /wp-json/wp/v2/posts/27753 HTTP/1.1" 200 2224 "-" "Mozilla/5.0 AppleWebKit/537.36 (KHTML, like Gecko; compatible; GPTBot/1.2; +https://openai.com/gptbot)"
20.171.207.201 - - [07/Jul/2025:13:04:58 -0400] "GET /wp-content/et-cache/27753/et-core-unified-tb-2120-tb-27686-deferred-27753.min.css?ver=1736554634 HTTP/1.1" 200 1077 "-" "Mozilla/5.0 AppleWebKit/537.36 (KHTML, like Gecko; compatible; GPTBot/1.2; +https://openai.com/gptbot)"
20.171.207.201 - - [07/Jul/2025:13:05:00 -0400] "GET /wp-content/et-cache/27753/et-divi-dynamic-tb-2120-tb-27686-27753.css?ver=1736554633 HTTP/1.1" 200 244 "-" "Mozilla/5.0 AppleWebKit/537.36 (KHTML, like Gecko; compatible; GPTBot/1.2; +https://openai.com/gptbot)"
20.171.207.201 - - [07/Jul/2025:13:05:02 -0400] "GET /wp-content/et-cache/27753/et-divi-dynamic-tb-2120-tb-27686-27753-late.css?ver=1736554633 HTTP/1.1" 200 191 "-" "Mozilla/5.0 AppleWebKit/537.36 (KHTML, like Gecko; compatible; GPTBot/1.2; +https://openai.com/gptbot)"
205.185.116.195 - - [07/Jul/2025:13:05:14 -0400] "GET /wp-login.php HTTP/1.1" 200 6618 "-" "Mozilla/5.0 (Macintosh; Intel Mac OS X 10_9_2) AppleWebKit/537.36 (KHTML, like Gecko) Chrome/35.0.1916.153 Safari/537.36"
205.185.116.195 - - [07/Jul/2025:13:05:14 -0400] "POST /wp-login.php HTTP/1.1" 200 6874 "-" "Mozilla/5.0 (Macintosh; Intel Mac OS X 10_9_2) AppleWebKit/537.36 (KHTML, like Gecko) Chrome/35.0.1916.153 Safari/537.36"
92.246.140.69 - - [07/Jul/2025:13:02:58 -0400] "GET / HTTP/1.1" 200 229687 "http://21stcenturyqhc.online/" "-"
198.54.114.253 - - [07/Jul/2025:13:04:09 -0400] "POST /wp-cron.php?doing_wp_cron=1751907849.1988310813903808593750 HTTP/1.1" 200 0 "-" "WordPress/6.8.1; https://21stcenturyqhc.online"
195.26.224.102 - - [07/Jul/2025:13:04:07 -0400] "POST /wp-comments-post.php HTTP/1.0" 302 0 "https://21stcenturyqhc.online/2025/01/10/the-benefits-of-home-care-foraging-loved-ones/#comment-479" "Mozilla/5.0 (Windows NT 10.0; Win64; x64) AppleWebKit/537.36 (KHTML, like Gecko) Chrome/131.0.0.0 Safari/537.36"
195.26.224.102 - - [07/Jul/2025:13:04:10 -0400] "GET /2025/01/10/the-benefits-of-home-care-foraging-loved-ones/ HTTP/1.0" 200 176464 "https://21stcenturyqhc.online/2025/01/10/the-benefits-of-home-care-foraging-loved-ones/#comment-1645" "Mozilla/5.0 (Windows NT 10.0; Win64; x64) AppleWebKit/537.36 (KHTML, like Gecko) Chrome/131.0.0.0 Safari/537.36"
54.36.149.29 - - [07/Jul/2025:13:20:18 -0400] "GET /2025/01/10/bridging-the-gap-understandinghealthcare-disparities-in-chronic-diseasemanagement/ HTTP/1.1" 304 0 "-" "Mozilla/5.0 (compatible; AhrefsBot/7.0; +http://ahrefs.com/robot/)"
180.102.134.69 - - [07/Jul/2025:13:14:37 -0400] "GET / HTTP/1.1" 200 39648 "http://21stcenturyqhc.online" "Mozilla/5.0 (iPhone; CPU iPhone OS 13_2_3 like Mac OS X) AppleWebKit/605.1.15 (KHTML, like Gecko) Version/13.0.3 Mobile/15E148 Safari/604.1"
18.203.66.4 - - [07/Jul/2025:13:27:19 -0400] "GET / HTTP/1.0" 200 229687 "-" "Mozilla/5.0 (compatible; NetcraftSurveyAgent/1.0; +info@netcraft.com)"
54.36.148.184 - - [07/Jul/2025:13:40:23 -0400] "GET /elderly-care-service/ HTTP/1.1" 304 0 "-" "Mozilla/5.0 (compatible; AhrefsBot/7.0; +http://ahrefs.com/robot/)"
54.36.149.97 - - [07/Jul/2025:14:03:48 -0400] "GET /2025/01/10/why-home-care-matters-a-vital-supportfor-bedridden-patients-with-a-focus-onequity-for-minority-communities/ HTTP/1.1" 304 0 "-" "Mozilla/5.0 (compatible; AhrefsBot/7.0; +http://ahrefs.com/robot/)"
69.171.231.10 - - [07/Jul/2025:14:04:20 -0400] "GET /robots.txt HTTP/1.1" 200 122 "-" "facebookexternalhit/1.1 (+http://www.facebook.com/externalhit_uatext.php)"
198.54.114.253 - - [07/Jul/2025:14:17:46 -0400] "POST /wp-cron.php?doing_wp_cron=1751912266.2527549266815185546875 HTTP/1.1" 200 0 "-" "WordPress/6.8.1; https://21stcenturyqhc.online"
198.54.114.253 - - [07/Jul/2025:14:20:19 -0400] "POST /wp-cron.php?doing_wp_cron=1751912419.0040600299835205078125 HTTP/1.1" 200 0 "-" "WordPress/6.8.1; https://21stcenturyqhc.online"
188.64.56.71 - - [07/Jul/2025:14:21:11 -0400] "GET /wp-content/ALFA_DATA/alfacgiapi/ HTTP/1.1" 404 16713 "-" "Mozilla/5.0 (Windows NT 10.0; Win64; x64) AppleWebKit/537.36 (KHTML, like Gecko) Chrome/87.0.4280.141 Safari/537.36"
198.54.114.253 - - [07/Jul/2025:14:24:43 -0400] "POST /wp-cron.php?doing_wp_cron=1751912683.7465670108795166015625 HTTP/1.1" 200 0 "-" "WordPress/6.8.1; https://21stcenturyqhc.online"
188.64.56.71 - - [07/Jul/2025:14:27:05 -0400] "GET /.well-known/ALFA_DATA/alfacgiapi/ HTTP/1.1" 404 16713 "-" "Mozilla/5.0 (Windows NT 10.0; Win64; x64) AppleWebKit/537.36 (KHTML, like Gecko) Chrome/87.0.4280.141 Safari/537.36"
188.64.56.71 - - [07/Jul/2025:14:17:44 -0400] "GET /ALFA_DATA/alfacgiapi HTTP/1.1" 404 16715 "http://21stcenturyqhc.online/ALFA_DATA/alfacgiapi" "Mozilla/5.0 (Windows NT 10.0; Win64; x64) AppleWebKit/537.36 (KHTML, like Gecko) Chrome/87.0.4280.141 Safari/537.36"
188.64.56.71 - - [07/Jul/2025:14:20:17 -0400] "GET /wp-admin/ALFA_DATA/alfacgiapi/ HTTP/1.1" 404 16713 "-" "Mozilla/5.0 (Windows NT 10.0; Win64; x64) AppleWebKit/537.36 (KHTML, like Gecko) Chrome/87.0.4280.141 Safari/537.36"
198.54.114.253 - - [07/Jul/2025:14:20:19 -0400] "GET / HTTP/1.1" 200 39648 "-" "WordPress/6.8.1; https://21stcenturyqhc.online"
198.54.114.253 - - [07/Jul/2025:14:21:12 -0400] "POST /wp-cron.php?doing_wp_cron=1751912472.3489151000976562500000 HTTP/1.1" 200 0 "-" "WordPress/6.8.1; https://21stcenturyqhc.online"
188.64.56.71 - - [07/Jul/2025:14:24:42 -0400] "GET /wp-includes/ALFA_DATA/alfacgiapi/ HTTP/1.1" 404 16713 "-" "Mozilla/5.0 (Windows NT 10.0; Win64; x64) AppleWebKit/537.36 (KHTML, like Gecko) Chrome/87.0.4280.141 Safari/537.36"
54.36.148.129 - - [07/Jul/2025:14:25:00 -0400] "GET /project/walkfor-mikado-hospice/ HTTP/1.1" 304 0 "-" "Mozilla/5.0 (compatible; AhrefsBot/7.0; +http://ahrefs.com/robot/)"
198.54.114.253 - - [07/Jul/2025:14:27:06 -0400] "POST /wp-cron.php?doing_wp_cron=1751912826.6640219688415527343750 HTTP/1.1" 200 0 "-" "WordPress/6.8.1; https://21stcenturyqhc.online"
198.54.114.253 - - [07/Jul/2025:14:29:04 -0400] "POST /wp-cron.php?doing_wp_cron=1751912944.2225539684295654296875 HTTP/1.1" 200 0 "-" "WordPress/6.8.1; https://21stcenturyqhc.online"
