188.64.56.71 - - [07/Jul/2025:14:29:03 -0400] "GET /files/ALFA_DATA/alfacgiapi/ HTTP/1.1" 404 16713 "-" "Mozilla/5.0 (Windows NT 10.0; Win64; x64) AppleWebKit/537.36 (KHTML, like Gecko) Chrome/87.0.4280.141 Safari/537.36"
188.64.56.71 - - [07/Jul/2025:14:31:41 -0400] "GET /images/ALFA_DATA/alfacgiapi/ HTTP/1.1" 404 16713 "-" "Mozilla/5.0 (Windows NT 10.0; Win64; x64) AppleWebKit/537.36 (KHTML, like Gecko) Chrome/87.0.4280.141 Safari/537.36"
198.54.114.253 - - [07/Jul/2025:14:34:01 -0400] "POST /wp-cron.php?doing_wp_cron=1751913241.2661399841308593750000 HTTP/1.1" 200 0 "-" "WordPress/6.8.1; https://21stcenturyqhc.online"
198.54.114.253 - - [07/Jul/2025:14:36:41 -0400] "POST /wp-cron.php?doing_wp_cron=1751913401.9629271030426025390625 HTTP/1.1" 200 0 "-" "WordPress/6.8.1; https://21stcenturyqhc.online"
188.64.56.71 - - [07/Jul/2025:14:37:50 -0400] "GET /wp-admin/css/about.php/alfacgiapi/ HTTP/1.1" 404 16713 "-" "Mozilla/5.0 (Windows NT 10.0; Win64; x64) AppleWebKit/537.36 (KHTML, like Gecko) Chrome/87.0.4280.141 Safari/537.36"
98.159.37.37 - - [07/Jul/2025:14:39:03 -0400] "GET /.env HTTP/1.1" 403 1242 "-" "Mozilla/5.0 (Macintosh; Intel Mac OS X 10.15; rv:77.0) Gecko/20100101 Firefox/77.0"
198.54.114.253 - - [07/Jul/2025:14:39:50 -0400] "POST /wp-cron.php?doing_wp_cron=1751913590.1517879962921142578125 HTTP/1.1" 200 0 "-" "WordPress/6.8.1; https://21stcenturyqhc.online"
188.64.56.71 - - [07/Jul/2025:14:39:50 -0400] "GET /wp-includes/alfacgiapi/ HTTP/1.1" 404 16713 "-" "Mozilla/5.0 (Windows NT 10.0; Win64; x64) AppleWebKit/537.36 (KHTML, like Gecko) Chrome/87.0.4280.141 Safari/537.36"
198.54.114.253 - - [07/Jul/2025:14:41:59 -0400] "POST /wp-cron.php?doing_wp_cron=1751913719.5143580436706542968750 HTTP/1.1" 200 0 "-" "WordPress/6.8.1; https://21stcenturyqhc.online"
54.36.148.141 - - [07/Jul/2025:14:45:45 -0400] "GET /skilled-nursing/ HTTP/1.1" 304 0 "-" "Mozilla/5.0 (compatible; AhrefsBot/7.0; +http://ahrefs.com/robot/)"
198.54.114.253 - - [07/Jul/2025:14:31:42 -0400] "POST /wp-cron.php?doing_wp_cron=1751913102.5459160804748535156250 HTTP/1.1" 200 0 "-" "WordPress/6.8.1; https://21stcenturyqhc.online"
188.64.56.71 - - [07/Jul/2025:14:34:00 -0400] "GET /css/ALFA_DATA/alfacgiapi/ HTTP/1.1" 404 16713 "-" "Mozilla/5.0 (Windows NT 10.0; Win64; x64) AppleWebKit/537.36 (KHTML, like Gecko) Chrome/87.0.4280.141 Safari/537.36"
188.64.56.71 - - [07/Jul/2025:14:36:40 -0400] "GET /wp-admin/alfacgiapi/ HTTP/1.1" 404 16714 "-" "Mozilla/5.0 (Windows NT 10.0; Win64; x64) AppleWebKit/537.36 (KHTML, like Gecko) Chrome/87.0.4280.141 Safari/537.36"
198.54.114.253 - - [07/Jul/2025:14:37:50 -0400] "POST /wp-cron.php?doing_wp_cron=1751913470.8346219062805175781250 HTTP/1.1" 200 0 "-" "WordPress/6.8.1; https://21stcenturyqhc.online"
216.24.210.49 - - [07/Jul/2025:14:39:03 -0400] "GET /wp-content/ HTTP/1.1" 200 0 "-" "Mozilla/5.0 (Macintosh; Intel Mac OS X 10.15; rv:77.0) Gecko/20100101 Firefox/77.0"
43.152.72.247 - - [07/Jul/2025:14:40:20 -0400] "GET / HTTP/1.1" 301 0 "http://www.21stcenturyqhc.online" "Mozilla/5.0 (iPhone; CPU iPhone OS 13_2_3 like Mac OS X) AppleWebKit/605.1.15 (KHTML, like Gecko) Version/13.0.3 Mobile/15E148 Safari/604.1"
43.152.72.247 - - [07/Jul/2025:14:40:22 -0400] "GET / HTTP/1.1" 200 39648 "https://www.21stcenturyqhc.online/" "Mozilla/5.0 (iPhone; CPU iPhone OS 13_2_3 like Mac OS X) AppleWebKit/605.1.15 (KHTML, like Gecko) Version/13.0.3 Mobile/15E148 Safari/604.1"
188.64.56.71 - - [07/Jul/2025:14:41:58 -0400] "GET /alfacgiapi/ HTTP/1.1" 404 16713 "-" "Mozilla/5.0 (Windows NT 10.0; Win64; x64) AppleWebKit/537.36 (KHTML, like Gecko) Chrome/87.0.4280.141 Safari/537.36"
198.54.114.253 - - [07/Jul/2025:14:44:42 -0400] "POST /wp-cron.php?doing_wp_cron=1751913882.1820991039276123046875 HTTP/1.1" 200 0 "-" "WordPress/6.8.1; https://21stcenturyqhc.online"
188.64.56.71 - - [07/Jul/2025:14:44:41 -0400] "GET /tmp_images/alfacgiapi/ HTTP/1.1" 404 16713 "-" "Mozilla/5.0 (Windows NT 10.0; Win64; x64) AppleWebKit/537.36 (KHTML, like Gecko) Chrome/87.0.4280.141 Safari/537.36"
198.54.114.253 - - [07/Jul/2025:14:48:42 -0400] "POST /wp-cron.php?doing_wp_cron=1751914122.3336949348449707031250 HTTP/1.1" 200 0 "-" "WordPress/6.8.1; https://21stcenturyqhc.online"
188.64.56.71 - - [07/Jul/2025:14:53:03 -0400] "GET /wp/ALFA_DATA/alfacgiapi/ HTTP/1.1" 404 16713 "-" "Mozilla/5.0 (Windows NT 10.0; Win64; x64) AppleWebKit/537.36 (KHTML, like Gecko) Chrome/87.0.4280.141 Safari/537.36"
93.183.94.206 - - [07/Jul/2025:14:54:24 -0400] "GET /2025/01/10/the-benefits-of-home-care-foraging-loved-ones/ HTTP/1.0" 200 174802 "https://21stcenturyqhc.online/2025/01/10/the-benefits-of-home-care-foraging-loved-ones/" "Mozilla/5.0 (Windows NT 10.0; Win64; x64) AppleWebKit/537.36 (KHTML, like Gecko) Chrome/129.0.0.0 Safari/537.36"
93.183.94.206 - - [07/Jul/2025:14:54:26 -0400] "POST /wp-comments-post.php HTTP/1.0" 302 0 "https://21stcenturyqhc.online/2025/01/10/the-benefits-of-home-care-foraging-loved-ones/" "Mozilla/5.0 (Windows NT 10.0; Win64; x64) AppleWebKit/537.36 (KHTML, like Gecko) Chrome/129.0.0.0 Safari/537.36"
93.183.94.206 - - [07/Jul/2025:14:54:28 -0400] "GET /2025/01/10/the-benefits-of-home-care-foraging-loved-ones/ HTTP/1.0" 200 176524 "https://21stcenturyqhc.online/2025/01/10/the-benefits-of-home-care-foraging-loved-ones/#comment-1646" "Mozilla/5.0 (Windows NT 10.0; Win64; x64) AppleWebKit/537.36 (KHTML, like Gecko) Chrome/129.0.0.0 Safari/537.36"
198.54.114.253 - - [07/Jul/2025:14:57:33 -0400] "POST /wp-cron.php?doing_wp_cron=1751914653.1135311126708984375000 HTTP/1.1" 200 0 "-" "WordPress/6.8.1; https://21stcenturyqhc.online"
198.54.114.253 - - [07/Jul/2025:14:59:11 -0400] "POST /wp-cron.php?doing_wp_cron=1751914751.3555939197540283203125 HTTP/1.1" 200 0 "-" "WordPress/6.8.1; https://21stcenturyqhc.online"
93.183.93.32 - - [07/Jul/2025:15:00:00 -0400] "POST /wp-comments-post.php HTTP/1.0" 302 0 "https://21stcenturyqhc.online/2025/01/10/the-benefits-of-home-care-foraging-loved-ones/" "Mozilla/5.0 (Windows NT 10.0; Win64; x64) AppleWebKit/537.36 (KHTML, like Gecko) Chrome/130.0.0.0 Safari/537.36 CCleaner/130.0.0.0"
93.183.93.32 - - [07/Jul/2025:15:00:01 -0400] "GET /2025/01/10/the-benefits-of-home-care-foraging-loved-ones/ HTTP/1.0" 200 176710 "https://21stcenturyqhc.online/2025/01/10/the-benefits-of-home-care-foraging-loved-ones/#comment-1647" "Mozilla/5.0 (Windows NT 10.0; Win64; x64) AppleWebKit/537.36 (KHTML, like Gecko) Chrome/130.0.0.0 Safari/537.36 CCleaner/130.0.0.0"
188.64.56.71 - - [07/Jul/2025:15:01:45 -0400] "GET /upload/ALFA_DATA/alfacgiapi/ HTTP/1.1" 404 16713 "-" "Mozilla/5.0 (Windows NT 10.0; Win64; x64) AppleWebKit/537.36 (KHTML, like Gecko) Chrome/87.0.4280.141 Safari/537.36"
198.54.114.253 - - [07/Jul/2025:14:46:27 -0400] "POST /wp-cron.php?doing_wp_cron=1751913987.7099258899688720703125 HTTP/1.1" 200 0 "-" "WordPress/6.8.1; https://21stcenturyqhc.online"
188.64.56.71 - - [07/Jul/2025:14:46:26 -0400] "GET /wp-content/alfacgiapi/ HTTP/1.1" 404 16713 "-" "Mozilla/5.0 (Windows NT 10.0; Win64; x64) AppleWebKit/537.36 (KHTML, like Gecko) Chrome/87.0.4280.141 Safari/537.36"
188.64.56.71 - - [07/Jul/2025:14:48:41 -0400] "GET /assets/upload/ALFA_DATA/alfacgiapi/ HTTP/1.1" 404 16713 "-" "Mozilla/5.0 (Windows NT 10.0; Win64; x64) AppleWebKit/537.36 (KHTML, like Gecko) Chrome/87.0.4280.141 Safari/537.36"
198.54.114.253 - - [07/Jul/2025:14:50:51 -0400] "POST /wp-cron.php?doing_wp_cron=1751914251.1470940113067626953125 HTTP/1.1" 200 0 "-" "WordPress/6.8.1; https://21stcenturyqhc.online"
188.64.56.71 - - [07/Jul/2025:14:50:50 -0400] "GET /blog/ALFA_DATA/alfacgiapi/ HTTP/1.1" 404 16713 "-" "Mozilla/5.0 (Windows NT 10.0; Win64; x64) AppleWebKit/537.36 (KHTML, like Gecko) Chrome/87.0.4280.141 Safari/537.36"
198.54.114.253 - - [07/Jul/2025:14:53:04 -0400] "POST /wp-cron.php?doing_wp_cron=1751914384.5758039951324462890625 HTTP/1.1" 200 0 "-" "WordPress/6.8.1; https://21stcenturyqhc.online"
170.106.35.153 - - [07/Jul/2025:14:53:33 -0400] "GET /feed/ HTTP/1.1" 200 2469 "-" "Mozilla/5.0 (iPhone; CPU iPhone OS 13_2_3 like Mac OS X) AppleWebKit/605.1.15 (KHTML, like Gecko) Version/13.0.3 Mobile/15E148 Safari/604.1"
198.54.114.253 - - [07/Jul/2025:14:54:27 -0400] "POST /wp-cron.php?doing_wp_cron=1751914467.3040580749511718750000 HTTP/1.1" 200 0 "-" "WordPress/6.8.1; https://21stcenturyqhc.online"
188.64.56.71 - - [07/Jul/2025:14:57:32 -0400] "GET /wordpress/ALFA_DATA/alfacgiapi/ HTTP/1.1" 404 16713 "-" "Mozilla/5.0 (Windows NT 10.0; Win64; x64) AppleWebKit/537.36 (KHTML, like Gecko) Chrome/87.0.4280.141 Safari/537.36"
188.64.56.71 - - [07/Jul/2025:14:59:09 -0400] "GET /components/ALFA_DATA/alfacgiapi/ HTTP/1.1" 404 16713 "-" "Mozilla/5.0 (Windows NT 10.0; Win64; x64) AppleWebKit/537.36 (KHTML, like Gecko) Chrome/87.0.4280.141 Safari/537.36"
93.183.93.32 - - [07/Jul/2025:14:59:59 -0400] "GET /2025/01/10/the-benefits-of-home-care-foraging-loved-ones/ HTTP/1.0" 200 174802 "https://21stcenturyqhc.online/2025/01/10/the-benefits-of-home-care-foraging-loved-ones/" "Mozilla/5.0 (Windows NT 10.0; Win64; x64) AppleWebKit/537.36 (KHTML, like Gecko) Chrome/130.0.0.0 Safari/537.36 CCleaner/130.0.0.0"
198.54.114.253 - - [07/Jul/2025:15:00:00 -0400] "POST /wp-cron.php?doing_wp_cron=1751914800.8393969535827636718750 HTTP/1.1" 200 0 "-" "WordPress/6.8.1; https://21stcenturyqhc.online"
198.54.114.253 - - [07/Jul/2025:15:01:46 -0400] "POST /wp-cron.php?doing_wp_cron=1751914906.9724659919738769531250 HTTP/1.1" 200 0 "-" "WordPress/6.8.1; https://21stcenturyqhc.online"
49.51.38.193 - - [07/Jul/2025:15:02:31 -0400] "GET /comments/feed/ HTTP/1.1" 200 418 "-" "Mozilla/5.0 (iPhone; CPU iPhone OS 13_2_3 like Mac OS X) AppleWebKit/605.1.15 (KHTML, like Gecko) Version/13.0.3 Mobile/15E148 Safari/604.1"
198.54.114.253 - - [07/Jul/2025:15:07:14 -0400] "POST /wp-cron.php?doing_wp_cron=1751915234.3477640151977539062500 HTTP/1.1" 200 0 "-" "WordPress/6.8.1; https://21stcenturyqhc.online"
188.64.56.71 - - [07/Jul/2025:15:07:13 -0400] "GET /cgi-bin/ALFA_DATA/alfacgiapi/ HTTP/1.1" 404 16713 "-" "Mozilla/5.0 (Windows NT 10.0; Win64; x64) AppleWebKit/537.36 (KHTML, like Gecko) Chrome/87.0.4280.141 Safari/537.36"
188.64.56.71 - - [07/Jul/2025:15:07:32 -0400] "GET /wp-content/themes/seotheme/db.php?u HTTP/1.1" 404 16713 "-" "Mozilla/5.0 (Windows NT 10.0; Win64; x64) AppleWebKit/537.36 (KHTML, like Gecko) Chrome/87.0.4280.141 Safari/537.36"
198.54.114.253 - - [07/Jul/2025:15:03:16 -0400] "POST /wp-cron.php?doing_wp_cron=1751914996.3509199619293212890625 HTTP/1.1" 200 0 "-" "WordPress/6.8.1; https://21stcenturyqhc.online"
188.64.56.71 - - [07/Jul/2025:15:03:15 -0400] "GET /uploads/ALFA_DATA/alfacgiapi/ HTTP/1.1" 404 16713 "-" "Mozilla/5.0 (Windows NT 10.0; Win64; x64) AppleWebKit/537.36 (KHTML, like Gecko) Chrome/87.0.4280.141 Safari/537.36"
54.36.148.227 - - [07/Jul/2025:15:09:16 -0400] "GET /after-surgery-care/ HTTP/1.1" 304 0 "-" "Mozilla/5.0 (compatible; AhrefsBot/7.0; +http://ahrefs.com/robot/)"
198.54.114.253 - - [07/Jul/2025:15:10:39 -0400] "POST /wp-cron.php?doing_wp_cron=1751915439.1383609771728515625000 HTTP/1.1" 200 0 "-" "WordPress/6.8.1; https://21stcenturyqhc.online"
188.64.56.71 - - [07/Jul/2025:15:10:38 -0400] "GET /Telerik.Web.UI.WebResource.axd?type=rau HTTP/1.1" 404 16713 "-" "Mozilla/5.0 (Windows NT 10.0; Win64; x64) AppleWebKit/537.36 (KHTML, like Gecko) Chrome/87.0.4280.141 Safari/537.36"
188.64.56.71 - - [07/Jul/2025:15:13:18 -0400] "GET /deployment-config.json HTTP/1.1" 404 16713 "-" "Mozilla/5.0 (Windows NT 10.0; Win64; x64) AppleWebKit/537.36 (KHTML, like Gecko) Chrome/87.0.4280.141 Safari/537.36"
43.135.145.73 - - [07/Jul/2025:15:14:57 -0400] "GET /xmlrpc.php HTTP/1.1" 405 60 "-" "Mozilla/5.0 (iPhone; CPU iPhone OS 13_2_3 like Mac OS X) AppleWebKit/605.1.15 (KHTML, like Gecko) Version/13.0.3 Mobile/15E148 Safari/604.1"
198.54.114.253 - - [07/Jul/2025:15:18:48 -0400] "POST /wp-cron.php?doing_wp_cron=1751915927.9965798854827880859375 HTTP/1.1" 200 0 "-" "WordPress/6.8.1; https://21stcenturyqhc.online"
188.64.56.71 - - [07/Jul/2025:15:19:24 -0400] "GET /.git/config HTTP/1.1" 403 1242 "-" "Mozilla/5.0 (Windows NT 10.0; Win64; x64) AppleWebKit/537.36 (KHTML, like Gecko) Chrome/87.0.4280.141 Safari/537.36"
198.54.114.253 - - [07/Jul/2025:15:13:19 -0400] "POST /wp-cron.php?doing_wp_cron=1751915599.2305059432983398437500 HTTP/1.1" 200 0 "-" "WordPress/6.8.1; https://21stcenturyqhc.online"
188.64.56.71 - - [07/Jul/2025:15:14:55 -0400] "GET /sftp-config.json HTTP/1.1" 403 1242 "-" "Mozilla/5.0 (Windows NT 10.0; Win64; x64) AppleWebKit/537.36 (KHTML, like Gecko) Chrome/87.0.4280.141 Safari/537.36"
198.54.114.253 - - [07/Jul/2025:15:14:58 -0400] "POST /wp-cron.php?doing_wp_cron=1751915698.7106630802154541015625 HTTP/1.1" 200 0 "-" "WordPress/6.8.1; https://21stcenturyqhc.online"
188.64.56.71 - - [07/Jul/2025:15:18:46 -0400] "GET /sftp.json HTTP/1.1" 404 16713 "-" "Mozilla/5.0 (Windows NT 10.0; Win64; x64) AppleWebKit/537.36 (KHTML, like Gecko) Chrome/87.0.4280.141 Safari/537.36"
198.54.114.253 - - [07/Jul/2025:15:22:05 -0400] "POST /wp-cron.php?doing_wp_cron=1751916125.2618730068206787109375 HTTP/1.1" 200 0 "-" "WordPress/6.8.1; https://21stcenturyqhc.online"
188.64.56.71 - - [07/Jul/2025:15:22:04 -0400] "GET /.ftpconfig HTTP/1.1" 404 16713 "-" "Mozilla/5.0 (Windows NT 10.0; Win64; x64) AppleWebKit/537.36 (KHTML, like Gecko) Chrome/87.0.4280.141 Safari/537.36"
198.54.114.253 - - [07/Jul/2025:15:23:56 -0400] "POST /wp-cron.php?doing_wp_cron=1751916236.2020599842071533203125 HTTP/1.1" 200 0 "-" "WordPress/6.8.1; https://21stcenturyqhc.online"
188.64.56.71 - - [07/Jul/2025:15:23:55 -0400] "GET /config.json HTTP/1.1" 404 16714 "-" "Mozilla/5.0 (Windows NT 10.0; Win64; x64) AppleWebKit/537.36 (KHTML, like Gecko) Chrome/87.0.4280.141 Safari/537.36"
198.54.114.253 - - [07/Jul/2025:15:25:03 -0400] "POST /wp-cron.php?doing_wp_cron=1751916303.7306931018829345703125 HTTP/1.1" 200 0 "-" "WordPress/6.8.1; https://21stcenturyqhc.online"
188.64.56.71 - - [07/Jul/2025:15:25:03 -0400] "GET /.aws/credentials HTTP/1.1" 404 16713 "-" "Mozilla/5.0 (Windows NT 10.0; Win64; x64) AppleWebKit/537.36 (KHTML, like Gecko) Chrome/87.0.4280.141 Safari/537.36"
188.64.56.71 - - [07/Jul/2025:15:34:41 -0400] "GET /core/.env HTTP/1.1" 403 1242 "-" "Mozilla/5.0 (Windows NT 10.0; Win64; x64) AppleWebKit/537.36 (KHTML, like Gecko) Chrome/87.0.4280.141 Safari/537.36"
188.64.56.71 - - [07/Jul/2025:15:35:07 -0400] "GET /config/.env HTTP/1.1" 403 1242 "-" "Mozilla/5.0 (Windows NT 10.0; Win64; x64) AppleWebKit/537.36 (KHTML, like Gecko) Chrome/87.0.4280.141 Safari/537.36"
188.64.56.71 - - [07/Jul/2025:15:37:35 -0400] "GET /sftp.json HTTP/1.1" 404 16713 "-" "Mozilla/5.0 (Windows NT 10.0; Win64; x64) AppleWebKit/537.36 (KHTML, like Gecko) Chrome/87.0.4280.141 Safari/537.36"
198.54.114.253 - - [07/Jul/2025:15:26:28 -0400] "POST /wp-cron.php?doing_wp_cron=1751916388.4376099109649658203125 HTTP/1.1" 200 0 "-" "WordPress/6.8.1; https://21stcenturyqhc.online"
49.51.233.46 - - [07/Jul/2025:15:26:27 -0400] "GET /?p=27745 HTTP/1.1" 301 0 "-" "Mozilla/5.0 (iPhone; CPU iPhone OS 13_2_3 like Mac OS X) AppleWebKit/605.1.15 (KHTML, like Gecko) Version/13.0.3 Mobile/15E148 Safari/604.1"
49.51.233.46 - - [07/Jul/2025:15:26:32 -0400] "GET /2025/01/10/how-21st-century-quality-home-caresets-the-standard-for-the-intersectionof-compliance-and-quality-care/ HTTP/1.1" 200 39660 "https://21stcenturyqhc.online/?p=27745" "Mozilla/5.0 (iPhone; CPU iPhone OS 13_2_3 like Mac OS X) AppleWebKit/605.1.15 (KHTML, like Gecko) Version/13.0.3 Mobile/15E148 Safari/604.1"
188.64.56.71 - - [07/Jul/2025:15:27:48 -0400] "GET /.env HTTP/1.1" 403 1242 "-" "Mozilla/5.0 (Windows NT 10.0; Win64; x64) AppleWebKit/537.36 (KHTML, like Gecko) Chrome/87.0.4280.141 Safari/537.36"
188.64.56.71 - - [07/Jul/2025:15:29:09 -0400] "GET /api/.env HTTP/1.1" 403 1242 "-" "Mozilla/5.0 (Windows NT 10.0; Win64; x64) AppleWebKit/537.36 (KHTML, like Gecko) Chrome/87.0.4280.141 Safari/537.36"
188.64.56.71 - - [07/Jul/2025:15:32:16 -0400] "GET /backend/.env HTTP/1.1" 403 1242 "-" "Mozilla/5.0 (Windows NT 10.0; Win64; x64) AppleWebKit/537.36 (KHTML, like Gecko) Chrome/87.0.4280.141 Safari/537.36"
54.36.149.82 - - [07/Jul/2025:15:33:54 -0400] "GET /24-7-day-support/ HTTP/1.1" 304 0 "-" "Mozilla/5.0 (compatible; AhrefsBot/7.0; +http://ahrefs.com/robot/)"
43.166.255.122 - - [07/Jul/2025:15:34:29 -0400] "GET /2025/01/10/how-21st-century-quality-home-caresets-the-standard-for-the-intersectionof-compliance-and-quality-care/feed/ HTTP/1.1" 200 522 "-" "Mozilla/5.0 (iPhone; CPU iPhone OS 13_2_3 like Mac OS X) AppleWebKit/605.1.15 (KHTML, like Gecko) Version/13.0.3 Mobile/15E148 Safari/604.1"
124.156.157.91 - - [07/Jul/2025:15:53:38 -0400] "GET /2025/01/10/why-home-care-matters-a-vital-supportfor-bedridden-patients-with-a-focus-onequity-for-minority-communities/feed/ HTTP/1.1" 200 543 "-" "Mozilla/5.0 (iPhone; CPU iPhone OS 13_2_3 like Mac OS X) AppleWebKit/605.1.15 (KHTML, like Gecko) Version/13.0.3 Mobile/15E148 Safari/604.1"
43.155.195.141 - - [07/Jul/2025:15:44:50 -0400] "GET /2025/01/10/the-benefits-of-home-care-foraging-loved-ones/ HTTP/1.1" 200 34105 "-" "Mozilla/5.0 (iPhone; CPU iPhone OS 13_2_3 like Mac OS X) AppleWebKit/605.1.15 (KHTML, like Gecko) Version/13.0.3 Mobile/15E148 Safari/604.1"
54.36.148.161 - - [07/Jul/2025:15:58:32 -0400] "GET /end-of-life-care/ HTTP/1.1" 304 0 "-" "Mozilla/5.0 (compatible; AhrefsBot/7.0; +http://ahrefs.com/robot/)"
43.159.148.221 - - [07/Jul/2025:16:07:14 -0400] "GET / HTTP/1.1" 200 39648 "-" "Mozilla/5.0 (iPhone; CPU iPhone OS 13_2_3 like Mac OS X) AppleWebKit/605.1.15 (KHTML, like Gecko) Version/13.0.3 Mobile/15E148 Safari/604.1"
198.54.114.253 - - [07/Jul/2025:16:13:27 -0400] "POST /wp-cron.php?doing_wp_cron=1751919207.4992148876190185546875 HTTP/1.1" 200 0 "-" "WordPress/6.8.1; https://21stcenturyqhc.online"
120.71.59.24 - - [07/Jul/2025:16:13:25 -0400] "GET / HTTP/1.1" 301 0 "http://www.21stcenturyqhc.online" "Mozilla/5.0 (iPhone; CPU iPhone OS 13_2_3 like Mac OS X) AppleWebKit/605.1.15 (KHTML, like Gecko) Version/13.0.3 Mobile/15E148 Safari/604.1"
43.159.149.216 - - [07/Jul/2025:16:16:49 -0400] "GET /2025/01/10/the-benefits-of-home-care-foraging-loved-ones/feed/ HTTP/1.1" 200 480 "-" "Mozilla/5.0 (iPhone; CPU iPhone OS 13_2_3 like Mac OS X) AppleWebKit/605.1.15 (KHTML, like Gecko) Version/13.0.3 Mobile/15E148 Safari/604.1"
49.51.38.193 - - [07/Jul/2025:16:24:05 -0400] "GET /2025/01/10/why-home-care-matters-a-vital-supportfor-bedridden-patients-with-a-focus-onequity-for-minority-communities/ HTTP/1.1" 200 39642 "-" "Mozilla/5.0 (iPhone; CPU iPhone OS 13_2_3 like Mac OS X) AppleWebKit/605.1.15 (KHTML, like Gecko) Version/13.0.3 Mobile/15E148 Safari/604.1"
46.232.88.221 - - [07/Jul/2025:16:22:05 -0400] "GET /2025/01/10/the-benefits-of-home-care-foraging-loved-ones/ HTTP/1.0" 200 174802 "https://21stcenturyqhc.online/2025/01/10/the-benefits-of-home-care-foraging-loved-ones/" "Mozilla/5.0 (Windows NT 10.0; Win64; x64) AppleWebKit/537.36 (KHTML, like Gecko) Chrome/131.0.0.0 Safari/537.36"
198.54.114.253 - - [07/Jul/2025:16:22:08 -0400] "POST /wp-cron.php?doing_wp_cron=1751919728.6306669712066650390625 HTTP/1.1" 200 0 "-" "WordPress/6.8.1; https://21stcenturyqhc.online"
46.232.88.221 - - [07/Jul/2025:16:22:07 -0400] "POST /wp-comments-post.php HTTP/1.0" 302 0 "https://21stcenturyqhc.online/2025/01/10/the-benefits-of-home-care-foraging-loved-ones/" "Mozilla/5.0 (Windows NT 10.0; Win64; x64) AppleWebKit/537.36 (KHTML, like Gecko) Chrome/131.0.0.0 Safari/537.36"
46.232.88.221 - - [07/Jul/2025:16:22:09 -0400] "GET /2025/01/10/the-benefits-of-home-care-foraging-loved-ones/ HTTP/1.0" 200 178913 "https://21stcenturyqhc.online/2025/01/10/the-benefits-of-home-care-foraging-loved-ones/#comment-1648" "Mozilla/5.0 (Windows NT 10.0; Win64; x64) AppleWebKit/537.36 (KHTML, like Gecko) Chrome/131.0.0.0 Safari/537.36"
54.36.148.32 - - [07/Jul/2025:16:25:51 -0400] "GET /companion-care/ HTTP/1.1" 304 0 "-" "Mozilla/5.0 (compatible; AhrefsBot/7.0; +http://ahrefs.com/robot/)"
69.171.249.4 - - [07/Jul/2025:16:32:51 -0400] "GET /robots.txt HTTP/1.1" 301 0 "-" "facebookexternalhit/1.1 (+http://www.facebook.com/externalhit_uatext.php)"
69.171.249.4 - - [07/Jul/2025:16:32:52 -0400] "GET /robots.txt HTTP/1.1" 200 122 "-" "facebookexternalhit/1.1 (+http://www.facebook.com/externalhit_uatext.php)"
220.158.234.47 - - [07/Jul/2025:16:57:48 -0400] "GET /wp-login.php HTTP/1.1" 200 1890 "-" "Mozilla/5.0 (Windows NT 10.0; Win64; x64) AppleWebKit/537.36 (KHTML, like Gecko) Chrome/130.0.0.0 Safari/537.36"
198.54.114.253 - - [07/Jul/2025:16:57:53 -0400] "POST /wp-cron.php?doing_wp_cron=1751921872.9959540367126464843750 HTTP/1.1" 200 0 "-" "WordPress/6.8.1; https://21stcenturyqhc.online"
89.111.136.46 - - [07/Jul/2025:16:58:18 -0400] "GET /wp-login.php HTTP/1.1" 200 1890 "-" "Mozilla/5.0 (Windows NT 10.0; Win64; x64) AppleWebKit/537.36 (KHTML, like Gecko) Chrome/130.0.0.0 Safari/537.36"
89.111.136.46 - - [07/Jul/2025:16:58:19 -0400] "POST /wp-login.php HTTP/1.1" 200 1986 "https://21stcenturyqhc.online/wp-login.php" "Mozilla/5.0 (Windows NT 10.0; Win64; x64) AppleWebKit/537.36 (KHTML, like Gecko) Chrome/130.0.0.0 Safari/537.36"
5.23.50.27 - - [07/Jul/2025:16:58:27 -0400] "POST /wp-login.php HTTP/1.1" 200 1986 "https://21stcenturyqhc.online/wp-login.php" "Mozilla/5.0 (Windows NT 10.0; Win64; x64) AppleWebKit/537.36 (KHTML, like Gecko) Chrome/130.0.0.0 Safari/537.36"
198.54.114.253 - - [07/Jul/2025:16:58:37 -0400] "POST /wp-cron.php?doing_wp_cron=1751921917.4539060592651367187500 HTTP/1.1" 200 0 "-" "WordPress/6.8.1; https://21stcenturyqhc.online"
35.246.46.100 - - [07/Jul/2025:16:58:42 -0400] "GET /wp-login.php HTTP/1.1" 200 1890 "-" "Mozilla/5.0 (Windows NT 10.0; Win64; x64) AppleWebKit/537.36 (KHTML, like Gecko) Chrome/130.0.0.0 Safari/537.36"
35.246.46.100 - - [07/Jul/2025:16:58:45 -0400] "POST /wp-login.php HTTP/1.1" 200 1986 "https://21stcenturyqhc.online/wp-login.php" "Mozilla/5.0 (Windows NT 10.0; Win64; x64) AppleWebKit/537.36 (KHTML, like Gecko) Chrome/130.0.0.0 Safari/537.36"
111.90.148.101 - - [07/Jul/2025:16:58:57 -0400] "GET /wp-login.php HTTP/1.1" 200 1890 "-" "Mozilla/5.0 (Windows NT 10.0; Win64; x64) AppleWebKit/537.36 (KHTML, like Gecko) Chrome/130.0.0.0 Safari/537.36"
111.90.148.101 - - [07/Jul/2025:16:59:08 -0400] "POST /wp-login.php HTTP/1.1" 200 1986 "https://21stcenturyqhc.online/wp-login.php" "Mozilla/5.0 (Windows NT 10.0; Win64; x64) AppleWebKit/537.36 (KHTML, like Gecko) Chrome/130.0.0.0 Safari/537.36"
198.54.114.253 - - [07/Jul/2025:17:00:17 -0400] "POST /wp-cron.php?doing_wp_cron=1751922017.1215939521789550781250 HTTP/1.1" 200 0 "-" "WordPress/6.8.1; https://21stcenturyqhc.online"
198.54.114.253 - - [07/Jul/2025:17:01:04 -0400] "POST /wp-cron.php?doing_wp_cron=1751922064.9013879299163818359375 HTTP/1.1" 200 0 "-" "WordPress/6.8.1; https://21stcenturyqhc.online"
192.34.62.6 - - [07/Jul/2025:17:01:12 -0400] "GET /wp-login.php HTTP/1.1" 200 1890 "-" "Mozilla/5.0 (Windows NT 10.0; Win64; x64) AppleWebKit/537.36 (KHTML, like Gecko) Chrome/130.0.0.0 Safari/537.36"
192.34.62.6 - - [07/Jul/2025:17:01:12 -0400] "POST /wp-login.php HTTP/1.1" 200 1986 "https://21stcenturyqhc.online/wp-login.php" "Mozilla/5.0 (Windows NT 10.0; Win64; x64) AppleWebKit/537.36 (KHTML, like Gecko) Chrome/130.0.0.0 Safari/537.36"
162.240.22.36 - - [07/Jul/2025:17:01:19 -0400] "GET /wp-login.php HTTP/1.1" 200 1890 "-" "Mozilla/5.0 (Windows NT 10.0; Win64; x64) AppleWebKit/537.36 (KHTML, like Gecko) Chrome/130.0.0.0 Safari/537.36"
162.240.22.36 - - [07/Jul/2025:17:01:22 -0400] "POST /wp-login.php HTTP/1.1" 200 1986 "https://21stcenturyqhc.online/wp-login.php" "Mozilla/5.0 (Windows NT 10.0; Win64; x64) AppleWebKit/537.36 (KHTML, like Gecko) Chrome/130.0.0.0 Safari/537.36"
142.4.0.114 - - [07/Jul/2025:17:01:51 -0400] "GET /wp-login.php HTTP/1.1" 200 1890 "-" "Mozilla/5.0 (Windows NT 10.0; Win64; x64) AppleWebKit/537.36 (KHTML, like Gecko) Chrome/130.0.0.0 Safari/537.36"
198.54.114.253 - - [07/Jul/2025:17:02:00 -0400] "POST /wp-cron.php?doing_wp_cron=1751922120.0671720504760742187500 HTTP/1.1" 200 0 "-" "WordPress/6.8.1; https://21stcenturyqhc.online"
54.36.148.32 - - [07/Jul/2025:16:56:56 -0400] "GET /special-need-care/ HTTP/1.1" 304 0 "-" "Mozilla/5.0 (compatible; AhrefsBot/7.0; +http://ahrefs.com/robot/)"
220.158.234.47 - - [07/Jul/2025:16:57:50 -0400] "POST /wp-login.php HTTP/1.1" 200 1986 "https://21stcenturyqhc.online/wp-login.php" "Mozilla/5.0 (Windows NT 10.0; Win64; x64) AppleWebKit/537.36 (KHTML, like Gecko) Chrome/130.0.0.0 Safari/537.36"
95.111.254.218 - - [07/Jul/2025:16:58:15 -0400] "GET /wp-login.php HTTP/1.1" 200 1890 "-" "Mozilla/5.0 (Windows NT 10.0; Win64; x64) AppleWebKit/537.36 (KHTML, like Gecko) Chrome/130.0.0.0 Safari/537.36"
95.111.254.218 - - [07/Jul/2025:16:58:16 -0400] "POST /wp-login.php HTTP/1.1" 200 1986 "https://21stcenturyqhc.online/wp-login.php" "Mozilla/5.0 (Windows NT 10.0; Win64; x64) AppleWebKit/537.36 (KHTML, like Gecko) Chrome/130.0.0.0 Safari/537.36"
5.23.50.27 - - [07/Jul/2025:16:58:26 -0400] "GET /wp-login.php HTTP/1.1" 200 1890 "-" "Mozilla/5.0 (Windows NT 10.0; Win64; x64) AppleWebKit/537.36 (KHTML, like Gecko) Chrome/130.0.0.0 Safari/537.36"
188.245.87.112 - - [07/Jul/2025:16:58:31 -0400] "GET /wp-login.php HTTP/1.1" 200 1890 "-" "Mozilla/5.0 (Windows NT 10.0; Win64; x64) AppleWebKit/537.36 (KHTML, like Gecko) Chrome/130.0.0.0 Safari/537.36"
188.245.87.112 - - [07/Jul/2025:16:58:31 -0400] "POST /wp-login.php HTTP/1.1" 200 1986 "https://21stcenturyqhc.online/wp-login.php" "Mozilla/5.0 (Windows NT 10.0; Win64; x64) AppleWebKit/537.36 (KHTML, like Gecko) Chrome/130.0.0.0 Safari/537.36"
162.0.216.102 - - [07/Jul/2025:16:58:36 -0400] "GET /wp-login.php HTTP/1.1" 200 1890 "-" "Mozilla/5.0 (Windows NT 10.0; Win64; x64) AppleWebKit/537.36 (KHTML, like Gecko) Chrome/130.0.0.0 Safari/537.36"
162.0.216.102 - - [07/Jul/2025:16:58:37 -0400] "POST /wp-login.php HTTP/1.1" 200 1986 "https://21stcenturyqhc.online/wp-login.php" "Mozilla/5.0 (Windows NT 10.0; Win64; x64) AppleWebKit/537.36 (KHTML, like Gecko) Chrome/130.0.0.0 Safari/537.36"
198.54.114.253 - - [07/Jul/2025:16:58:45 -0400] "POST /wp-cron.php?doing_wp_cron=1751921925.1348319053649902343750 HTTP/1.1" 200 0 "-" "WordPress/6.8.1; https://21stcenturyqhc.online"
162.241.24.146 - - [07/Jul/2025:16:59:21 -0400] "GET /wp-login.php HTTP/1.1" 200 1890 "-" "Mozilla/5.0 (Windows NT 10.0; Win64; x64) AppleWebKit/537.36 (KHTML, like Gecko) Chrome/130.0.0.0 Safari/537.36"
162.241.24.146 - - [07/Jul/2025:16:59:23 -0400] "POST /wp-login.php HTTP/1.1" 200 1986 "https://21stcenturyqhc.online/wp-login.php" "Mozilla/5.0 (Windows NT 10.0; Win64; x64) AppleWebKit/537.36 (KHTML, like Gecko) Chrome/130.0.0.0 Safari/537.36"
108.179.253.65 - - [07/Jul/2025:17:00:15 -0400] "GET /wp-login.php HTTP/1.1" 200 1890 "-" "Mozilla/5.0 (Windows NT 10.0; Win64; x64) AppleWebKit/537.36 (KHTML, like Gecko) Chrome/130.0.0.0 Safari/537.36"
108.179.253.65 - - [07/Jul/2025:17:00:16 -0400] "POST /wp-login.php HTTP/1.1" 200 1986 "https://21stcenturyqhc.online/wp-login.php" "Mozilla/5.0 (Windows NT 10.0; Win64; x64) AppleWebKit/537.36 (KHTML, like Gecko) Chrome/130.0.0.0 Safari/537.36"
104.237.141.13 - - [07/Jul/2025:17:01:00 -0400] "GET /wp-login.php HTTP/1.1" 200 1890 "-" "Mozilla/5.0 (Windows NT 10.0; Win64; x64) AppleWebKit/537.36 (KHTML, like Gecko) Chrome/130.0.0.0 Safari/537.36"
104.237.141.13 - - [07/Jul/2025:17:01:04 -0400] "POST /wp-login.php HTTP/1.1" 200 1986 "https://21stcenturyqhc.online/wp-login.php" "Mozilla/5.0 (Windows NT 10.0; Win64; x64) AppleWebKit/537.36 (KHTML, like Gecko) Chrome/130.0.0.0 Safari/537.36"
142.4.0.114 - - [07/Jul/2025:17:01:59 -0400] "POST /wp-login.php HTTP/1.1" 200 1986 "https://21stcenturyqhc.online/wp-login.php" "Mozilla/5.0 (Windows NT 10.0; Win64; x64) AppleWebKit/537.36 (KHTML, like Gecko) Chrome/130.0.0.0 Safari/537.36"
198.54.114.253 - - [07/Jul/2025:17:02:53 -0400] "POST /wp-cron.php?doing_wp_cron=1751922173.1982760429382324218750 HTTP/1.1" 200 0 "-" "WordPress/6.8.1; https://21stcenturyqhc.online"
74.208.243.214 - - [07/Jul/2025:17:03:18 -0400] "POST /wp-login.php HTTP/1.1" 200 1986 "https://21stcenturyqhc.online/wp-login.php" "Mozilla/5.0 (Windows NT 10.0; Win64; x64) AppleWebKit/537.36 (KHTML, like Gecko) Chrome/130.0.0.0 Safari/537.36"
162.241.225.93 - - [07/Jul/2025:17:03:37 -0400] "GET /wp-login.php HTTP/1.1" 200 1890 "-" "Mozilla/5.0 (Windows NT 10.0; Win64; x64) AppleWebKit/537.36 (KHTML, like Gecko) Chrome/130.0.0.0 Safari/537.36"
198.54.114.253 - - [07/Jul/2025:17:03:41 -0400] "POST /wp-cron.php?doing_wp_cron=1751922220.9993100166320800781250 HTTP/1.1" 200 0 "-" "WordPress/6.8.1; https://21stcenturyqhc.online"
162.241.225.93 - - [07/Jul/2025:17:03:40 -0400] "POST /wp-login.php HTTP/1.1" 200 1986 "https://21stcenturyqhc.online/wp-login.php" "Mozilla/5.0 (Windows NT 10.0; Win64; x64) AppleWebKit/537.36 (KHTML, like Gecko) Chrome/130.0.0.0 Safari/537.36"
108.179.253.65 - - [07/Jul/2025:17:03:47 -0400] "POST /wp-login.php HTTP/1.1" 200 1985 "https://21stcenturyqhc.online/wp-login.php" "Mozilla/5.0 (Windows NT 10.0; Win64; x64) AppleWebKit/537.36 (KHTML, like Gecko) Chrome/130.0.0.0 Safari/537.36"
70.39.249.165 - - [07/Jul/2025:17:04:24 -0400] "POST /wp-login.php HTTP/1.1" 200 1986 "https://21stcenturyqhc.online/wp-login.php" "Mozilla/5.0 (Windows NT 10.0; Win64; x64) AppleWebKit/537.36 (KHTML, like Gecko) Chrome/130.0.0.0 Safari/537.36"
157.245.99.194 - - [07/Jul/2025:17:04:51 -0400] "GET /wp-login.php HTTP/1.1" 200 1890 "-" "Mozilla/5.0 (Windows NT 10.0; Win64; x64) AppleWebKit/537.36 (KHTML, like Gecko) Chrome/130.0.0.0 Safari/537.36"
198.54.114.253 - - [07/Jul/2025:17:04:54 -0400] "POST /wp-cron.php?doing_wp_cron=1751922294.8464319705963134765625 HTTP/1.1" 200 0 "-" "WordPress/6.8.1; https://21stcenturyqhc.online"
157.245.99.194 - - [07/Jul/2025:17:04:54 -0400] "POST /wp-login.php HTTP/1.1" 200 1986 "https://21stcenturyqhc.online/wp-login.php" "Mozilla/5.0 (Windows NT 10.0; Win64; x64) AppleWebKit/537.36 (KHTML, like Gecko) Chrome/130.0.0.0 Safari/537.36"
194.145.209.154 - - [07/Jul/2025:17:05:10 -0400] "GET /wp-login.php HTTP/1.1" 200 1890 "-" "Mozilla/5.0 (Windows NT 10.0; Win64; x64) AppleWebKit/537.36 (KHTML, like Gecko) Chrome/130.0.0.0 Safari/537.36"
208.97.181.190 - - [07/Jul/2025:17:05:31 -0400] "POST /wp-login.php HTTP/1.1" 200 1986 "https://21stcenturyqhc.online/wp-login.php" "Mozilla/5.0 (Windows NT 10.0; Win64; x64) AppleWebKit/537.36 (KHTML, like Gecko) Chrome/130.0.0.0 Safari/537.36"
170.39.213.16 - - [07/Jul/2025:17:05:38 -0400] "GET /wp-login.php HTTP/1.1" 200 1890 "-" "Mozilla/5.0 (Windows NT 10.0; Win64; x64) AppleWebKit/537.36 (KHTML, like Gecko) Chrome/130.0.0.0 Safari/537.36"
198.54.114.253 - - [07/Jul/2025:17:05:39 -0400] "POST /wp-cron.php?doing_wp_cron=1751922339.5566549301147460937500 HTTP/1.1" 200 0 "-" "WordPress/6.8.1; https://21stcenturyqhc.online"
50.116.112.110 - - [07/Jul/2025:17:05:51 -0400] "GET /wp-login.php HTTP/1.1" 200 1890 "-" "Mozilla/5.0 (Windows NT 10.0; Win64; x64) AppleWebKit/537.36 (KHTML, like Gecko) Chrome/130.0.0.0 Safari/537.36"
50.116.112.110 - - [07/Jul/2025:17:05:54 -0400] "POST /wp-login.php HTTP/1.1" 200 1986 "https://21stcenturyqhc.online/wp-login.php" "Mozilla/5.0 (Windows NT 10.0; Win64; x64) AppleWebKit/537.36 (KHTML, like Gecko) Chrome/130.0.0.0 Safari/537.36"
68.65.123.107 - - [07/Jul/2025:17:06:22 -0400] "POST /wp-login.php HTTP/1.1" 200 1986 "https://21stcenturyqhc.online/wp-login.php" "Mozilla/5.0 (Windows NT 10.0; Win64; x64) AppleWebKit/537.36 (KHTML, like Gecko) Chrome/130.0.0.0 Safari/537.36"
188.40.97.148 - - [07/Jul/2025:17:06:40 -0400] "GET /wp-login.php HTTP/1.1" 200 1890 "-" "Mozilla/5.0 (Windows NT 10.0; Win64; x64) AppleWebKit/537.36 (KHTML, like Gecko) Chrome/130.0.0.0 Safari/537.36"
108.167.132.240 - - [07/Jul/2025:17:02:47 -0400] "GET /wp-login.php HTTP/1.1" 200 1890 "-" "Mozilla/5.0 (Windows NT 10.0; Win64; x64) AppleWebKit/537.36 (KHTML, like Gecko) Chrome/130.0.0.0 Safari/537.36"
108.167.132.240 - - [07/Jul/2025:17:02:52 -0400] "POST /wp-login.php HTTP/1.1" 200 1986 "https://21stcenturyqhc.online/wp-login.php" "Mozilla/5.0 (Windows NT 10.0; Win64; x64) AppleWebKit/537.36 (KHTML, like Gecko) Chrome/130.0.0.0 Safari/537.36"
74.208.243.214 - - [07/Jul/2025:17:03:13 -0400] "GET /wp-login.php HTTP/1.1" 200 1890 "-" "Mozilla/5.0 (Windows NT 10.0; Win64; x64) AppleWebKit/537.36 (KHTML, like Gecko) Chrome/130.0.0.0 Safari/537.36"
108.179.253.65 - - [07/Jul/2025:17:03:45 -0400] "GET /wp-login.php HTTP/1.1" 200 1890 "-" "Mozilla/5.0 (Windows NT 10.0; Win64; x64) AppleWebKit/537.36 (KHTML, like Gecko) Chrome/130.0.0.0 Safari/537.36"
198.54.114.253 - - [07/Jul/2025:17:03:47 -0400] "POST /wp-cron.php?doing_wp_cron=1751922227.8487520217895507812500 HTTP/1.1" 200 0 "-" "WordPress/6.8.1; https://21stcenturyqhc.online"
70.39.249.165 - - [07/Jul/2025:17:04:18 -0400] "GET /wp-login.php HTTP/1.1" 200 1890 "-" "Mozilla/5.0 (Windows NT 10.0; Win64; x64) AppleWebKit/537.36 (KHTML, like Gecko) Chrome/130.0.0.0 Safari/537.36"
194.145.209.154 - - [07/Jul/2025:17:05:13 -0400] "POST /wp-login.php HTTP/1.1" 200 1986 "https://21stcenturyqhc.online/wp-login.php" "Mozilla/5.0 (Windows NT 10.0; Win64; x64) AppleWebKit/537.36 (KHTML, like Gecko) Chrome/130.0.0.0 Safari/537.36"
208.97.181.190 - - [07/Jul/2025:17:05:29 -0400] "GET /wp-login.php HTTP/1.1" 200 1890 "-" "Mozilla/5.0 (Windows NT 10.0; Win64; x64) AppleWebKit/537.36 (KHTML, like Gecko) Chrome/130.0.0.0 Safari/537.36"
170.39.213.16 - - [07/Jul/2025:17:05:39 -0400] "POST /wp-login.php HTTP/1.1" 200 1986 "https://21stcenturyqhc.online/wp-login.php" "Mozilla/5.0 (Windows NT 10.0; Win64; x64) AppleWebKit/537.36 (KHTML, like Gecko) Chrome/130.0.0.0 Safari/537.36"
198.54.114.253 - - [07/Jul/2025:17:05:54 -0400] "POST /wp-cron.php?doing_wp_cron=1751922354.4146149158477783203125 HTTP/1.1" 200 0 "-" "WordPress/6.8.1; https://21stcenturyqhc.online"
68.65.123.107 - - [07/Jul/2025:17:06:19 -0400] "GET /wp-login.php HTTP/1.1" 200 1890 "-" "Mozilla/5.0 (Windows NT 10.0; Win64; x64) AppleWebKit/537.36 (KHTML, like Gecko) Chrome/130.0.0.0 Safari/537.36"
198.54.114.253 - - [07/Jul/2025:17:06:42 -0400] "POST /wp-cron.php?doing_wp_cron=1751922402.4356050491333007812500 HTTP/1.1" 200 0 "-" "WordPress/6.8.1; https://21stcenturyqhc.online"
188.40.97.148 - - [07/Jul/2025:17:06:42 -0400] "POST /wp-login.php HTTP/1.1" 200 1986 "https://21stcenturyqhc.online/wp-login.php" "Mozilla/5.0 (Windows NT 10.0; Win64; x64) AppleWebKit/537.36 (KHTML, like Gecko) Chrome/130.0.0.0 Safari/537.36"
173.249.42.121 - - [07/Jul/2025:17:06:47 -0400] "GET /wp-login.php HTTP/1.1" 200 1890 "-" "Mozilla/5.0 (Windows NT 10.0; Win64; x64) AppleWebKit/537.36 (KHTML, like Gecko) Chrome/130.0.0.0 Safari/537.36"
198.54.114.253 - - [07/Jul/2025:17:06:48 -0400] "POST /wp-cron.php?doing_wp_cron=1751922408.7137830257415771484375 HTTP/1.1" 200 0 "-" "WordPress/6.8.1; https://21stcenturyqhc.online"
173.249.42.121 - - [07/Jul/2025:17:06:48 -0400] "POST /wp-login.php HTTP/1.1" 200 1986 "https://21stcenturyqhc.online/wp-login.php" "Mozilla/5.0 (Windows NT 10.0; Win64; x64) AppleWebKit/537.36 (KHTML, like Gecko) Chrome/130.0.0.0 Safari/537.36"
187.157.114.6 - - [07/Jul/2025:17:09:16 -0400] "POST /wp-login.php HTTP/1.1" 200 1986 "https://21stcenturyqhc.online/wp-login.php" "Mozilla/5.0 (Windows NT 10.0; Win64; x64) AppleWebKit/537.36 (KHTML, like Gecko) Chrome/130.0.0.0 Safari/537.36"
41.193.5.57 - - [07/Jul/2025:17:09:29 -0400] "GET /wp-login.php HTTP/1.1" 200 1890 "-" "Mozilla/5.0 (Windows NT 10.0; Win64; x64) AppleWebKit/537.36 (KHTML, like Gecko) Chrome/130.0.0.0 Safari/537.36"
217.160.244.17 - - [07/Jul/2025:17:09:59 -0400] "GET /wp-login.php HTTP/1.1" 200 1890 "-" "Mozilla/5.0 (Windows NT 10.0; Win64; x64) AppleWebKit/537.36 (KHTML, like Gecko) Chrome/130.0.0.0 Safari/537.36"
174.138.32.43 - - [07/Jul/2025:17:08:17 -0400] "GET /wp-login.php HTTP/1.1" 200 1890 "-" "Mozilla/5.0 (Windows NT 10.0; Win64; x64) AppleWebKit/537.36 (KHTML, like Gecko) Chrome/130.0.0.0 Safari/537.36"
198.54.114.253 - - [07/Jul/2025:17:08:22 -0400] "POST /wp-cron.php?doing_wp_cron=1751922502.7931070327758789062500 HTTP/1.1" 200 0 "-" "WordPress/6.8.1; https://21stcenturyqhc.online"
174.138.32.43 - - [07/Jul/2025:17:08:20 -0400] "POST /wp-login.php HTTP/1.1" 200 1986 "https://21stcenturyqhc.online/wp-login.php" "Mozilla/5.0 (Windows NT 10.0; Win64; x64) AppleWebKit/537.36 (KHTML, like Gecko) Chrome/130.0.0.0 Safari/537.36"
187.157.114.6 - - [07/Jul/2025:17:09:15 -0400] "GET /wp-login.php HTTP/1.1" 200 1890 "-" "Mozilla/5.0 (Windows NT 10.0; Win64; x64) AppleWebKit/537.36 (KHTML, like Gecko) Chrome/130.0.0.0 Safari/537.36"
198.54.114.253 - - [07/Jul/2025:17:09:16 -0400] "POST /wp-cron.php?doing_wp_cron=1751922556.8130550384521484375000 HTTP/1.1" 200 0 "-" "WordPress/6.8.1; https://21stcenturyqhc.online"
41.193.5.57 - - [07/Jul/2025:17:09:36 -0400] "POST /wp-login.php HTTP/1.1" 200 1986 "https://21stcenturyqhc.online/wp-login.php" "Mozilla/5.0 (Windows NT 10.0; Win64; x64) AppleWebKit/537.36 (KHTML, like Gecko) Chrome/130.0.0.0 Safari/537.36"
185.121.234.211 - - [07/Jul/2025:17:10:02 -0400] "GET /2025/01/10/the-benefits-of-home-care-foraging-loved-ones/ HTTP/1.0" 200 174802 "https://21stcenturyqhc.online/2025/01/10/the-benefits-of-home-care-foraging-loved-ones/#comment-500" "Mozilla/5.0 (Windows NT 10.0; Win64; x64) AppleWebKit/537.36 (KHTML, like Gecko) Chrome/103.0.0.0 Safari/537.36 OpenWave/97.4.2043.44"
198.54.114.253 - - [07/Jul/2025:17:10:03 -0400] "POST /wp-cron.php?doing_wp_cron=1751922603.4651501178741455078125 HTTP/1.1" 200 0 "-" "WordPress/6.8.1; https://21stcenturyqhc.online"
217.160.244.17 - - [07/Jul/2025:17:10:03 -0400] "POST /wp-login.php HTTP/1.1" 200 1986 "https://21stcenturyqhc.online/wp-login.php" "Mozilla/5.0 (Windows NT 10.0; Win64; x64) AppleWebKit/537.36 (KHTML, like Gecko) Chrome/130.0.0.0 Safari/537.36"
185.121.234.211 - - [07/Jul/2025:17:10:06 -0400] "GET /2025/01/10/the-benefits-of-home-care-foraging-loved-ones/ HTTP/1.0" 200 176422 "https://21stcenturyqhc.online/2025/01/10/the-benefits-of-home-care-foraging-loved-ones/#comment-1649" "Mozilla/5.0 (Windows NT 10.0; Win64; x64) AppleWebKit/537.36 (KHTML, like Gecko) Chrome/103.0.0.0 Safari/537.36 OpenWave/97.4.2043.44"
167.99.202.6 - - [07/Jul/2025:17:10:10 -0400] "POST /wp-login.php HTTP/1.1" 200 1986 "https://21stcenturyqhc.online/wp-login.php" "Mozilla/5.0 (Windows NT 10.0; Win64; x64) AppleWebKit/537.36 (KHTML, like Gecko) Chrome/130.0.0.0 Safari/537.36"
34.14.28.84 - - [07/Jul/2025:17:10:15 -0400] "GET /wp-login.php HTTP/1.1" 200 1890 "-" "Mozilla/5.0 (Windows NT 10.0; Win64; x64) AppleWebKit/537.36 (KHTML, like Gecko) Chrome/130.0.0.0 Safari/537.36"
38.242.238.97 - - [07/Jul/2025:17:10:25 -0400] "POST /wp-login.php HTTP/1.1" 200 1986 "https://21stcenturyqhc.online/wp-login.php" "Mozilla/5.0 (Windows NT 10.0; Win64; x64) AppleWebKit/537.36 (KHTML, like Gecko) Chrome/130.0.0.0 Safari/537.36"
173.219.72.201 - - [07/Jul/2025:17:10:36 -0400] "GET /wp-login.php HTTP/1.1" 200 1890 "-" "Mozilla/5.0 (Windows NT 10.0; Win64; x64) AppleWebKit/537.36 (KHTML, like Gecko) Chrome/130.0.0.0 Safari/537.36"
185.121.234.211 - - [07/Jul/2025:17:10:03 -0400] "POST /wp-comments-post.php HTTP/1.0" 302 0 "https://21stcenturyqhc.online/2025/01/10/the-benefits-of-home-care-foraging-loved-ones/#comment-500" "Mozilla/5.0 (Windows NT 10.0; Win64; x64) AppleWebKit/537.36 (KHTML, like Gecko) Chrome/103.0.0.0 Safari/537.36 OpenWave/97.4.2043.44"
167.99.202.6 - - [07/Jul/2025:17:10:10 -0400] "GET /wp-login.php HTTP/1.1" 200 1890 "-" "Mozilla/5.0 (Windows NT 10.0; Win64; x64) AppleWebKit/537.36 (KHTML, like Gecko) Chrome/130.0.0.0 Safari/537.36"
34.14.28.84 - - [07/Jul/2025:17:10:15 -0400] "POST /wp-login.php HTTP/1.1" 200 1986 "https://21stcenturyqhc.online/wp-login.php" "Mozilla/5.0 (Windows NT 10.0; Win64; x64) AppleWebKit/537.36 (KHTML, like Gecko) Chrome/130.0.0.0 Safari/537.36"
38.242.238.97 - - [07/Jul/2025:17:10:23 -0400] "GET /wp-login.php HTTP/1.1" 200 1890 "-" "Mozilla/5.0 (Windows NT 10.0; Win64; x64) AppleWebKit/537.36 (KHTML, like Gecko) Chrome/130.0.0.0 Safari/537.36"
198.54.114.253 - - [07/Jul/2025:17:10:40 -0400] "POST /wp-cron.php?doing_wp_cron=1751922640.4897489547729492187500 HTTP/1.1" 200 0 "-" "WordPress/6.8.1; https://21stcenturyqhc.online"
173.219.72.201 - - [07/Jul/2025:17:10:40 -0400] "POST /wp-login.php HTTP/1.1" 200 1986 "https://21stcenturyqhc.online/wp-login.php" "Mozilla/5.0 (Windows NT 10.0; Win64; x64) AppleWebKit/537.36 (KHTML, like Gecko) Chrome/130.0.0.0 Safari/537.36"
198.54.114.253 - - [07/Jul/2025:17:14:29 -0400] "POST /wp-cron.php?doing_wp_cron=1751922869.3104939460754394531250 HTTP/1.1" 200 0 "-" "WordPress/6.8.1; https://21stcenturyqhc.online"
67.205.138.32 - - [07/Jul/2025:17:14:32 -0400] "GET /wp-login.php HTTP/1.1" 200 1890 "-" "Mozilla/5.0 (Windows NT 10.0; Win64; x64) AppleWebKit/537.36 (KHTML, like Gecko) Chrome/130.0.0.0 Safari/537.36"
67.205.138.32 - - [07/Jul/2025:17:14:34 -0400] "POST /wp-login.php HTTP/1.1" 200 1985 "https://21stcenturyqhc.online/wp-login.php" "Mozilla/5.0 (Windows NT 10.0; Win64; x64) AppleWebKit/537.36 (KHTML, like Gecko) Chrome/130.0.0.0 Safari/537.36"
67.205.138.32 - - [07/Jul/2025:17:14:37 -0400] "GET /wp-login.php HTTP/1.1" 200 1890 "-" "Mozilla/5.0 (Windows NT 10.0; Win64; x64) AppleWebKit/537.36 (KHTML, like Gecko) Chrome/130.0.0.0 Safari/537.36"
198.54.114.253 - - [07/Jul/2025:17:14:40 -0400] "POST /wp-cron.php?doing_wp_cron=1751922880.1019480228424072265625 HTTP/1.1" 200 0 "-" "WordPress/6.8.1; https://21stcenturyqhc.online"
195.20.19.31 - - [07/Jul/2025:17:15:00 -0400] "POST /wp-login.php HTTP/1.1" 200 1986 "https://21stcenturyqhc.online/wp-login.php" "Mozilla/5.0 (Windows NT 10.0; Win64; x64) AppleWebKit/537.36 (KHTML, like Gecko) Chrome/130.0.0.0 Safari/537.36"
103.14.23.70 - - [07/Jul/2025:17:15:39 -0400] "GET /wp-login.php HTTP/1.1" 200 1890 "-" "Mozilla/5.0 (Windows NT 10.0; Win64; x64) AppleWebKit/537.36 (KHTML, like Gecko) Chrome/130.0.0.0 Safari/537.36"
50.63.1.69 - - [07/Jul/2025:17:15:57 -0400] "GET /wp-login.php HTTP/1.1" 200 1890 "-" "Mozilla/5.0 (Windows NT 10.0; Win64; x64) AppleWebKit/537.36 (KHTML, like Gecko) Chrome/130.0.0.0 Safari/537.36"
35.246.46.100 - - [07/Jul/2025:17:16:17 -0400] "GET /wp-login.php HTTP/1.1" 200 1890 "-" "Mozilla/5.0 (Windows NT 10.0; Win64; x64) AppleWebKit/537.36 (KHTML, like Gecko) Chrome/130.0.0.0 Safari/537.36"
35.246.46.100 - - [07/Jul/2025:17:16:22 -0400] "POST /wp-login.php HTTP/1.1" 200 1985 "https://21stcenturyqhc.online/wp-login.php" "Mozilla/5.0 (Windows NT 10.0; Win64; x64) AppleWebKit/537.36 (KHTML, like Gecko) Chrome/130.0.0.0 Safari/537.36"
197.243.16.120 - - [07/Jul/2025:17:16:34 -0400] "GET /wp-login.php HTTP/1.1" 200 1890 "-" "Mozilla/5.0 (Windows NT 10.0; Win64; x64) AppleWebKit/537.36 (KHTML, like Gecko) Chrome/130.0.0.0 Safari/537.36"
174.138.32.43 - - [07/Jul/2025:17:17:18 -0400] "POST /wp-login.php HTTP/1.1" 200 1985 "https://21stcenturyqhc.online/wp-login.php" "Mozilla/5.0 (Windows NT 10.0; Win64; x64) AppleWebKit/537.36 (KHTML, like Gecko) Chrome/130.0.0.0 Safari/537.36"
198.54.114.253 - - [07/Jul/2025:17:19:05 -0400] "POST /wp-cron.php?doing_wp_cron=1751923145.8156020641326904296875 HTTP/1.1" 200 0 "-" "WordPress/6.8.1; https://21stcenturyqhc.online"
67.205.138.32 - - [07/Jul/2025:17:19:03 -0400] "POST /wp-login.php HTTP/1.1" 200 1976 "https://21stcenturyqhc.online/wp-login.php" "Mozilla/5.0 (Windows NT 10.0; Win64; x64) AppleWebKit/537.36 (KHTML, like Gecko) Chrome/130.0.0.0 Safari/537.36"
198.54.114.253 - - [07/Jul/2025:17:20:07 -0400] "POST /wp-cron.php?doing_wp_cron=1751923207.7601919174194335937500 HTTP/1.1" 200 0 "-" "WordPress/6.8.1; https://21stcenturyqhc.online"
62.146.234.58 - - [07/Jul/2025:17:20:26 -0400] "GET /wp-login.php HTTP/1.1" 200 1890 "-" "Mozilla/5.0 (Windows NT 10.0; Win64; x64) AppleWebKit/537.36 (KHTML, like Gecko) Chrome/130.0.0.0 Safari/537.36"
62.146.234.58 - - [07/Jul/2025:17:20:29 -0400] "POST /wp-login.php HTTP/1.1" 200 1986 "https://21stcenturyqhc.online/wp-login.php" "Mozilla/5.0 (Windows NT 10.0; Win64; x64) AppleWebKit/537.36 (KHTML, like Gecko) Chrome/130.0.0.0 Safari/537.36"
38.242.238.97 - - [07/Jul/2025:17:20:41 -0400] "GET /wp-login.php HTTP/1.1" 200 1890 "-" "Mozilla/5.0 (Windows NT 10.0; Win64; x64) AppleWebKit/537.36 (KHTML, like Gecko) Chrome/130.0.0.0 Safari/537.36"
198.54.114.253 - - [07/Jul/2025:17:20:41 -0400] "POST /wp-cron.php?doing_wp_cron=1751923241.6386411190032958984375 HTTP/1.1" 200 0 "-" "WordPress/6.8.1; https://21stcenturyqhc.online"
67.205.138.32 - - [07/Jul/2025:17:14:22 -0400] "GET /wp-login.php HTTP/1.1" 200 1890 "-" "Mozilla/5.0 (Windows NT 10.0; Win64; x64) AppleWebKit/537.36 (KHTML, like Gecko) Chrome/130.0.0.0 Safari/537.36"
67.205.138.32 - - [07/Jul/2025:17:14:28 -0400] "POST /wp-login.php HTTP/1.1" 200 1986 "https://21stcenturyqhc.online/wp-login.php" "Mozilla/5.0 (Windows NT 10.0; Win64; x64) AppleWebKit/537.36 (KHTML, like Gecko) Chrome/130.0.0.0 Safari/537.36"
67.205.138.32 - - [07/Jul/2025:17:14:39 -0400] "POST /wp-login.php HTTP/1.1" 200 1985 "https://21stcenturyqhc.online/wp-login.php" "Mozilla/5.0 (Windows NT 10.0; Win64; x64) AppleWebKit/537.36 (KHTML, like Gecko) Chrome/130.0.0.0 Safari/537.36"
195.20.19.31 - - [07/Jul/2025:17:14:59 -0400] "GET /wp-login.php HTTP/1.1" 200 1890 "-" "Mozilla/5.0 (Windows NT 10.0; Win64; x64) AppleWebKit/537.36 (KHTML, like Gecko) Chrome/130.0.0.0 Safari/537.36"
198.54.114.253 - - [07/Jul/2025:17:15:00 -0400] "POST /wp-cron.php?doing_wp_cron=1751922900.3668789863586425781250 HTTP/1.1" 200 0 "-" "WordPress/6.8.1; https://21stcenturyqhc.online"
198.54.114.253 - - [07/Jul/2025:17:15:45 -0400] "POST /wp-cron.php?doing_wp_cron=1751922945.0680620670318603515625 HTTP/1.1" 200 0 "-" "WordPress/6.8.1; https://21stcenturyqhc.online"
103.14.23.70 - - [07/Jul/2025:17:15:44 -0400] "POST /wp-login.php HTTP/1.1" 200 1986 "https://21stcenturyqhc.online/wp-login.php" "Mozilla/5.0 (Windows NT 10.0; Win64; x64) AppleWebKit/537.36 (KHTML, like Gecko) Chrome/130.0.0.0 Safari/537.36"
50.63.1.69 - - [07/Jul/2025:17:16:00 -0400] "POST /wp-login.php HTTP/1.1" 200 1986 "https://21stcenturyqhc.online/wp-login.php" "Mozilla/5.0 (Windows NT 10.0; Win64; x64) AppleWebKit/537.36 (KHTML, like Gecko) Chrome/130.0.0.0 Safari/537.36"
198.54.114.253 - - [07/Jul/2025:17:16:41 -0400] "POST /wp-cron.php?doing_wp_cron=1751923001.8557190895080566406250 HTTP/1.1" 200 0 "-" "WordPress/6.8.1; https://21stcenturyqhc.online"
197.243.16.120 - - [07/Jul/2025:17:16:41 -0400] "POST /wp-login.php HTTP/1.1" 200 1986 "https://21stcenturyqhc.online/wp-login.php" "Mozilla/5.0 (Windows NT 10.0; Win64; x64) AppleWebKit/537.36 (KHTML, like Gecko) Chrome/130.0.0.0 Safari/537.36"
174.138.32.43 - - [07/Jul/2025:17:17:18 -0400] "GET /wp-login.php HTTP/1.1" 200 1890 "-" "Mozilla/5.0 (Windows NT 10.0; Win64; x64) AppleWebKit/537.36 (KHTML, like Gecko) Chrome/130.0.0.0 Safari/537.36"
198.54.114.253 - - [07/Jul/2025:17:17:19 -0400] "POST /wp-cron.php?doing_wp_cron=1751923038.9754610061645507812500 HTTP/1.1" 200 0 "-" "WordPress/6.8.1; https://21stcenturyqhc.online"
67.205.138.32 - - [07/Jul/2025:17:19:03 -0400] "GET /wp-login.php HTTP/1.1" 200 1890 "-" "Mozilla/5.0 (Windows NT 10.0; Win64; x64) AppleWebKit/537.36 (KHTML, like Gecko) Chrome/130.0.0.0 Safari/537.36"
23.229.6.242 - - [07/Jul/2025:17:20:03 -0400] "GET /wp-login.php HTTP/1.1" 200 1890 "-" "Mozilla/5.0 (Windows NT 10.0; Win64; x64) AppleWebKit/537.36 (KHTML, like Gecko) Chrome/130.0.0.0 Safari/537.36"
23.229.6.242 - - [07/Jul/2025:17:20:07 -0400] "POST /wp-login.php HTTP/1.1" 200 1986 "https://21stcenturyqhc.online/wp-login.php" "Mozilla/5.0 (Windows NT 10.0; Win64; x64) AppleWebKit/537.36 (KHTML, like Gecko) Chrome/130.0.0.0 Safari/537.36"
38.57.3.182 - - [07/Jul/2025:17:20:44 -0400] "POST /wp-login.php HTTP/1.1" 200 1986 "https://21stcenturyqhc.online/wp-login.php" "Mozilla/5.0 (Windows NT 10.0; Win64; x64) AppleWebKit/537.36 (KHTML, like Gecko) Chrome/130.0.0.0 Safari/537.36"
162.240.22.36 - - [07/Jul/2025:17:21:11 -0400] "GET /wp-login.php HTTP/1.1" 200 1890 "-" "Mozilla/5.0 (Windows NT 10.0; Win64; x64) AppleWebKit/537.36 (KHTML, like Gecko) Chrome/130.0.0.0 Safari/537.36"
162.240.22.36 - - [07/Jul/2025:17:21:16 -0400] "POST /wp-login.php HTTP/1.1" 200 1985 "https://21stcenturyqhc.online/wp-login.php" "Mozilla/5.0 (Windows NT 10.0; Win64; x64) AppleWebKit/537.36 (KHTML, like Gecko) Chrome/130.0.0.0 Safari/537.36"
38.242.238.97 - - [07/Jul/2025:17:20:41 -0400] "POST /wp-login.php HTTP/1.1" 200 1985 "https://21stcenturyqhc.online/wp-login.php" "Mozilla/5.0 (Windows NT 10.0; Win64; x64) AppleWebKit/537.36 (KHTML, like Gecko) Chrome/130.0.0.0 Safari/537.36"
38.57.3.182 - - [07/Jul/2025:17:20:44 -0400] "GET /wp-login.php HTTP/1.1" 200 1890 "-" "Mozilla/5.0 (Windows NT 10.0; Win64; x64) AppleWebKit/537.36 (KHTML, like Gecko) Chrome/130.0.0.0 Safari/537.36"
198.54.114.253 - - [07/Jul/2025:17:20:44 -0400] "POST /wp-cron.php?doing_wp_cron=1751923244.9049229621887207031250 HTTP/1.1" 200 0 "-" "WordPress/6.8.1; https://21stcenturyqhc.online"
34.151.206.8 - - [07/Jul/2025:17:21:31 -0400] "POST /wp-login.php HTTP/1.1" 200 1986 "https://21stcenturyqhc.online/wp-login.php" "Mozilla/5.0 (Windows NT 10.0; Win64; x64) AppleWebKit/537.36 (KHTML, like Gecko) Chrome/130.0.0.0 Safari/537.36"
192.99.63.151 - - [07/Jul/2025:17:21:54 -0400] "GET /wp-login.php HTTP/1.1" 200 1890 "-" "Mozilla/5.0 (Windows NT 10.0; Win64; x64) AppleWebKit/537.36 (KHTML, like Gecko) Chrome/130.0.0.0 Safari/537.36"
192.99.63.151 - - [07/Jul/2025:17:21:57 -0400] "POST /wp-login.php HTTP/1.1" 200 1986 "https://21stcenturyqhc.online/wp-login.php" "Mozilla/5.0 (Windows NT 10.0; Win64; x64) AppleWebKit/537.36 (KHTML, like Gecko) Chrome/130.0.0.0 Safari/537.36"
