20.171.207.21 - - [07/Jul/2025:08:52:39 -0400] "GET /378bce/?path=%2F%2Fvar%2Flib HTTP/1.1" 200 777 "-" "Mozilla/5.0 AppleWebKit/537.36 (KHTML, like Gecko; compatible; GPTBot/1.2; +https://openai.com/gptbot)"
135.181.212.177 - - [07/Jul/2025:08:52:42 -0400] "GET /378bce/?action=edit&file=libgstrtp-1.0.so.0.1601.0&path=//lib64 HTTP/1.1" 200 51746 "-" "Mozilla/5.0 (compatible; MJ12bot/v1.4.8; http://mj12bot.com/)"
20.171.207.231 - - [07/Jul/2025:08:52:42 -0400] "GET /378bce/?action=edit&file=optparse.cpython-37.opt-1.pyc&path=%2F%2Fproc%2Fthread-self%2Froot%2Fopt%2Falt%2Fpython37%2Flib64%2Fpython3.7%2F__pycache__ HTTP/1.1" 200 19257 "-" "Mozilla/5.0 AppleWebKit/537.36 (KHTML, like Gecko; compatible; GPTBot/1.2; +https://openai.com/gptbot)"
20.171.207.21 - - [07/Jul/2025:08:52:43 -0400] "GET /378bce/?path=%2F%2Fusr%2Fbin HTTP/1.1" 200 6839 "-" "Mozilla/5.0 AppleWebKit/537.36 (KHTML, like Gecko; compatible; GPTBot/1.2; +https://openai.com/gptbot)"
20.171.207.231 - - [07/Jul/2025:08:52:44 -0400] "GET /378bce/?action=edit&file=token.cpython-37.opt-1.pyc&path=%2F%2Fproc%2Fthread-self%2Froot%2Fopt%2Falt%2Fpython37%2Flib64%2Fpython3.7%2F__pycache__ HTTP/1.1" 200 2837 "-" "Mozilla/5.0 AppleWebKit/537.36 (KHTML, like Gecko; compatible; GPTBot/1.2; +https://openai.com/gptbot)"
136.243.228.195 - - [07/Jul/2025:08:52:44 -0400] "GET /items/chjhx110/5469?key=scientific HTTP/1.1" 404 1251 "-" "Mozilla/5.0 (compatible; DataForSeoBot/1.0; +https://dataforseo.com/dataforseo-bot)"
135.181.212.177 - - [07/Jul/2025:08:52:44 -0400] "GET /378bce/?action=edit&file=libgstrtsp-1.0.so.0&path=//lib64 HTTP/1.1" 200 52811 "-" "Mozilla/5.0 (compatible; MJ12bot/v1.4.8; http://mj12bot.com/)"
20.171.207.231 - - [07/Jul/2025:08:52:45 -0400] "GET /378bce/?action=edit&file=pipes.cpython-36.opt-1.pyc&path=%2F%2Fproc%2Fthread-self%2Froot%2Fopt%2Falt%2Fpython36%2Flib64%2Fpython3.6%2F__pycache__ HTTP/1.1" 200 4314 "-" "Mozilla/5.0 AppleWebKit/537.36 (KHTML, like Gecko; compatible; GPTBot/1.2; +https://openai.com/gptbot)"
20.171.207.231 - - [07/Jul/2025:08:52:46 -0400] "GET /378bce/?action=edit&file=fileinput.cpython-36.opt-2.pyc&path=%2F%2Fproc%2Fthread-self%2Froot%2Fopt%2Falt%2Fpython36%2Flib64%2Fpython3.6%2F__pycache__ HTTP/1.1" 200 4132 "-" "Mozilla/5.0 AppleWebKit/537.36 (KHTML, like Gecko; compatible; GPTBot/1.2; +https://openai.com/gptbot)"
135.181.212.177 - - [07/Jul/2025:08:52:47 -0400] "GET /378bce/?action=edit&file=libgstrtsp-1.0.so.0.1601.0&path=//lib64 HTTP/1.1" 200 52779 "-" "Mozilla/5.0 (compatible; MJ12bot/v1.4.8; http://mj12bot.com/)"
20.171.207.231 - - [07/Jul/2025:08:52:48 -0400] "GET /378bce/?action=edit&file=poplib.cpython-37.opt-2.pyc&path=%2F%2Fproc%2Fthread-self%2Froot%2Fopt%2Falt%2Fpython37%2Flib64%2Fpython3.7%2F__pycache__ HTTP/1.1" 200 4846 "-" "Mozilla/5.0 AppleWebKit/537.36 (KHTML, like Gecko; compatible; GPTBot/1.2; +https://openai.com/gptbot)"
136.243.228.195 - - [07/Jul/2025:08:52:48 -0400] "GET /items/agjky264/48815?key=whoever HTTP/1.1" 404 1251 "-" "Mozilla/5.0 (compatible; DataForSeoBot/1.0; +https://dataforseo.com/dataforseo-bot)"
20.171.207.21 - - [07/Jul/2025:08:52:49 -0400] "GET /378bce/?action=edit&file=tty&path=%2F%2Fusr%2Fbin HTTP/1.1" 200 13759 "-" "Mozilla/5.0 AppleWebKit/537.36 (KHTML, like Gecko; compatible; GPTBot/1.2; +https://openai.com/gptbot)"
20.171.207.21 - - [07/Jul/2025:08:52:50 -0400] "GET /378bce/?action=edit&file=head&path=%2F%2Fusr%2Fbin HTTP/1.1" 200 19239 "-" "Mozilla/5.0 AppleWebKit/537.36 (KHTML, like Gecko; compatible; GPTBot/1.2; +https://openai.com/gptbot)"
20.171.207.231 - - [07/Jul/2025:08:52:50 -0400] "GET /378bce/?action=edit&file=opcode.cpython-38.opt-2.pyc&path=%2F%2Fproc%2Fthread-self%2Froot%2Fopt%2Falt%2Fpython38%2Flib64%2Fpython3.8%2F__pycache__ HTTP/1.1" 200 2973 "-" "Mozilla/5.0 AppleWebKit/537.36 (KHTML, like Gecko; compatible; GPTBot/1.2; +https://openai.com/gptbot)"
20.171.207.231 - - [07/Jul/2025:08:52:52 -0400] "GET /378bce/?action=edit&file=pstats.cpython-38.opt-2.pyc&path=%2F%2Fproc%2Fthread-self%2Froot%2Fopt%2Falt%2Fpython38%2Flib64%2Fpython3.8%2F__pycache__ HTTP/1.1" 200 9518 "-" "Mozilla/5.0 AppleWebKit/537.36 (KHTML, like Gecko; compatible; GPTBot/1.2; +https://openai.com/gptbot)"
20.171.207.21 - - [07/Jul/2025:08:52:52 -0400] "GET /378bce/?action=edit&file=dnstap-read&path=%2F%2Fusr%2Fbin HTTP/1.1" 200 6990 "-" "Mozilla/5.0 AppleWebKit/537.36 (KHTML, like Gecko; compatible; GPTBot/1.2; +https://openai.com/gptbot)"
135.181.212.177 - - [07/Jul/2025:08:52:53 -0400] "GET /378bce/?action=edit&file=libgstsdp-1.0.so.0&path=//lib64 HTTP/1.1" 200 35484 "-" "Mozilla/5.0 (compatible; MJ12bot/v1.4.8; http://mj12bot.com/)"
20.171.207.231 - - [07/Jul/2025:08:52:54 -0400] "GET /378bce/?action=edit&file=xdrlib.cpython-37.opt-2.pyc&path=%2F%2Fproc%2Fthread-self%2Froot%2Fopt%2Falt%2Fpython37%2Flib64%2Fpython3.7%2F__pycache__ HTTP/1.1" 200 3584 "-" "Mozilla/5.0 AppleWebKit/537.36 (KHTML, like Gecko; compatible; GPTBot/1.2; +https://openai.com/gptbot)"
20.171.207.231 - - [07/Jul/2025:08:52:55 -0400] "GET /378bce/?action=edit&file=pstats.cpython-37.opt-2.pyc&path=%2F%2Fproc%2Fthread-self%2Froot%2Fopt%2Falt%2Fpython37%2Flib64%2Fpython3.7%2F__pycache__ HTTP/1.1" 200 9572 "-" "Mozilla/5.0 AppleWebKit/537.36 (KHTML, like Gecko; compatible; GPTBot/1.2; +https://openai.com/gptbot)"
135.181.212.177 - - [07/Jul/2025:08:52:56 -0400] "GET /378bce/?action=edit&file=libgstsdp-1.0.so.0.1601.0&path=//lib64 HTTP/1.1" 200 35521 "-" "Mozilla/5.0 (compatible; MJ12bot/v1.4.8; http://mj12bot.com/)"
135.181.212.177 - - [07/Jul/2025:08:52:40 -0400] "GET /378bce/?action=edit&file=libgstrtp-1.0.so.0&path=//lib64 HTTP/1.1" 200 51676 "-" "Mozilla/5.0 (compatible; MJ12bot/v1.4.8; http://mj12bot.com/)"
20.171.207.231 - - [07/Jul/2025:08:52:40 -0400] "GET /378bce/?action=edit&file=zipfile.cpython-36.opt-1.pyc&path=%2F%2Fproc%2Fthread-self%2Froot%2Fopt%2Falt%2Fpython36%2Flib64%2Fpython3.6%2F__pycache__ HTTP/1.1" 200 23286 "-" "Mozilla/5.0 AppleWebKit/537.36 (KHTML, like Gecko; compatible; GPTBot/1.2; +https://openai.com/gptbot)"
20.171.207.21 - - [07/Jul/2025:08:52:40 -0400] "GET /378bce/?path=%2F%2Fdev%2Fshm HTTP/1.1" 200 986 "-" "Mozilla/5.0 AppleWebKit/537.36 (KHTML, like Gecko; compatible; GPTBot/1.2; +https://openai.com/gptbot)"
20.171.207.231 - - [07/Jul/2025:08:52:41 -0400] "GET /378bce/?action=edit&file=reprlib.cpython-38.opt-2.pyc&path=%2F%2Fproc%2Fthread-self%2Froot%2Fopt%2Falt%2Fpython38%2Flib64%2Fpython3.8%2F__pycache__ HTTP/1.1" 200 3137 "-" "Mozilla/5.0 AppleWebKit/537.36 (KHTML, like Gecko; compatible; GPTBot/1.2; +https://openai.com/gptbot)"
20.171.207.21 - - [07/Jul/2025:08:52:41 -0400] "GET /378bce/?path=%2F%2Fusr%2Flib HTTP/1.1" 200 1156 "-" "Mozilla/5.0 AppleWebKit/537.36 (KHTML, like Gecko; compatible; GPTBot/1.2; +https://openai.com/gptbot)"
20.171.207.231 - - [07/Jul/2025:08:52:47 -0400] "GET /378bce/?action=edit&file=dataclasses.cpython-38.opt-2.pyc&path=%2F%2Fproc%2Fthread-self%2Froot%2Fopt%2Falt%2Fpython38%2Flib64%2Fpython3.8%2F__pycache__ HTTP/1.1" 200 9804 "-" "Mozilla/5.0 AppleWebKit/537.36 (KHTML, like Gecko; compatible; GPTBot/1.2; +https://openai.com/gptbot)"
20.171.207.21 - - [07/Jul/2025:08:52:48 -0400] "GET /378bce/?action=edit&file=view&path=%2F%2Fusr%2Fbin HTTP/1.1" 200 520549 "-" "Mozilla/5.0 AppleWebKit/537.36 (KHTML, like Gecko; compatible; GPTBot/1.2; +https://openai.com/gptbot)"
66.249.74.7 - - [07/Jul/2025:08:52:49 -0400] "GET /q-~226Y7FsQIwNFf4NMjYPZZO1ZqFA3KRxOJ25664/ HTTP/1.1" 404 1251 "-" "Mozilla/5.0 (compatible; Googlebot/2.1; +http://www.google.com/bot.html)"
20.171.207.231 - - [07/Jul/2025:08:52:49 -0400] "GET /378bce/?action=edit&file=__init__.cpython-38.opt-1.pyc&path=%2F%2Fproc%2Fthread-self%2Froot%2Fopt%2Falt%2Fpython38%2Flib64%2Fpython3.8%2Flogging%2F__pycache__ HTTP/1.1" 200 24982 "-" "Mozilla/5.0 AppleWebKit/537.36 (KHTML, like Gecko; compatible; GPTBot/1.2; +https://openai.com/gptbot)"
135.181.212.177 - - [07/Jul/2025:08:52:49 -0400] "GET /378bce/?action=edit&file=libgstsctp-1.0.so.0&path=//lib64 HTTP/1.1" 200 4186 "-" "Mozilla/5.0 (compatible; MJ12bot/v1.4.8; http://mj12bot.com/)"
20.171.207.21 - - [07/Jul/2025:08:52:51 -0400] "GET /378bce/?action=edit&file=ssh-agent&path=%2F%2Fusr%2Fbin HTTP/1.1" 200 117642 "-" "Mozilla/5.0 AppleWebKit/537.36 (KHTML, like Gecko; compatible; GPTBot/1.2; +https://openai.com/gptbot)"
135.181.212.177 - - [07/Jul/2025:08:52:51 -0400] "GET /378bce/?action=edit&file=libgstsctp-1.0.so.0.1601.0&path=//lib64 HTTP/1.1" 200 4201 "-" "Mozilla/5.0 (compatible; MJ12bot/v1.4.8; http://mj12bot.com/)"
136.243.228.195 - - [07/Jul/2025:08:52:52 -0400] "GET /items/bgqtd36/29889?key=wife HTTP/1.1" 404 1251 "-" "Mozilla/5.0 (compatible; DataForSeoBot/1.0; +https://dataforseo.com/dataforseo-bot)"
20.171.207.231 - - [07/Jul/2025:08:52:53 -0400] "GET /378bce/?action=edit&file=client.cpython-38.pyc&path=%2F%2Fproc%2Fthread-self%2Froot%2Fopt%2Falt%2Fpython38%2Flib64%2Fpython3.8%2Fxmlrpc%2F__pycache__ HTTP/1.1" 200 14665 "-" "Mozilla/5.0 AppleWebKit/537.36 (KHTML, like Gecko; compatible; GPTBot/1.2; +https://openai.com/gptbot)"
20.171.207.21 - - [07/Jul/2025:08:52:54 -0400] "GET /378bce/?action=edit&file=mariadb-show&path=%2F%2Fusr%2Fbin HTTP/1.1" 200 705785 "-" "Mozilla/5.0 AppleWebKit/537.36 (KHTML, like Gecko; compatible; GPTBot/1.2; +https://openai.com/gptbot)"
20.171.207.21 - - [07/Jul/2025:08:52:55 -0400] "GET /378bce/?action=edit&file=mariadb-admin&path=%2F%2Fusr%2Fbin HTTP/1.1" 200 710583 "-" "Mozilla/5.0 AppleWebKit/537.36 (KHTML, like Gecko; compatible; GPTBot/1.2; +https://openai.com/gptbot)"
20.171.207.231 - - [07/Jul/2025:08:52:56 -0400] "GET /378bce/?action=edit&file=bisect.cpython-38.opt-1.pyc&path=%2F%2Fproc%2Fthread-self%2Froot%2Fopt%2Falt%2Fpython38%2Flib64%2Fpython3.8%2F__pycache__ HTTP/1.1" 200 1499 "-" "Mozilla/5.0 AppleWebKit/537.36 (KHTML, like Gecko; compatible; GPTBot/1.2; +https://openai.com/gptbot)"
135.181.212.177 - - [07/Jul/2025:08:52:58 -0400] "GET /378bce/?action=edit&file=libgsttag-1.0.so.0&path=//lib64 HTTP/1.1" 200 93887 "-" "Mozilla/5.0 (compatible; MJ12bot/v1.4.8; http://mj12bot.com/)"
20.171.207.231 - - [07/Jul/2025:08:53:01 -0400] "GET /378bce/?action=edit&file=copyreg.cpython-36.opt-2.pyc&path=%2F%2Fproc%2Fthread-self%2Froot%2Fopt%2Falt%2Fpython36%2Flib64%2Fpython3.6%2F__pycache__ HTTP/1.1" 200 2614 "-" "Mozilla/5.0 AppleWebKit/537.36 (KHTML, like Gecko; compatible; GPTBot/1.2; +https://openai.com/gptbot)"
20.171.207.21 - - [07/Jul/2025:08:53:01 -0400] "GET /378bce/?action=edit&file=nproc&path=%2F%2Fusr%2Fbin HTTP/1.1" 200 15331 "-" "Mozilla/5.0 AppleWebKit/537.36 (KHTML, like Gecko; compatible; GPTBot/1.2; +https://openai.com/gptbot)"
20.171.207.231 - - [07/Jul/2025:08:53:02 -0400] "GET /378bce/?action=edit&file=tarfile.cpython-37.opt-2.pyc&path=%2F%2Fproc%2Fthread-self%2Froot%2Fopt%2Falt%2Fpython37%2Flib64%2Fpython3.7%2F__pycache__ HTTP/1.1" 200 22316 "-" "Mozilla/5.0 AppleWebKit/537.36 (KHTML, like Gecko; compatible; GPTBot/1.2; +https://openai.com/gptbot)"
20.171.207.21 - - [07/Jul/2025:08:53:02 -0400] "GET /378bce/?action=edit&file=uptime&path=%2F%2Fusr%2Fbin HTTP/1.1" 200 5296 "-" "Mozilla/5.0 AppleWebKit/537.36 (KHTML, like Gecko; compatible; GPTBot/1.2; +https://openai.com/gptbot)"
20.171.207.231 - - [07/Jul/2025:08:53:03 -0400] "GET /378bce/?action=edit&file=fnmatch.cpython-38.opt-1.pyc&path=%2F%2Fproc%2Fthread-self%2Froot%2Fopt%2Falt%2Fpython38%2Flib64%2Fpython3.8%2F__pycache__ HTTP/1.1" 200 2532 "-" "Mozilla/5.0 AppleWebKit/537.36 (KHTML, like Gecko; compatible; GPTBot/1.2; +https://openai.com/gptbot)"
135.181.212.177 - - [07/Jul/2025:08:53:03 -0400] "GET /378bce/?action=edit&file=libgsturidownloader-1.0.so.0&path=//lib64 HTTP/1.1" 200 11788 "-" "Mozilla/5.0 (compatible; MJ12bot/v1.4.8; http://mj12bot.com/)"
20.171.207.231 - - [07/Jul/2025:08:53:04 -0400] "GET /378bce/?action=edit&file=difflib.cpython-38.opt-2.pyc&path=%2F%2Fproc%2Fthread-self%2Froot%2Fopt%2Falt%2Fpython38%2Flib64%2Fpython3.8%2F__pycache__ HTTP/1.1" 200 12439 "-" "Mozilla/5.0 AppleWebKit/537.36 (KHTML, like Gecko; compatible; GPTBot/1.2; +https://openai.com/gptbot)"
136.243.228.195 - - [07/Jul/2025:08:53:04 -0400] "GET /q-~299IMbmCUVMwQv2HQ0KAQ6fUgIsWlC25h43937/ HTTP/1.1" 404 1251 "-" "Mozilla/5.0 (compatible; DataForSeoBot/1.0; +https://dataforseo.com/dataforseo-bot)"
135.181.212.177 - - [07/Jul/2025:08:53:05 -0400] "GET /378bce/?action=edit&file=libgsturidownloader-1.0.so.0.1601.0&path=//lib64 HTTP/1.1" 200 11838 "-" "Mozilla/5.0 (compatible; MJ12bot/v1.4.8; http://mj12bot.com/)"
20.171.207.231 - - [07/Jul/2025:08:53:05 -0400] "GET /378bce/?action=edit&file=fractions.cpython-37.opt-1.pyc&path=%2F%2Fproc%2Fthread-self%2Froot%2Fopt%2Falt%2Fpython37%2Flib64%2Fpython3.7%2F__pycache__ HTTP/1.1" 200 8297 "-" "Mozilla/5.0 AppleWebKit/537.36 (KHTML, like Gecko; compatible; GPTBot/1.2; +https://openai.com/gptbot)"
20.171.207.21 - - [07/Jul/2025:08:53:06 -0400] "GET /378bce/?action=edit&file=mariadb-show&path=%2F%2Fusr%2Fbin HTTP/1.1" 200 705737 "-" "Mozilla/5.0 AppleWebKit/537.36 (KHTML, like Gecko; compatible; GPTBot/1.2; +https://openai.com/gptbot)"
20.171.207.231 - - [07/Jul/2025:08:53:08 -0400] "GET /378bce/?action=edit&file=sched.cpython-37.opt-1.pyc&path=%2F%2Fproc%2Fthread-self%2Froot%2Fopt%2Falt%2Fpython37%2Flib64%2Fpython3.7%2F__pycache__ HTTP/1.1" 200 3662 "-" "Mozilla/5.0 AppleWebKit/537.36 (KHTML, like Gecko; compatible; GPTBot/1.2; +https://openai.com/gptbot)"
20.171.207.21 - - [07/Jul/2025:08:53:08 -0400] "GET /378bce/?path=%2F%2Fusr%2Flib%2FNetworkManager HTTP/1.1" 200 800 "-" "Mozilla/5.0 AppleWebKit/537.36 (KHTML, like Gecko; compatible; GPTBot/1.2; +https://openai.com/gptbot)"
136.243.228.195 - - [07/Jul/2025:08:52:57 -0400] "GET /q-~204No59oZfwnSyAzD9fiSoFyIFCsgTFYU5410/ HTTP/1.1" 404 1251 "-" "Mozilla/5.0 (compatible; DataForSeoBot/1.0; +https://dataforseo.com/dataforseo-bot)"
20.171.207.231 - - [07/Jul/2025:08:52:57 -0400] "GET /378bce/?action=edit&file=poplib.cpython-37.opt-1.pyc&path=%2F%2Fproc%2Fthread-self%2Froot%2Fopt%2Falt%2Fpython37%2Flib64%2Fpython3.7%2F__pycache__ HTTP/1.1" 200 6918 "-" "Mozilla/5.0 AppleWebKit/537.36 (KHTML, like Gecko; compatible; GPTBot/1.2; +https://openai.com/gptbot)"
20.171.207.231 - - [07/Jul/2025:08:52:58 -0400] "GET /378bce/?action=edit&file=client.cpython-37.opt-2.pyc&path=%2F%2Fproc%2Fthread-self%2Froot%2Fopt%2Falt%2Fpython37%2Flib64%2Fpython3.7%2Fxmlrpc%2F__pycache__ HTTP/1.1" 200 12424 "-" "Mozilla/5.0 AppleWebKit/537.36 (KHTML, like Gecko; compatible; GPTBot/1.2; +https://openai.com/gptbot)"
20.171.207.231 - - [07/Jul/2025:08:53:00 -0400] "GET /378bce/?action=edit&file=symbol.cpython-37.opt-2.pyc&path=%2F%2Fproc%2Fthread-self%2Froot%2Fopt%2Falt%2Fpython37%2Flib64%2Fpython3.7%2F__pycache__ HTTP/1.1" 200 2078 "-" "Mozilla/5.0 AppleWebKit/537.36 (KHTML, like Gecko; compatible; GPTBot/1.2; +https://openai.com/gptbot)"
135.181.212.177 - - [07/Jul/2025:08:53:00 -0400] "GET /378bce/?action=edit&file=libgsttag-1.0.so.0.1601.0&path=//lib64 HTTP/1.1" 200 93997 "-" "Mozilla/5.0 (compatible; MJ12bot/v1.4.8; http://mj12bot.com/)"
136.243.228.195 - - [07/Jul/2025:08:53:01 -0400] "GET /q-~120SG8cb6TuaO54Yf5NlcNqPJe3HKWb8S44900/ HTTP/1.1" 404 1251 "-" "Mozilla/5.0 (compatible; DataForSeoBot/1.0; +https://dataforseo.com/dataforseo-bot)"
20.171.207.21 - - [07/Jul/2025:08:53:03 -0400] "GET /378bce/?action=edit&file=clusterdb&path=%2F%2Fusr%2Fbin HTTP/1.1" 200 24341 "-" "Mozilla/5.0 AppleWebKit/537.36 (KHTML, like Gecko; compatible; GPTBot/1.2; +https://openai.com/gptbot)"
20.171.207.21 - - [07/Jul/2025:08:53:05 -0400] "GET /378bce/?action=edit&file=dnstap-read&path=%2F%2Fusr%2Fbin HTTP/1.1" 200 6990 "-" "Mozilla/5.0 AppleWebKit/537.36 (KHTML, like Gecko; compatible; GPTBot/1.2; +https://openai.com/gptbot)"
20.171.207.231 - - [07/Jul/2025:08:53:06 -0400] "GET /378bce/?action=edit&file=tarfile.cpython-37.opt-1.pyc&path=%2F%2Fproc%2Fthread-self%2Froot%2Fopt%2Falt%2Fpython37%2Flib64%2Fpython3.7%2F__pycache__ HTTP/1.1" 200 27192 "-" "Mozilla/5.0 AppleWebKit/537.36 (KHTML, like Gecko; compatible; GPTBot/1.2; +https://openai.com/gptbot)"
20.171.207.21 - - [07/Jul/2025:08:53:07 -0400] "GET /378bce/?action=edit&file=pre-grohtml&path=%2F%2Fusr%2Fbin HTTP/1.1" 200 45209 "-" "Mozilla/5.0 AppleWebKit/537.36 (KHTML, like Gecko; compatible; GPTBot/1.2; +https://openai.com/gptbot)"
135.181.212.177 - - [07/Jul/2025:08:53:07 -0400] "GET /378bce/?action=edit&file=libgstvideo-1.0.so.0&path=//lib64 HTTP/1.1" 200 236431 "-" "Mozilla/5.0 (compatible; MJ12bot/v1.4.8; http://mj12bot.com/)"
20.171.207.231 - - [07/Jul/2025:08:53:09 -0400] "GET /378bce/?action=edit&file=macurl2path.cpython-36.opt-2.pyc&path=%2F%2Fproc%2Fthread-self%2Froot%2Fopt%2Falt%2Fpython36%2Flib64%2Fpython3.6%2F__pycache__ HTTP/1.1" 200 1558 "-" "Mozilla/5.0 AppleWebKit/537.36 (KHTML, like Gecko; compatible; GPTBot/1.2; +https://openai.com/gptbot)"
20.171.207.231 - - [07/Jul/2025:08:53:10 -0400] "GET /378bce/?action=edit&file=argparse.cpython-37.opt-2.pyc&path=%2F%2Fproc%2Fthread-self%2Froot%2Fopt%2Falt%2Fpython37%2Flib64%2Fpython3.7%2F__pycache__ HTTP/1.1" 200 21555 "-" "Mozilla/5.0 AppleWebKit/537.36 (KHTML, like Gecko; compatible; GPTBot/1.2; +https://openai.com/gptbot)"
135.181.212.177 - - [07/Jul/2025:08:53:10 -0400] "GET /378bce/?action=edit&file=libgstvideo-1.0.so.0.1601.0&path=//lib64 HTTP/1.1" 200 236505 "-" "Mozilla/5.0 (compatible; MJ12bot/v1.4.8; http://mj12bot.com/)"
20.171.207.231 - - [07/Jul/2025:08:53:11 -0400] "GET /378bce/?action=edit&file=bisect.cpython-37.opt-1.pyc&path=%2F%2Fproc%2Fthread-self%2Froot%2Fopt%2Falt%2Fpython37%2Flib64%2Fpython3.7%2F__pycache__ HTTP/1.1" 200 1491 "-" "Mozilla/5.0 AppleWebKit/537.36 (KHTML, like Gecko; compatible; GPTBot/1.2; +https://openai.com/gptbot)"
136.243.228.195 - - [07/Jul/2025:08:53:08 -0400] "GET /q-~179TGFglCUtYjR67PEFPh5kDIJZzF8X4m41767/ HTTP/1.1" 404 1251 "-" "Mozilla/5.0 (compatible; DataForSeoBot/1.0; +https://dataforseo.com/dataforseo-bot)"
20.171.207.21 - - [07/Jul/2025:08:53:14 -0400] "GET /378bce/?path=%2F%2Fvar%2Flib%2Fspamassassin HTTP/1.1" 200 780 "-" "Mozilla/5.0 AppleWebKit/537.36 (KHTML, like Gecko; compatible; GPTBot/1.2; +https://openai.com/gptbot)"
20.171.207.231 - - [07/Jul/2025:08:53:14 -0400] "GET /378bce/?action=edit&file=stringprep.cpython-38.opt-1.pyc&path=%2F%2Fproc%2Fthread-self%2Froot%2Fopt%2Falt%2Fpython38%2Flib64%2Fpython3.8%2F__pycache__ HTTP/1.1" 200 3733 "-" "Mozilla/5.0 AppleWebKit/537.36 (KHTML, like Gecko; compatible; GPTBot/1.2; +https://openai.com/gptbot)"
20.171.207.21 - - [07/Jul/2025:08:53:15 -0400] "GET /378bce/?action=edit&file=mariadb-admin&path=%2F%2Fusr%2Fbin HTTP/1.1" 200 710684 "-" "Mozilla/5.0 AppleWebKit/537.36 (KHTML, like Gecko; compatible; GPTBot/1.2; +https://openai.com/gptbot)"
135.181.212.177 - - [07/Jul/2025:08:53:15 -0400] "GET /378bce/?action=edit&file=libgstwayland-1.0.so.0.1601.0&path=//lib64 HTTP/1.1" 200 4496 "-" "Mozilla/5.0 (compatible; MJ12bot/v1.4.8; http://mj12bot.com/)"
136.243.228.195 - - [07/Jul/2025:08:53:16 -0400] "GET /items/kdfvg177/17112?key=Roman HTTP/1.1" 404 1251 "-" "Mozilla/5.0 (compatible; DataForSeoBot/1.0; +https://dataforseo.com/dataforseo-bot)"
20.171.207.21 - - [07/Jul/2025:08:53:17 -0400] "GET /378bce/?path=%2F%2Fusr%2Flib%2Fnode_modules HTTP/1.1" 200 752 "-" "Mozilla/5.0 AppleWebKit/537.36 (KHTML, like Gecko; compatible; GPTBot/1.2; +https://openai.com/gptbot)"
20.171.207.231 - - [07/Jul/2025:08:53:18 -0400] "GET /378bce/?action=edit&file=__future__.cpython-38.opt-2.pyc&path=%2F%2Fproc%2Fthread-self%2Froot%2Fopt%2Falt%2Fpython38%2Flib64%2Fpython3.8%2F__pycache__ HTTP/1.1" 200 1727 "-" "Mozilla/5.0 AppleWebKit/537.36 (KHTML, like Gecko; compatible; GPTBot/1.2; +https://openai.com/gptbot)"
20.171.207.21 - - [07/Jul/2025:08:53:18 -0400] "GET /378bce/?path=%2F%2Fusr%2Flib%2Fenvironment.d HTTP/1.1" 200 770 "-" "Mozilla/5.0 AppleWebKit/537.36 (KHTML, like Gecko; compatible; GPTBot/1.2; +https://openai.com/gptbot)"
20.171.207.231 - - [07/Jul/2025:08:53:19 -0400] "GET /378bce/?action=edit&file=cProfile.cpython-36.opt-2.pyc&path=%2F%2Fproc%2Fthread-self%2Froot%2Fopt%2Falt%2Fpython36%2Flib64%2Fpython3.6%2F__pycache__ HTTP/1.1" 200 2847 "-" "Mozilla/5.0 AppleWebKit/537.36 (KHTML, like Gecko; compatible; GPTBot/1.2; +https://openai.com/gptbot)"
135.181.212.177 - - [07/Jul/2025:08:53:20 -0400] "GET /378bce/?action=edit&file=libgstwebrtc-1.0.so.0.1601.0&path=//lib64 HTTP/1.1" 200 12290 "-" "Mozilla/5.0 (compatible; MJ12bot/v1.4.8; http://mj12bot.com/)"
20.171.207.231 - - [07/Jul/2025:08:53:21 -0400] "GET /378bce/?action=edit&file=pprint.cpython-36.opt-1.pyc&path=%2F%2Fproc%2Fthread-self%2Froot%2Fopt%2Falt%2Fpython36%2Flib64%2Fpython3.6%2F__pycache__ HTTP/1.1" 200 7669 "-" "Mozilla/5.0 AppleWebKit/537.36 (KHTML, like Gecko; compatible; GPTBot/1.2; +https://openai.com/gptbot)"
20.171.207.231 - - [07/Jul/2025:08:53:23 -0400] "GET /378bce/?action=edit&file=posixpath.cpython-38.opt-2.pyc&path=%2F%2Fproc%2Fthread-self%2Froot%2Fopt%2Falt%2Fpython38%2Flib64%2Fpython3.8%2F__pycache__ HTTP/1.1" 200 5093 "-" "Mozilla/5.0 AppleWebKit/537.36 (KHTML, like Gecko; compatible; GPTBot/1.2; +https://openai.com/gptbot)"
20.171.207.231 - - [07/Jul/2025:08:53:24 -0400] "GET /378bce/?action=edit&file=telnetlib.cpython-37.opt-2.pyc&path=%2F%2Fproc%2Fthread-self%2Froot%2Fopt%2Falt%2Fpython37%2Flib64%2Fpython3.7%2F__pycache__ HTTP/1.1" 200 5813 "-" "Mozilla/5.0 AppleWebKit/537.36 (KHTML, like Gecko; compatible; GPTBot/1.2; +https://openai.com/gptbot)"
136.243.228.195 - - [07/Jul/2025:08:53:24 -0400] "GET /q-~96rNBmdz6YWKEkehtbhMIKAQdCKnjUQB25020/ HTTP/1.1" 404 1251 "-" "Mozilla/5.0 (compatible; DataForSeoBot/1.0; +https://dataforseo.com/dataforseo-bot)"
20.171.207.231 - - [07/Jul/2025:08:53:12 -0400] "GET /378bce/?action=edit&file=tempfile.cpython-37.opt-2.pyc&path=%2F%2Fproc%2Fthread-self%2Froot%2Fopt%2Falt%2Fpython37%2Flib64%2Fpython3.7%2F__pycache__ HTTP/1.1" 200 7420 "-" "Mozilla/5.0 AppleWebKit/537.36 (KHTML, like Gecko; compatible; GPTBot/1.2; +https://openai.com/gptbot)"
136.243.228.195 - - [07/Jul/2025:08:53:12 -0400] "GET /items/agsed241/7956?key=German HTTP/1.1" 404 1251 "-" "Mozilla/5.0 (compatible; DataForSeoBot/1.0; +https://dataforseo.com/dataforseo-bot)"
20.171.207.21 - - [07/Jul/2025:08:53:12 -0400] "GET /378bce/?path=%2F%2Fusr%2Flib%2Fdebug HTTP/1.1" 200 787 "-" "Mozilla/5.0 AppleWebKit/537.36 (KHTML, like Gecko; compatible; GPTBot/1.2; +https://openai.com/gptbot)"
135.181.212.177 - - [07/Jul/2025:08:53:13 -0400] "GET /378bce/?action=edit&file=libgstwayland-1.0.so.0&path=//lib64 HTTP/1.1" 200 4497 "-" "Mozilla/5.0 (compatible; MJ12bot/v1.4.8; http://mj12bot.com/)"
20.171.207.231 - - [07/Jul/2025:08:53:13 -0400] "GET /378bce/?action=edit&file=token.cpython-38.opt-1.pyc&path=%2F%2Fproc%2Fthread-self%2Froot%2Fopt%2Falt%2Fpython38%2Flib64%2Fpython3.8%2F__pycache__ HTTP/1.1" 200 2117 "-" "Mozilla/5.0 AppleWebKit/537.36 (KHTML, like Gecko; compatible; GPTBot/1.2; +https://openai.com/gptbot)"
20.171.207.231 - - [07/Jul/2025:08:53:16 -0400] "GET /378bce/?action=edit&file=types.cpython-38.opt-1.pyc&path=%2F%2Fproc%2Fthread-self%2Froot%2Fopt%2Falt%2Fpython38%2Flib64%2Fpython3.8%2F__pycache__ HTTP/1.1" 200 4932 "-" "Mozilla/5.0 AppleWebKit/537.36 (KHTML, like Gecko; compatible; GPTBot/1.2; +https://openai.com/gptbot)"
20.171.207.21 - - [07/Jul/2025:08:53:16 -0400] "GET /378bce/?path=%2F%2Fusr%2Flib%2Fmodules-load.d HTTP/1.1" 200 781 "-" "Mozilla/5.0 AppleWebKit/537.36 (KHTML, like Gecko; compatible; GPTBot/1.2; +https://openai.com/gptbot)"
20.171.207.231 - - [07/Jul/2025:08:53:17 -0400] "GET /378bce/?action=edit&file=typing.cpython-37.opt-2.pyc&path=%2F%2Fproc%2Fthread-self%2Froot%2Fopt%2Falt%2Fpython37%2Flib64%2Fpython3.7%2F__pycache__ HTTP/1.1" 200 16565 "-" "Mozilla/5.0 AppleWebKit/537.36 (KHTML, like Gecko; compatible; GPTBot/1.2; +https://openai.com/gptbot)"
135.181.212.177 - - [07/Jul/2025:08:53:17 -0400] "GET /378bce/?action=edit&file=libgstwebrtc-1.0.so.0&path=//lib64 HTTP/1.1" 200 12197 "-" "Mozilla/5.0 (compatible; MJ12bot/v1.4.8; http://mj12bot.com/)"
20.171.207.21 - - [07/Jul/2025:08:53:19 -0400] "GET /378bce/?path=%2F%2Fvar%2Flib%2Fmysql HTTP/1.1" 200 25200 "-" "Mozilla/5.0 AppleWebKit/537.36 (KHTML, like Gecko; compatible; GPTBot/1.2; +https://openai.com/gptbot)"
20.171.207.231 - - [07/Jul/2025:08:53:20 -0400] "GET /378bce/?action=edit&file=macpath.cpython-36.opt-1.pyc&path=%2F%2Fproc%2Fthread-self%2Froot%2Fopt%2Falt%2Fpython36%2Flib64%2Fpython3.6%2F__pycache__ HTTP/1.1" 200 3660 "-" "Mozilla/5.0 AppleWebKit/537.36 (KHTML, like Gecko; compatible; GPTBot/1.2; +https://openai.com/gptbot)"
136.243.228.195 - - [07/Jul/2025:08:53:20 -0400] "GET /items/yjgsz191/41268?key=chain HTTP/1.1" 404 1251 "-" "Mozilla/5.0 (compatible; DataForSeoBot/1.0; +https://dataforseo.com/dataforseo-bot)"
135.181.212.177 - - [07/Jul/2025:08:53:22 -0400] "GET /378bce/?action=edit&file=libgthread-2.0.so.0&path=//lib64 HTTP/1.1" 200 3366 "-" "Mozilla/5.0 (compatible; MJ12bot/v1.4.8; http://mj12bot.com/)"
20.171.207.231 - - [07/Jul/2025:08:53:25 -0400] "GET /378bce/?action=edit&file=runpy.cpython-36.opt-1.pyc&path=%2F%2Fproc%2Fthread-self%2Froot%2Fopt%2Falt%2Fpython36%2Flib64%2Fpython3.6%2F__pycache__ HTTP/1.1" 200 4832 "-" "Mozilla/5.0 AppleWebKit/537.36 (KHTML, like Gecko; compatible; GPTBot/1.2; +https://openai.com/gptbot)"
20.171.207.231 - - [07/Jul/2025:08:53:26 -0400] "GET /378bce/?action=edit&file=_pyio.cpython-36.opt-2.pyc&path=%2F%2Fproc%2Fthread-self%2Froot%2Fopt%2Falt%2Fpython36%2Flib64%2Fpython3.6%2F__pycache__ HTTP/1.1" 200 19239 "-" "Mozilla/5.0 AppleWebKit/537.36 (KHTML, like Gecko; compatible; GPTBot/1.2; +https://openai.com/gptbot)"
20.171.207.21 - - [07/Jul/2025:08:53:26 -0400] "GET /378bce/?path=%2F%2Fvar%2Frun%2Fscreen HTTP/1.1" 200 698 "-" "Mozilla/5.0 AppleWebKit/537.36 (KHTML, like Gecko; compatible; GPTBot/1.2; +https://openai.com/gptbot)"
20.171.207.21 - - [07/Jul/2025:08:53:29 -0400] "GET /378bce/?path=%2F%2Fusr%2Flib%2Fkdump HTTP/1.1" 200 812 "-" "Mozilla/5.0 AppleWebKit/537.36 (KHTML, like Gecko; compatible; GPTBot/1.2; +https://openai.com/gptbot)"
136.243.228.195 - - [07/Jul/2025:08:53:29 -0400] "GET /items/wkpqk50/5241?key=nonprofit HTTP/1.1" 404 1251 "-" "Mozilla/5.0 (compatible; DataForSeoBot/1.0; +https://dataforseo.com/dataforseo-bot)"
20.171.207.21 - - [07/Jul/2025:08:53:30 -0400] "GET /378bce/?path=%2F%2Fusr%2Flib%2F.build-id HTTP/1.1" 200 1688 "-" "Mozilla/5.0 AppleWebKit/537.36 (KHTML, like Gecko; compatible; GPTBot/1.2; +https://openai.com/gptbot)"
136.243.228.195 - - [07/Jul/2025:08:53:33 -0400] "GET /q-~29MNzHFPSXT394E3k4ZrWiib4XDZDYSd47771/ HTTP/1.1" 404 1251 "-" "Mozilla/5.0 (compatible; DataForSeoBot/1.0; +https://dataforseo.com/dataforseo-bot)"
20.171.207.231 - - [07/Jul/2025:08:53:33 -0400] "GET /378bce/?action=edit&file=secrets.cpython-38.opt-2.pyc&path=%2F%2Fproc%2Fthread-self%2Froot%2Fopt%2Falt%2Fpython38%2Flib64%2Fpython3.8%2F__pycache__ HTTP/1.1" 200 1329 "-" "Mozilla/5.0 AppleWebKit/537.36 (KHTML, like Gecko; compatible; GPTBot/1.2; +https://openai.com/gptbot)"
20.171.207.231 - - [07/Jul/2025:08:53:34 -0400] "GET /378bce/?action=edit&file=_pydecimal.cpython-38.opt-2.pyc&path=%2F%2Fproc%2Fthread-self%2Froot%2Fopt%2Falt%2Fpython38%2Flib64%2Fpython3.8%2F__pycache__ HTTP/1.1" 200 31099 "-" "Mozilla/5.0 AppleWebKit/537.36 (KHTML, like Gecko; compatible; GPTBot/1.2; +https://openai.com/gptbot)"
20.171.207.231 - - [07/Jul/2025:08:53:35 -0400] "GET /378bce/?action=edit&file=smtpd.cpython-36.opt-2.pyc&path=%2F%2Fproc%2Fthread-self%2Froot%2Fopt%2Falt%2Fpython36%2Flib64%2Fpython3.6%2F__pycache__ HTTP/1.1" 200 10641 "-" "Mozilla/5.0 AppleWebKit/537.36 (KHTML, like Gecko; compatible; GPTBot/1.2; +https://openai.com/gptbot)"
20.171.207.231 - - [07/Jul/2025:08:53:37 -0400] "GET /378bce/?action=edit&file=trace.cpython-38.opt-2.pyc&path=%2F%2Fproc%2Fthread-self%2Froot%2Fopt%2Falt%2Fpython38%2Flib64%2Fpython3.8%2F__pycache__ HTTP/1.1" 200 9420 "-" "Mozilla/5.0 AppleWebKit/537.36 (KHTML, like Gecko; compatible; GPTBot/1.2; +https://openai.com/gptbot)"
20.171.207.231 - - [07/Jul/2025:08:53:38 -0400] "GET /378bce/?action=edit&file=datetime.cpython-38.opt-2.pyc&path=%2F%2Fproc%2Fthread-self%2Froot%2Fopt%2Falt%2Fpython38%2Flib64%2Fpython3.8%2F__pycache__ HTTP/1.1" 200 18871 "-" "Mozilla/5.0 AppleWebKit/537.36 (KHTML, like Gecko; compatible; GPTBot/1.2; +https://openai.com/gptbot)"
20.171.207.21 - - [07/Jul/2025:08:53:39 -0400] "GET /378bce/?path=%2F%2Fvar%2Flib%2Fmysql%2Ffollexfz_wp973 HTTP/1.1" 200 721 "-" "Mozilla/5.0 AppleWebKit/537.36 (KHTML, like Gecko; compatible; GPTBot/1.2; +https://openai.com/gptbot)"
20.171.207.21 - - [07/Jul/2025:08:53:40 -0400] "GET /378bce/?path=%2F%2Fvar%2Flib%2Fmysql%2Fnexgcpav_wp988 HTTP/1.1" 200 720 "-" "Mozilla/5.0 AppleWebKit/537.36 (KHTML, like Gecko; compatible; GPTBot/1.2; +https://openai.com/gptbot)"
20.171.207.21 - - [07/Jul/2025:08:53:41 -0400] "GET /378bce/?action=edit&file=mysql.sock&path=%2F%2Fvar%2Flib%2Fmysql HTTP/1.1" 200 553 "-" "Mozilla/5.0 AppleWebKit/537.36 (KHTML, like Gecko; compatible; GPTBot/1.2; +https://openai.com/gptbot)"
20.171.207.231 - - [07/Jul/2025:08:53:41 -0400] "GET /378bce/?action=edit&file=ftplib.cpython-36.opt-1.pyc&path=%2F%2Fproc%2Fthread-self%2Froot%2Fopt%2Falt%2Fpython36%2Flib64%2Fpython3.6%2F__pycache__ HTTP/1.1" 200 13261 "-" "Mozilla/5.0 AppleWebKit/537.36 (KHTML, like Gecko; compatible; GPTBot/1.2; +https://openai.com/gptbot)"
20.171.207.231 - - [07/Jul/2025:08:53:42 -0400] "GET /378bce/?action=edit&file=formatter.cpython-36.opt-1.pyc&path=%2F%2Fproc%2Fthread-self%2Froot%2Fopt%2Falt%2Fpython36%2Flib64%2Fpython3.6%2F__pycache__ HTTP/1.1" 200 6765 "-" "Mozilla/5.0 AppleWebKit/537.36 (KHTML, like Gecko; compatible; GPTBot/1.2; +https://openai.com/gptbot)"
20.171.207.231 - - [07/Jul/2025:08:53:27 -0400] "GET /378bce/?action=edit&file=__init__.cpython-36.opt-2.pyc&path=%2F%2Fproc%2Fthread-self%2Froot%2Fopt%2Falt%2Fpython36%2Flib64%2Fpython3.6%2Fxmlrpc%2F__pycache__ HTTP/1.1" 200 672 "-" "Mozilla/5.0 AppleWebKit/537.36 (KHTML, like Gecko; compatible; GPTBot/1.2; +https://openai.com/gptbot)"
20.171.207.21 - - [07/Jul/2025:08:53:27 -0400] "GET /378bce/?path=%2F%2Flib%2Frpm%2Ffileattrs HTTP/1.1" 200 881 "-" "Mozilla/5.0 AppleWebKit/537.36 (KHTML, like Gecko; compatible; GPTBot/1.2; +https://openai.com/gptbot)"
20.171.207.231 - - [07/Jul/2025:08:53:28 -0400] "GET /378bce/?action=edit&file=__phello__.foo.cpython-38.opt-1.pyc&path=%2F%2Fproc%2Fthread-self%2Froot%2Fopt%2Falt%2Fpython38%2Flib64%2Fpython3.8%2F__pycache__ HTTP/1.1" 200 674 "-" "Mozilla/5.0 AppleWebKit/537.36 (KHTML, like Gecko; compatible; GPTBot/1.2; +https://openai.com/gptbot)"
20.171.207.231 - - [07/Jul/2025:08:53:30 -0400] "GET /378bce/?action=edit&file=py_compile.cpython-37.opt-1.pyc&path=%2F%2Fproc%2Fthread-self%2Froot%2Fopt%2Falt%2Fpython37%2Flib64%2Fpython3.7%2F__pycache__ HTTP/1.1" 200 4236 "-" "Mozilla/5.0 AppleWebKit/537.36 (KHTML, like Gecko; compatible; GPTBot/1.2; +https://openai.com/gptbot)"
20.171.207.231 - - [07/Jul/2025:08:53:31 -0400] "GET /378bce/?action=edit&file=telnetlib.cpython-38.opt-1.pyc&path=%2F%2Fproc%2Fthread-self%2Froot%2Fopt%2Falt%2Fpython38%2Flib64%2Fpython3.8%2F__pycache__ HTTP/1.1" 200 8728 "-" "Mozilla/5.0 AppleWebKit/537.36 (KHTML, like Gecko; compatible; GPTBot/1.2; +https://openai.com/gptbot)"
20.171.207.21 - - [07/Jul/2025:08:53:31 -0400] "GET /378bce/?path=%2F%2Fusr%2Flib%2Ftuned HTTP/1.1" 200 1020 "-" "Mozilla/5.0 AppleWebKit/537.36 (KHTML, like Gecko; compatible; GPTBot/1.2; +https://openai.com/gptbot)"
20.171.207.231 - - [07/Jul/2025:08:53:32 -0400] "GET /378bce/?action=edit&file=shutil.cpython-37.opt-2.pyc&path=%2F%2Fproc%2Fthread-self%2Froot%2Fopt%2Falt%2Fpython37%2Flib64%2Fpython3.7%2F__pycache__ HTTP/1.1" 200 10575 "-" "Mozilla/5.0 AppleWebKit/537.36 (KHTML, like Gecko; compatible; GPTBot/1.2; +https://openai.com/gptbot)"
20.171.207.21 - - [07/Jul/2025:08:53:32 -0400] "GET /378bce/?path=%2F%2Fusr%2Flib%2Fgames HTTP/1.1" 200 698 "-" "Mozilla/5.0 AppleWebKit/537.36 (KHTML, like Gecko; compatible; GPTBot/1.2; +https://openai.com/gptbot)"
20.171.207.21 - - [07/Jul/2025:08:53:33 -0400] "GET /378bce/?path=%2F%2Flib%2Frpm%2Fplatform HTTP/1.1" 200 1198 "-" "Mozilla/5.0 AppleWebKit/537.36 (KHTML, like Gecko; compatible; GPTBot/1.2; +https://openai.com/gptbot)"
136.243.228.195 - - [07/Jul/2025:08:53:36 -0400] "GET /q-~236LrvO2fqMxCKrBC2BmLEameLJckkGlY30170/ HTTP/1.1" 404 1251 "-" "Mozilla/5.0 (compatible; DataForSeoBot/1.0; +https://dataforseo.com/dataforseo-bot)"
20.171.207.231 - - [07/Jul/2025:08:53:39 -0400] "GET /378bce/?action=edit&file=fileinput.cpython-37.opt-1.pyc&path=%2F%2Fproc%2Fthread-self%2Froot%2Fopt%2Falt%2Fpython37%2Flib64%2Fpython3.7%2F__pycache__ HTTP/1.1" 200 6097 "-" "Mozilla/5.0 AppleWebKit/537.36 (KHTML, like Gecko; compatible; GPTBot/1.2; +https://openai.com/gptbot)"
20.171.207.231 - - [07/Jul/2025:08:53:40 -0400] "GET /378bce/?action=edit&file=posixpath.cpython-36.opt-1.pyc&path=%2F%2Fproc%2Fthread-self%2Froot%2Fopt%2Falt%2Fpython36%2Flib64%2Fpython3.6%2F__pycache__ HTTP/1.1" 200 6050 "-" "Mozilla/5.0 AppleWebKit/537.36 (KHTML, like Gecko; compatible; GPTBot/1.2; +https://openai.com/gptbot)"
136.243.228.195 - - [07/Jul/2025:08:53:40 -0400] "GET /items/cpdam280/27047?key=creation HTTP/1.1" 404 1251 "-" "Mozilla/5.0 (compatible; DataForSeoBot/1.0; +https://dataforseo.com/dataforseo-bot)"
20.171.207.21 - - [07/Jul/2025:08:53:42 -0400] "GET /378bce/?path=%2F%2Fvar%2Flib%2Fmysql%2Fenovtkhf_wp738 HTTP/1.1" 200 719 "-" "Mozilla/5.0 AppleWebKit/537.36 (KHTML, like Gecko; compatible; GPTBot/1.2; +https://openai.com/gptbot)"
20.171.207.21 - - [07/Jul/2025:08:53:43 -0400] "GET /378bce/?path=%2F%2Fvar%2Flib%2Fmysql%2Fcoloprjk_wp396 HTTP/1.1" 200 720 "-" "Mozilla/5.0 AppleWebKit/537.36 (KHTML, like Gecko; compatible; GPTBot/1.2; +https://openai.com/gptbot)"
136.243.228.195 - - [07/Jul/2025:08:53:44 -0400] "GET /q-~85B4jAdVoVMgHZ9ZzKKEWfg93K2yPAgJ40829/ HTTP/1.1" 404 1251 "-" "Mozilla/5.0 (compatible; DataForSeoBot/1.0; +https://dataforseo.com/dataforseo-bot)"
20.171.207.21 - - [07/Jul/2025:08:53:45 -0400] "GET /378bce/?path=%2F%2Fvar%2Flib%2Fmysql%2Ffodcmuka_wp982 HTTP/1.1" 200 719 "-" "Mozilla/5.0 AppleWebKit/537.36 (KHTML, like Gecko; compatible; GPTBot/1.2; +https://openai.com/gptbot)"
20.171.207.231 - - [07/Jul/2025:08:53:45 -0400] "GET /378bce/?action=edit&file=locale.cpython-37.opt-1.pyc&path=%2F%2Fproc%2Fthread-self%2Froot%2Fopt%2Falt%2Fpython37%2Flib64%2Fpython3.7%2F__pycache__ HTTP/1.1" 200 15694 "-" "Mozilla/5.0 AppleWebKit/537.36 (KHTML, like Gecko; compatible; GPTBot/1.2; +https://openai.com/gptbot)"
20.171.207.231 - - [07/Jul/2025:08:53:46 -0400] "GET /378bce/?action=edit&file=secrets.cpython-36.opt-2.pyc&path=%2F%2Fproc%2Fthread-self%2Froot%2Fopt%2Falt%2Fpython36%2Flib64%2Fpython3.6%2F__pycache__ HTTP/1.1" 200 1323 "-" "Mozilla/5.0 AppleWebKit/537.36 (KHTML, like Gecko; compatible; GPTBot/1.2; +https://openai.com/gptbot)"
20.171.207.231 - - [07/Jul/2025:08:53:48 -0400] "GET /378bce/?action=edit&file=dataclasses.cpython-37.opt-1.pyc&path=%2F%2Fproc%2Fthread-self%2Froot%2Fopt%2Falt%2Fpython37%2Flib64%2Fpython3.7%2F__pycache__ HTTP/1.1" 200 10752 "-" "Mozilla/5.0 AppleWebKit/537.36 (KHTML, like Gecko; compatible; GPTBot/1.2; +https://openai.com/gptbot)"
136.243.228.195 - - [07/Jul/2025:08:53:48 -0400] "GET /items/iaawl248/31025?key=talented HTTP/1.1" 404 1251 "-" "Mozilla/5.0 (compatible; DataForSeoBot/1.0; +https://dataforseo.com/dataforseo-bot)"
20.171.207.231 - - [07/Jul/2025:08:53:49 -0400] "GET /378bce/?action=edit&file=platform.cpython-38.opt-1.pyc&path=%2F%2Fproc%2Fthread-self%2Froot%2Fopt%2Falt%2Fpython38%2Flib64%2Fpython3.8%2F__pycache__ HTTP/1.1" 200 12051 "-" "Mozilla/5.0 AppleWebKit/537.36 (KHTML, like Gecko; compatible; GPTBot/1.2; +https://openai.com/gptbot)"
20.171.207.21 - - [07/Jul/2025:08:53:50 -0400] "GET /378bce/?path=%2F%2Fvar%2Flib%2Fmysql%2Fgypsmfkb_wp307 HTTP/1.1" 200 720 "-" "Mozilla/5.0 AppleWebKit/537.36 (KHTML, like Gecko; compatible; GPTBot/1.2; +https://openai.com/gptbot)"
20.171.207.231 - - [07/Jul/2025:08:53:52 -0400] "GET /378bce/?action=edit&file=pickle.cpython-38.opt-1.pyc&path=%2F%2Fproc%2Fthread-self%2Froot%2Fopt%2Falt%2Fpython38%2Flib64%2Fpython3.8%2F__pycache__ HTTP/1.1" 200 19056 "-" "Mozilla/5.0 AppleWebKit/537.36 (KHTML, like Gecko; compatible; GPTBot/1.2; +https://openai.com/gptbot)"
136.243.228.195 - - [07/Jul/2025:08:53:53 -0400] "GET /q-~51foaWxMUmfe6HLglHDFom5poku2pMvq22041/ HTTP/1.1" 404 1251 "-" "Mozilla/5.0 (compatible; DataForSeoBot/1.0; +https://dataforseo.com/dataforseo-bot)"
20.171.207.21 - - [07/Jul/2025:08:53:53 -0400] "GET /378bce/?path=%2F%2Fvar%2Flib%2Fmysql%2Fflinkrhz_wp916 HTTP/1.1" 200 722 "-" "Mozilla/5.0 AppleWebKit/537.36 (KHTML, like Gecko; compatible; GPTBot/1.2; +https://openai.com/gptbot)"
20.171.207.21 - - [07/Jul/2025:08:53:54 -0400] "GET /378bce/?path=%2F%2Fvar%2Flib%2Fmysql%2Fisagxdzn_wp960 HTTP/1.1" 200 722 "-" "Mozilla/5.0 AppleWebKit/537.36 (KHTML, like Gecko; compatible; GPTBot/1.2; +https://openai.com/gptbot)"
20.171.207.231 - - [07/Jul/2025:08:53:54 -0400] "GET /378bce/?action=edit&file=typing.cpython-36.opt-1.pyc&path=%2F%2Fproc%2Fthread-self%2Froot%2Fopt%2Falt%2Fpython36%2Flib64%2Fpython3.6%2F__pycache__ HTTP/1.1" 200 26869 "-" "Mozilla/5.0 AppleWebKit/537.36 (KHTML, like Gecko; compatible; GPTBot/1.2; +https://openai.com/gptbot)"
20.171.207.231 - - [07/Jul/2025:08:53:44 -0400] "GET /378bce/?action=edit&file=queue.cpython-36.opt-2.pyc&path=%2F%2Fproc%2Fthread-self%2Froot%2Fopt%2Falt%2Fpython36%2Flib64%2Fpython3.6%2F__pycache__ HTTP/1.1" 200 2590 "-" "Mozilla/5.0 AppleWebKit/537.36 (KHTML, like Gecko; compatible; GPTBot/1.2; +https://openai.com/gptbot)"
20.171.207.21 - - [07/Jul/2025:08:53:46 -0400] "GET /378bce/?path=%2F%2Fvar%2Flib%2Fmysql%2Fbonalcxs_wp546 HTTP/1.1" 200 720 "-" "Mozilla/5.0 AppleWebKit/537.36 (KHTML, like Gecko; compatible; GPTBot/1.2; +https://openai.com/gptbot)"
20.171.207.231 - - [07/Jul/2025:08:53:47 -0400] "GET /378bce/?action=edit&file=fileinput.cpython-38.opt-1.pyc&path=%2F%2Fproc%2Fthread-self%2Froot%2Fopt%2Falt%2Fpython38%2Flib64%2Fpython3.8%2F__pycache__ HTTP/1.1" 200 6247 "-" "Mozilla/5.0 AppleWebKit/537.36 (KHTML, like Gecko; compatible; GPTBot/1.2; +https://openai.com/gptbot)"
20.171.207.21 - - [07/Jul/2025:08:53:49 -0400] "GET /378bce/?path=%2F%2Fvar%2Flib%2Fmysql%2Fuqidgwfj_wp468 HTTP/1.1" 200 722 "-" "Mozilla/5.0 AppleWebKit/537.36 (KHTML, like Gecko; compatible; GPTBot/1.2; +https://openai.com/gptbot)"
20.171.207.231 - - [07/Jul/2025:08:53:50 -0400] "GET /378bce/?action=edit&file=secrets.cpython-36.opt-1.pyc&path=%2F%2Fproc%2Fthread-self%2Froot%2Fopt%2Falt%2Fpython36%2Flib64%2Fpython3.6%2F__pycache__ HTTP/1.1" 200 1811 "-" "Mozilla/5.0 AppleWebKit/537.36 (KHTML, like Gecko; compatible; GPTBot/1.2; +https://openai.com/gptbot)"
20.171.207.21 - - [07/Jul/2025:08:53:51 -0400] "GET /378bce/?path=%2F%2Fvar%2Flib%2Fmysql%2Fsaddam786_pos HTTP/1.1" 200 718 "-" "Mozilla/5.0 AppleWebKit/537.36 (KHTML, like Gecko; compatible; GPTBot/1.2; +https://openai.com/gptbot)"
20.171.207.231 - - [07/Jul/2025:08:53:53 -0400] "GET /378bce/?action=edit&file=_osx_support.cpython-36.opt-2.pyc&path=%2F%2Fproc%2Fthread-self%2Froot%2Fopt%2Falt%2Fpython36%2Flib64%2Fpython3.6%2F__pycache__ HTTP/1.1" 200 4890 "-" "Mozilla/5.0 AppleWebKit/537.36 (KHTML, like Gecko; compatible; GPTBot/1.2; +https://openai.com/gptbot)"
20.171.207.21 - - [07/Jul/2025:08:53:55 -0400] "GET /378bce/?path=%2F%2Fvar%2Flib%2Fmysql%2Fvelozhnx_wp469 HTTP/1.1" 200 722 "-" "Mozilla/5.0 AppleWebKit/537.36 (KHTML, like Gecko; compatible; GPTBot/1.2; +https://openai.com/gptbot)"
20.171.207.231 - - [07/Jul/2025:08:53:55 -0400] "GET /378bce/?action=edit&file=netrc.cpython-38.opt-2.pyc&path=%2F%2Fproc%2Fthread-self%2Froot%2Fopt%2Falt%2Fpython38%2Flib64%2Fpython3.8%2F__pycache__ HTTP/1.1" 200 2776 "-" "Mozilla/5.0 AppleWebKit/537.36 (KHTML, like Gecko; compatible; GPTBot/1.2; +https://openai.com/gptbot)"
136.243.228.195 - - [07/Jul/2025:08:53:56 -0400] "GET /items/aredi68/17981?key=molecule HTTP/1.1" 404 1251 "-" "Mozilla/5.0 (compatible; DataForSeoBot/1.0; +https://dataforseo.com/dataforseo-bot)"
20.171.207.231 - - [07/Jul/2025:08:53:57 -0400] "GET /378bce/?action=edit&file=contextvars.cpython-37.opt-2.pyc&path=%2F%2Fproc%2Fthread-self%2Froot%2Fopt%2Falt%2Fpython37%2Flib64%2Fpython3.7%2F__pycache__ HTTP/1.1" 200 763 "-" "Mozilla/5.0 AppleWebKit/537.36 (KHTML, like Gecko; compatible; GPTBot/1.2; +https://openai.com/gptbot)"
20.171.207.231 - - [07/Jul/2025:08:53:59 -0400] "GET /378bce/?action=edit&file=mimetypes.cpython-38.opt-2.pyc&path=%2F%2Fproc%2Fthread-self%2Froot%2Fopt%2Falt%2Fpython38%2Flib64%2Fpython3.8%2F__pycache__ HTTP/1.1" 200 5758 "-" "Mozilla/5.0 AppleWebKit/537.36 (KHTML, like Gecko; compatible; GPTBot/1.2; +https://openai.com/gptbot)"
20.171.207.231 - - [07/Jul/2025:08:54:00 -0400] "GET /378bce/?action=edit&file=functools.cpython-38.opt-1.pyc&path=%2F%2Fproc%2Fthread-self%2Froot%2Fopt%2Falt%2Fpython38%2Flib64%2Fpython3.8%2F__pycache__ HTTP/1.1" 200 12549 "-" "Mozilla/5.0 AppleWebKit/537.36 (KHTML, like Gecko; compatible; GPTBot/1.2; +https://openai.com/gptbot)"
20.171.207.21 - - [07/Jul/2025:08:54:00 -0400] "GET /378bce/?path=%2F%2Fvar%2Flib%2Fmysql%2Fbwdholding_wp127 HTTP/1.1" 200 721 "-" "Mozilla/5.0 AppleWebKit/537.36 (KHTML, like Gecko; compatible; GPTBot/1.2; +https://openai.com/gptbot)"
20.171.207.231 - - [07/Jul/2025:08:53:56 -0400] "GET /378bce/?action=edit&file=filecmp.cpython-37.opt-1.pyc&path=%2F%2Fproc%2Fthread-self%2Froot%2Fopt%2Falt%2Fpython37%2Flib64%2Fpython3.7%2F__pycache__ HTTP/1.1" 200 4700 "-" "Mozilla/5.0 AppleWebKit/537.36 (KHTML, like Gecko; compatible; GPTBot/1.2; +https://openai.com/gptbot)"
136.243.228.195 - - [07/Jul/2025:08:54:00 -0400] "GET /q-~137m0mPDc13BUbyymXKPpLnebXFkAORpi37859/ HTTP/1.1" 404 1251 "-" "Mozilla/5.0 (compatible; DataForSeoBot/1.0; +https://dataforseo.com/dataforseo-bot)"
20.171.207.231 - - [07/Jul/2025:08:54:01 -0400] "GET /378bce/?action=edit&file=tracemalloc.cpython-36.opt-1.pyc&path=%2F%2Fproc%2Fthread-self%2Froot%2Fopt%2Falt%2Fpython36%2Flib64%2Fpython3.6%2F__pycache__ HTTP/1.1" 200 6992 "-" "Mozilla/5.0 AppleWebKit/537.36 (KHTML, like Gecko; compatible; GPTBot/1.2; +https://openai.com/gptbot)"
20.171.207.21 - - [07/Jul/2025:08:54:01 -0400] "GET /378bce/?path=%2F%2Fvar%2Flib%2Fmysql%2Fhbgauggf_hjT5sfDKhGM3G6 HTTP/1.1" 200 728 "-" "Mozilla/5.0 AppleWebKit/537.36 (KHTML, like Gecko; compatible; GPTBot/1.2; +https://openai.com/gptbot)"
20.171.207.231 - - [07/Jul/2025:08:54:02 -0400] "GET /378bce/?action=edit&file=gettext.cpython-36.opt-1.pyc&path=%2F%2Fproc%2Fthread-self%2Froot%2Fopt%2Falt%2Fpython36%2Flib64%2Fpython3.6%2F__pycache__ HTTP/1.1" 200 7612 "-" "Mozilla/5.0 AppleWebKit/537.36 (KHTML, like Gecko; compatible; GPTBot/1.2; +https://openai.com/gptbot)"
20.171.207.21 - - [07/Jul/2025:08:54:04 -0400] "GET /378bce/?path=%2F%2Fusr%2Flib%2F.build-id%2F96 HTTP/1.1" 200 1715 "-" "Mozilla/5.0 AppleWebKit/537.36 (KHTML, like Gecko; compatible; GPTBot/1.2; +https://openai.com/gptbot)"
20.171.207.21 - - [07/Jul/2025:08:54:05 -0400] "GET /378bce/?path=%2F%2Fvar%2Flib%2Fmysql%2Fbodydppj_thai_kitchen HTTP/1.1" 200 723 "-" "Mozilla/5.0 AppleWebKit/537.36 (KHTML, like Gecko; compatible; GPTBot/1.2; +https://openai.com/gptbot)"
20.171.207.231 - - [07/Jul/2025:08:54:05 -0400] "GET /378bce/?action=edit&file=_py_abc.cpython-38.opt-2.pyc&path=%2F%2Fproc%2Fthread-self%2Froot%2Fopt%2Falt%2Fpython38%2Flib64%2Fpython3.8%2F__pycache__ HTTP/1.1" 200 2533 "-" "Mozilla/5.0 AppleWebKit/537.36 (KHTML, like Gecko; compatible; GPTBot/1.2; +https://openai.com/gptbot)"
20.171.207.21 - - [07/Jul/2025:08:54:06 -0400] "GET /378bce/?path=%2F%2Fvar%2Flib%2Fmysql%2Fcoloprjk_wp582 HTTP/1.1" 200 720 "-" "Mozilla/5.0 AppleWebKit/537.36 (KHTML, like Gecko; compatible; GPTBot/1.2; +https://openai.com/gptbot)"
20.171.207.21 - - [07/Jul/2025:08:54:07 -0400] "GET /378bce/?path=%2F%2Fvar%2Flib%2Fmysql%2Fhacktlwy_wp967 HTTP/1.1" 200 720 "-" "Mozilla/5.0 AppleWebKit/537.36 (KHTML, like Gecko; compatible; GPTBot/1.2; +https://openai.com/gptbot)"
20.171.207.231 - - [07/Jul/2025:08:54:08 -0400] "GET /378bce/?action=edit&file=selectors.cpython-37.opt-2.pyc&path=%2F%2Fproc%2Fthread-self%2Froot%2Fopt%2Falt%2Fpython37%2Flib64%2Fpython3.7%2F__pycache__ HTTP/1.1" 200 5860 "-" "Mozilla/5.0 AppleWebKit/537.36 (KHTML, like Gecko; compatible; GPTBot/1.2; +https://openai.com/gptbot)"
20.171.207.231 - - [07/Jul/2025:08:54:09 -0400] "GET /378bce/?action=edit&file=runpy.cpython-37.opt-2.pyc&path=%2F%2Fproc%2Fthread-self%2Froot%2Fopt%2Falt%2Fpython37%2Flib64%2Fpython3.7%2F__pycache__ HTTP/1.1" 200 4117 "-" "Mozilla/5.0 AppleWebKit/537.36 (KHTML, like Gecko; compatible; GPTBot/1.2; +https://openai.com/gptbot)"
20.171.207.231 - - [07/Jul/2025:08:54:11 -0400] "GET /378bce/?action=edit&file=_compression.cpython-37.opt-2.pyc&path=%2F%2Fproc%2Fthread-self%2Froot%2Fopt%2Falt%2Fpython37%2Flib64%2Fpython3.7%2F__pycache__ HTTP/1.1" 200 2607 "-" "Mozilla/5.0 AppleWebKit/537.36 (KHTML, like Gecko; compatible; GPTBot/1.2; +https://openai.com/gptbot)"
20.171.207.21 - - [07/Jul/2025:08:54:13 -0400] "GET /378bce/?path=%2F%2Fvar%2Flib%2Fmysql%2Fadamrftr_wp389 HTTP/1.1" 200 719 "-" "Mozilla/5.0 AppleWebKit/537.36 (KHTML, like Gecko; compatible; GPTBot/1.2; +https://openai.com/gptbot)"
20.171.207.21 - - [07/Jul/2025:08:54:02 -0400] "GET /378bce/?path=%2F%2Fvar%2Flib%2Fmysql%2Fcheffpha_ocar824 HTTP/1.1" 200 721 "-" "Mozilla/5.0 AppleWebKit/537.36 (KHTML, like Gecko; compatible; GPTBot/1.2; +https://openai.com/gptbot)"
20.171.207.231 - - [07/Jul/2025:08:54:03 -0400] "GET /378bce/?action=edit&file=threading.cpython-36.opt-2.pyc&path=%2F%2Fproc%2Fthread-self%2Froot%2Fopt%2Falt%2Fpython36%2Flib64%2Fpython3.6%2F__pycache__ HTTP/1.1" 200 9109 "-" "Mozilla/5.0 AppleWebKit/537.36 (KHTML, like Gecko; compatible; GPTBot/1.2; +https://openai.com/gptbot)"
136.243.228.195 - - [07/Jul/2025:08:54:04 -0400] "GET /q-~102IPuv35odRUL8kbeO9Tl2PhnOAY42Kz11876/ HTTP/1.1" 404 1251 "-" "Mozilla/5.0 (compatible; DataForSeoBot/1.0; +https://dataforseo.com/dataforseo-bot)"
20.171.207.231 - - [07/Jul/2025:08:54:04 -0400] "GET /378bce/?action=edit&file=sched.cpython-36.opt-2.pyc&path=%2F%2Fproc%2Fthread-self%2Froot%2Fopt%2Falt%2Fpython36%2Flib64%2Fpython3.6%2F__pycache__ HTTP/1.1" 200 2349 "-" "Mozilla/5.0 AppleWebKit/537.36 (KHTML, like Gecko; compatible; GPTBot/1.2; +https://openai.com/gptbot)"
20.171.207.231 - - [07/Jul/2025:08:54:07 -0400] "GET /378bce/?action=edit&file=py_compile.cpython-38.opt-2.pyc&path=%2F%2Fproc%2Fthread-self%2Froot%2Fopt%2Falt%2Fpython38%2Flib64%2Fpython3.8%2F__pycache__ HTTP/1.1" 200 2877 "-" "Mozilla/5.0 AppleWebKit/537.36 (KHTML, like Gecko; compatible; GPTBot/1.2; +https://openai.com/gptbot)"
20.171.207.21 - - [07/Jul/2025:08:54:08 -0400] "GET /378bce/?path=%2F%2Fvar%2Flib%2Fmysql%2Fsivigldi_wp503 HTTP/1.1" 200 720 "-" "Mozilla/5.0 AppleWebKit/537.36 (KHTML, like Gecko; compatible; GPTBot/1.2; +https://openai.com/gptbot)"
136.243.228.195 - - [07/Jul/2025:08:54:09 -0400] "GET /items/dqfai24/39183?key=left HTTP/1.1" 404 1251 "-" "Mozilla/5.0 (compatible; DataForSeoBot/1.0; +https://dataforseo.com/dataforseo-bot)"
20.171.207.231 - - [07/Jul/2025:08:54:10 -0400] "GET /378bce/?action=edit&file=timeit.cpython-38.opt-1.pyc&path=%2F%2Fproc%2Fthread-self%2Froot%2Fopt%2Falt%2Fpython38%2Flib64%2Fpython3.8%2F__pycache__ HTTP/1.1" 200 6626 "-" "Mozilla/5.0 AppleWebKit/537.36 (KHTML, like Gecko; compatible; GPTBot/1.2; +https://openai.com/gptbot)"
20.171.207.231 - - [07/Jul/2025:08:54:12 -0400] "GET /378bce/?action=edit&file=__init__.cpython-37.opt-1.pyc&path=%2F%2Fproc%2Fthread-self%2Froot%2Fopt%2Falt%2Fpython37%2Flib64%2Fpython3.7%2Flogging%2F__pycache__ HTTP/1.1" 200 23332 "-" "Mozilla/5.0 AppleWebKit/537.36 (KHTML, like Gecko; compatible; GPTBot/1.2; +https://openai.com/gptbot)"
20.171.207.21 - - [07/Jul/2025:08:54:14 -0400] "GET /378bce/?path=%2F%2Fvar%2Flib%2Fmysql%2Fanar_db1wprbt HTTP/1.1" 200 716 "-" "Mozilla/5.0 AppleWebKit/537.36 (KHTML, like Gecko; compatible; GPTBot/1.2; +https://openai.com/gptbot)"
20.171.207.231 - - [07/Jul/2025:08:54:16 -0400] "GET /378bce/?action=edit&file=statistics.cpython-38.opt-2.pyc&path=%2F%2Fproc%2Fthread-self%2Froot%2Fopt%2Falt%2Fpython38%2Flib64%2Fpython3.8%2F__pycache__ HTTP/1.1" 200 8460 "-" "Mozilla/5.0 AppleWebKit/537.36 (KHTML, like Gecko; compatible; GPTBot/1.2; +https://openai.com/gptbot)"
20.171.207.21 - - [07/Jul/2025:08:54:17 -0400] "GET /378bce/?path=%2F%2Fvar%2Flib%2Fmysql%2Fajdrdlcg_wp_rfa HTTP/1.1" 200 720 "-" "Mozilla/5.0 AppleWebKit/537.36 (KHTML, like Gecko; compatible; GPTBot/1.2; +https://openai.com/gptbot)"
20.171.207.21 - - [07/Jul/2025:08:54:19 -0400] "GET /378bce/?path=%2F%2Fvar%2Flib%2Fmysql%2Fpinkfkpn_pink HTTP/1.1" 200 717 "-" "Mozilla/5.0 AppleWebKit/537.36 (KHTML, like Gecko; compatible; GPTBot/1.2; +https://openai.com/gptbot)"
20.171.207.231 - - [07/Jul/2025:08:54:19 -0400] "GET /378bce/?action=edit&file=cgitb.cpython-36.opt-2.pyc&path=%2F%2Fproc%2Fthread-self%2Froot%2Fopt%2Falt%2Fpython36%2Flib64%2Fpython3.6%2F__pycache__ HTTP/1.1" 200 5308 "-" "Mozilla/5.0 AppleWebKit/537.36 (KHTML, like Gecko; compatible; GPTBot/1.2; +https://openai.com/gptbot)"
136.243.228.195 - - [07/Jul/2025:08:54:13 -0400] "GET /items/kpcvu18/16577?key=location HTTP/1.1" 404 1251 "-" "Mozilla/5.0 (compatible; DataForSeoBot/1.0; +https://dataforseo.com/dataforseo-bot)"
20.171.207.231 - - [07/Jul/2025:08:54:14 -0400] "GET /378bce/?action=edit&file=mailcap.cpython-38.opt-2.pyc&path=%2F%2Fproc%2Fthread-self%2Froot%2Fopt%2Falt%2Fpython38%2Flib64%2Fpython3.8%2F__pycache__ HTTP/1.1" 200 3901 "-" "Mozilla/5.0 AppleWebKit/537.36 (KHTML, like Gecko; compatible; GPTBot/1.2; +https://openai.com/gptbot)"
