20.171.207.21 - - [07/Jul/2025:08:17:32 -0400] "GET /378bce/?path=%2F%2Fopt%2Falt%2Ftests HTTP/1.1" 200 2267 "-" "Mozilla/5.0 AppleWebKit/537.36 (KHTML, like Gecko; compatible; GPTBot/1.2; +https://openai.com/gptbot)"
20.171.207.231 - - [07/Jul/2025:08:17:32 -0400] "GET /378bce/?path=%2F%2Fproc%2Fthread-self%2Froot%2Fopt%2Falt%2Fpython36%2Flib64%2Fpython3.6%2F__pycache__ HTTP/1.1" 200 6616 "-" "Mozilla/5.0 AppleWebKit/537.36 (KHTML, like Gecko; compatible; GPTBot/1.2; +https://openai.com/gptbot)"
136.243.228.195 - - [07/Jul/2025:08:17:32 -0400] "GET /q-~34UKmKD6bxAyYPp6fr6CwZl7HSb7wocp22866/ HTTP/1.1" 404 1251 "-" "Mozilla/5.0 (compatible; DataForSeoBot/1.0; +https://dataforseo.com/dataforseo-bot)"
20.171.207.21 - - [07/Jul/2025:08:17:35 -0400] "GET /378bce/?path=%2F%2Fopt%2Falt%2Flibgd HTTP/1.1" 200 750 "-" "Mozilla/5.0 AppleWebKit/537.36 (KHTML, like Gecko; compatible; GPTBot/1.2; +https://openai.com/gptbot)"
136.243.228.195 - - [07/Jul/2025:08:17:36 -0400] "GET /items/flgsj48/29615?key=prohibit HTTP/1.1" 404 1251 "-" "Mozilla/5.0 (compatible; DataForSeoBot/1.0; +https://dataforseo.com/dataforseo-bot)"
20.171.207.231 - - [07/Jul/2025:08:17:37 -0400] "GET /378bce/?action=edit&file=_sitebuiltins.py&path=%2F%2Fproc%2Fthread-self%2Froot%2Fopt%2Falt%2Fpython36%2Flib64%2Fpython3.6 HTTP/1.1" 200 1708 "-" "Mozilla/5.0 AppleWebKit/537.36 (KHTML, like Gecko; compatible; GPTBot/1.2; +https://openai.com/gptbot)"
20.171.207.231 - - [07/Jul/2025:08:17:30 -0400] "GET /378bce/?path=%2F%2Fproc%2Fthread-self%2Froot%2Fopt%2Falt%2Fpython38%2Flib64%2Fpython3.8%2F__pycache__ HTTP/1.1" 200 6746 "-" "Mozilla/5.0 AppleWebKit/537.36 (KHTML, like Gecko; compatible; GPTBot/1.2; +https://openai.com/gptbot)"
20.171.207.21 - - [07/Jul/2025:08:17:33 -0400] "GET /378bce/?path=%2F%2Fopt%2Falt%2Flibraqm HTTP/1.1" 200 754 "-" "Mozilla/5.0 AppleWebKit/537.36 (KHTML, like Gecko; compatible; GPTBot/1.2; +https://openai.com/gptbot)"
20.171.207.231 - - [07/Jul/2025:08:17:33 -0400] "GET /378bce/?path=%2F%2Fproc%2Fthread-self%2Froot%2Fopt%2Falt%2Fpython34%2Flib64%2Fpython3.4%2F__pycache__ HTTP/1.1" 200 4278 "-" "Mozilla/5.0 AppleWebKit/537.36 (KHTML, like Gecko; compatible; GPTBot/1.2; +https://openai.com/gptbot)"
20.171.207.21 - - [07/Jul/2025:08:17:34 -0400] "GET /378bce/?path=%2F%2Fopt%2Falt%2Ftests HTTP/1.1" 200 2267 "-" "Mozilla/5.0 AppleWebKit/537.36 (KHTML, like Gecko; compatible; GPTBot/1.2; +https://openai.com/gptbot)"
20.171.207.231 - - [07/Jul/2025:08:17:34 -0400] "GET /378bce/?path=%2F%2Fproc%2Fthread-self%2Froot%2Fopt%2Falt%2Fpython33%2Flib64%2Fpython3.3%2Fdbm%2F__pycache__ HTTP/1.1" 200 987 "-" "Mozilla/5.0 AppleWebKit/537.36 (KHTML, like Gecko; compatible; GPTBot/1.2; +https://openai.com/gptbot)"
20.171.207.231 - - [07/Jul/2025:08:17:35 -0400] "GET /378bce/?action=edit&file=sre_constants.py&path=%2F%2Fproc%2Fthread-self%2Froot%2Fopt%2Falt%2Fpython34%2Flib64%2Fpython3.4 HTTP/1.1" 200 2932 "-" "Mozilla/5.0 AppleWebKit/537.36 (KHTML, like Gecko; compatible; GPTBot/1.2; +https://openai.com/gptbot)"
20.171.207.21 - - [07/Jul/2025:08:17:36 -0400] "GET /378bce/?path=%2F%2Fopt%2Falt%2Flibgd HTTP/1.1" 200 750 "-" "Mozilla/5.0 AppleWebKit/537.36 (KHTML, like Gecko; compatible; GPTBot/1.2; +https://openai.com/gptbot)"
20.171.207.231 - - [07/Jul/2025:08:17:38 -0400] "GET /378bce/?action=edit&file=sre_constants.py&path=%2F%2Fproc%2Fthread-self%2Froot%2Fopt%2Falt%2Fpython36%2Flib64%2Fpython3.6 HTTP/1.1" 200 2868 "-" "Mozilla/5.0 AppleWebKit/537.36 (KHTML, like Gecko; compatible; GPTBot/1.2; +https://openai.com/gptbot)"
20.171.207.231 - - [07/Jul/2025:08:17:39 -0400] "GET /378bce/?action=edit&file=sre_constants.py&path=%2F%2Fproc%2Fthread-self%2Froot%2Fopt%2Falt%2Fpython37%2Flib64%2Fpython3.7 HTTP/1.1" 200 2937 "-" "Mozilla/5.0 AppleWebKit/537.36 (KHTML, like Gecko; compatible; GPTBot/1.2; +https://openai.com/gptbot)"
20.171.207.21 - - [07/Jul/2025:08:17:40 -0400] "GET /378bce/?path=%2F%2Fopt%2Falt%2Fpdflib-lite HTTP/1.1" 200 748 "-" "Mozilla/5.0 AppleWebKit/537.36 (KHTML, like Gecko; compatible; GPTBot/1.2; +https://openai.com/gptbot)"
20.171.207.231 - - [07/Jul/2025:08:17:40 -0400] "GET /378bce/?action=edit&file=_sitebuiltins.py&path=%2F%2Fproc%2Fthread-self%2Froot%2Fopt%2Falt%2Fpython34%2Flib64%2Fpython3.4 HTTP/1.1" 200 1708 "-" "Mozilla/5.0 AppleWebKit/537.36 (KHTML, like Gecko; compatible; GPTBot/1.2; +https://openai.com/gptbot)"
20.171.207.21 - - [07/Jul/2025:08:17:41 -0400] "GET /378bce/?path=%2F%2Fopt%2Falt%2Fpdflib-lite HTTP/1.1" 200 748 "-" "Mozilla/5.0 AppleWebKit/537.36 (KHTML, like Gecko; compatible; GPTBot/1.2; +https://openai.com/gptbot)"
20.171.207.231 - - [07/Jul/2025:08:17:41 -0400] "GET /378bce/?action=edit&file=inspect.cpython-38.pyc&path=%2F%2Fproc%2Fthread-self%2Froot%2Fopt%2Falt%2Fpython38%2Flib64%2Fpython3.8%2F__pycache__ HTTP/1.1" 200 33727 "-" "Mozilla/5.0 AppleWebKit/537.36 (KHTML, like Gecko; compatible; GPTBot/1.2; +https://openai.com/gptbot)"
20.171.207.21 - - [07/Jul/2025:08:17:42 -0400] "GET /378bce/?path=%2F%2Fopt%2Falt%2Fphp-internal HTTP/1.1" 200 701 "-" "Mozilla/5.0 AppleWebKit/537.36 (KHTML, like Gecko; compatible; GPTBot/1.2; +https://openai.com/gptbot)"
20.171.207.231 - - [07/Jul/2025:08:17:44 -0400] "GET /378bce/?action=edit&file=cgi.cpython-38.opt-2.pyc&path=%2F%2Fproc%2Fthread-self%2Froot%2Fopt%2Falt%2Fpython38%2Flib64%2Fpython3.8%2F__pycache__ HTTP/1.1" 200 9510 "-" "Mozilla/5.0 AppleWebKit/537.36 (KHTML, like Gecko; compatible; GPTBot/1.2; +https://openai.com/gptbot)"
136.243.228.195 - - [07/Jul/2025:08:17:40 -0400] "GET /q-~39AFz92jSPoGIclJqXjvgxnC2mDtggVk3179/ HTTP/1.1" 404 1251 "-" "Mozilla/5.0 (compatible; DataForSeoBot/1.0; +https://dataforseo.com/dataforseo-bot)"
20.171.207.231 - - [07/Jul/2025:08:17:42 -0400] "GET /378bce/?action=edit&file=copy.cpython-38.opt-1.pyc&path=%2F%2Fproc%2Fthread-self%2Froot%2Fopt%2Falt%2Fpython38%2Flib64%2Fpython3.8%2F__pycache__ HTTP/1.1" 200 4321 "-" "Mozilla/5.0 AppleWebKit/537.36 (KHTML, like Gecko; compatible; GPTBot/1.2; +https://openai.com/gptbot)"
20.171.207.21 - - [07/Jul/2025:08:17:43 -0400] "GET /378bce/?path=%2F%2Fopt%2Falt%2Fphp-internal HTTP/1.1" 200 701 "-" "Mozilla/5.0 AppleWebKit/537.36 (KHTML, like Gecko; compatible; GPTBot/1.2; +https://openai.com/gptbot)"
20.171.207.21 - - [07/Jul/2025:08:17:46 -0400] "GET /378bce/?path=%2F%2Fopt%2Falt%2Fdefault_php_ini HTTP/1.1" 200 883 "-" "Mozilla/5.0 AppleWebKit/537.36 (KHTML, like Gecko; compatible; GPTBot/1.2; +https://openai.com/gptbot)"
20.171.207.21 - - [07/Jul/2025:08:17:49 -0400] "GET /378bce/?path=%2F%2Fopt%2Falt%2Ftests%2Falt-php80-pecl-http_4.2.4-1.el8 HTTP/1.1" 200 777 "-" "Mozilla/5.0 AppleWebKit/537.36 (KHTML, like Gecko; compatible; GPTBot/1.2; +https://openai.com/gptbot)"
136.243.228.195 - - [07/Jul/2025:08:17:49 -0400] "GET /q-~53jvrkk7HbiahVddaXg1GCqtUnAfZDlM12857/ HTTP/1.1" 404 1251 "-" "Mozilla/5.0 (compatible; DataForSeoBot/1.0; +https://dataforseo.com/dataforseo-bot)"
20.171.207.231 - - [07/Jul/2025:08:17:50 -0400] "GET /378bce/?action=edit&file=imaplib.cpython-34.pyc&path=%2F%2Fproc%2Fthread-self%2Froot%2Fopt%2Falt%2Fpython34%2Flib64%2Fpython3.4%2F__pycache__ HTTP/1.1" 200 18025 "-" "Mozilla/5.0 AppleWebKit/537.36 (KHTML, like Gecko; compatible; GPTBot/1.2; +https://openai.com/gptbot)"
20.171.207.21 - - [07/Jul/2025:08:17:51 -0400] "GET /378bce/?path=%2F%2Fopt%2Falt%2Ftests%2Falt-php80-pecl-leveldb_0.3.0-1.el8 HTTP/1.1" 200 777 "-" "Mozilla/5.0 AppleWebKit/537.36 (KHTML, like Gecko; compatible; GPTBot/1.2; +https://openai.com/gptbot)"
20.171.207.231 - - [07/Jul/2025:08:17:52 -0400] "GET /378bce/?action=edit&file=tabnanny.cpython-37.pyc&path=%2F%2Fproc%2Fthread-self%2Froot%2Fopt%2Falt%2Fpython37%2Flib64%2Fpython3.7%2F__pycache__ HTTP/1.1" 200 4419 "-" "Mozilla/5.0 AppleWebKit/537.36 (KHTML, like Gecko; compatible; GPTBot/1.2; +https://openai.com/gptbot)"
20.171.207.21 - - [07/Jul/2025:08:17:52 -0400] "GET /378bce/?path=%2F%2Fopt%2Falt%2Ftests%2Falt-php82-pecl-oauth_2.0.7-1.el8 HTTP/1.1" 200 732 "-" "Mozilla/5.0 AppleWebKit/537.36 (KHTML, like Gecko; compatible; GPTBot/1.2; +https://openai.com/gptbot)"
20.171.207.231 - - [07/Jul/2025:08:17:53 -0400] "GET /378bce/?action=edit&file=symtable.cpython-34.pyc&path=%2F%2Fproc%2Fthread-self%2Froot%2Fopt%2Falt%2Fpython34%2Flib64%2Fpython3.4%2F__pycache__ HTTP/1.1" 200 4841 "-" "Mozilla/5.0 AppleWebKit/537.36 (KHTML, like Gecko; compatible; GPTBot/1.2; +https://openai.com/gptbot)"
20.171.207.21 - - [07/Jul/2025:08:17:53 -0400] "GET /378bce/?path=%2F%2Fopt%2Falt%2Ftests%2Falt-php82-pecl-redis_5.3.7-5.el8 HTTP/1.1" 200 777 "-" "Mozilla/5.0 AppleWebKit/537.36 (KHTML, like Gecko; compatible; GPTBot/1.2; +https://openai.com/gptbot)"
136.243.228.195 - - [07/Jul/2025:08:17:53 -0400] "GET /items/iltqc212/22225?key=nominee HTTP/1.1" 404 1251 "-" "Mozilla/5.0 (compatible; DataForSeoBot/1.0; +https://dataforseo.com/dataforseo-bot)"
20.171.207.21 - - [07/Jul/2025:08:17:54 -0400] "GET /378bce/?path=%2F%2Fopt%2Falt%2Flibmemcached HTTP/1.1" 200 750 "-" "Mozilla/5.0 AppleWebKit/537.36 (KHTML, like Gecko; compatible; GPTBot/1.2; +https://openai.com/gptbot)"
20.171.207.231 - - [07/Jul/2025:08:17:55 -0400] "GET /378bce/?action=edit&file=abc.cpython-36.opt-1.pyc&path=%2F%2Fproc%2Fthread-self%2Froot%2Fopt%2Falt%2Fpython36%2Flib64%2Fpython3.6%2F__pycache__ HTTP/1.1" 200 3877 "-" "Mozilla/5.0 AppleWebKit/537.36 (KHTML, like Gecko; compatible; GPTBot/1.2; +https://openai.com/gptbot)"
136.243.228.195 - - [07/Jul/2025:08:17:44 -0400] "GET /q-~61ZejP8WQUG7ZarIXoPFuzoKBzU5dSso42313/ HTTP/1.1" 404 1251 "-" "Mozilla/5.0 (compatible; DataForSeoBot/1.0; +https://dataforseo.com/dataforseo-bot)"
20.171.207.21 - - [07/Jul/2025:08:17:45 -0400] "GET /378bce/?path=%2F%2Fopt%2Falt%2Fdefault_php_ini HTTP/1.1" 200 883 "-" "Mozilla/5.0 AppleWebKit/537.36 (KHTML, like Gecko; compatible; GPTBot/1.2; +https://openai.com/gptbot)"
20.171.207.231 - - [07/Jul/2025:08:17:45 -0400] "GET /378bce/?action=edit&file=enum.cpython-37.pyc&path=%2F%2Fproc%2Fthread-self%2Froot%2Fopt%2Falt%2Fpython37%2Flib64%2Fpython3.7%2F__pycache__ HTTP/1.1" 200 11492 "-" "Mozilla/5.0 AppleWebKit/537.36 (KHTML, like Gecko; compatible; GPTBot/1.2; +https://openai.com/gptbot)"
20.171.207.231 - - [07/Jul/2025:08:17:46 -0400] "GET /378bce/?action=edit&file=fnmatch.cpython-36.pyc&path=%2F%2Fproc%2Fthread-self%2Froot%2Fopt%2Falt%2Fpython36%2Flib64%2Fpython3.6%2F__pycache__ HTTP/1.1" 200 2221 "-" "Mozilla/5.0 AppleWebKit/537.36 (KHTML, like Gecko; compatible; GPTBot/1.2; +https://openai.com/gptbot)"
20.171.207.21 - - [07/Jul/2025:08:17:47 -0400] "GET /378bce/?path=%2F%2Fopt%2Falt%2Flibmemcached HTTP/1.1" 200 750 "-" "Mozilla/5.0 AppleWebKit/537.36 (KHTML, like Gecko; compatible; GPTBot/1.2; +https://openai.com/gptbot)"
20.171.207.231 - - [07/Jul/2025:08:17:47 -0400] "GET /378bce/?action=edit&file=ssl.cpython-36.pyc&path=%2F%2Fproc%2Fthread-self%2Froot%2Fopt%2Falt%2Fpython36%2Flib64%2Fpython3.6%2F__pycache__ HTTP/1.1" 200 15269 "-" "Mozilla/5.0 AppleWebKit/537.36 (KHTML, like Gecko; compatible; GPTBot/1.2; +https://openai.com/gptbot)"
20.171.207.231 - - [07/Jul/2025:08:17:48 -0400] "GET /378bce/?action=edit&file=re.cpython-36.pyc&path=%2F%2Fproc%2Fthread-self%2Froot%2Fopt%2Falt%2Fpython36%2Flib64%2Fpython3.6%2F__pycache__ HTTP/1.1" 200 6401 "-" "Mozilla/5.0 AppleWebKit/537.36 (KHTML, like Gecko; compatible; GPTBot/1.2; +https://openai.com/gptbot)"
20.171.207.231 - - [07/Jul/2025:08:17:49 -0400] "GET /378bce/?action=edit&file=uu.cpython-34.pyo&path=%2F%2Fproc%2Fthread-self%2Froot%2Fopt%2Falt%2Fpython34%2Flib64%2Fpython3.4%2F__pycache__ HTTP/1.1" 200 2926 "-" "Mozilla/5.0 AppleWebKit/537.36 (KHTML, like Gecko; compatible; GPTBot/1.2; +https://openai.com/gptbot)"
20.171.207.21 - - [07/Jul/2025:08:17:50 -0400] "GET /378bce/?path=%2F%2Fopt%2Falt%2Ftests%2Falt-php84-pecl-imagick_3.7.0-5.el8 HTTP/1.1" 200 733 "-" "Mozilla/5.0 AppleWebKit/537.36 (KHTML, like Gecko; compatible; GPTBot/1.2; +https://openai.com/gptbot)"
20.171.207.231 - - [07/Jul/2025:08:17:54 -0400] "GET /378bce/?action=edit&file=threading.cpython-34.pyo&path=%2F%2Fproc%2Fthread-self%2Froot%2Fopt%2Falt%2Fpython34%2Flib64%2Fpython3.4%2F__pycache__ HTTP/1.1" 200 14458 "-" "Mozilla/5.0 AppleWebKit/537.36 (KHTML, like Gecko; compatible; GPTBot/1.2; +https://openai.com/gptbot)"
20.171.207.231 - - [07/Jul/2025:08:17:56 -0400] "GET /378bce/?action=edit&file=bz2.cpython-36.opt-2.pyc&path=%2F%2Fproc%2Fthread-self%2Froot%2Fopt%2Falt%2Fpython36%2Flib64%2Fpython3.6%2F__pycache__ HTTP/1.1" 200 3667 "-" "Mozilla/5.0 AppleWebKit/537.36 (KHTML, like Gecko; compatible; GPTBot/1.2; +https://openai.com/gptbot)"
20.171.207.231 - - [07/Jul/2025:08:18:01 -0400] "GET /378bce/?action=edit&file=reprlib.cpython-36.opt-1.pyc&path=%2F%2Fproc%2Fthread-self%2Froot%2Fopt%2Falt%2Fpython36%2Flib64%2Fpython3.6%2F__pycache__ HTTP/1.1" 200 3289 "-" "Mozilla/5.0 AppleWebKit/537.36 (KHTML, like Gecko; compatible; GPTBot/1.2; +https://openai.com/gptbot)"
20.171.207.21 - - [07/Jul/2025:08:18:01 -0400] "GET /378bce/?path=%2F%2Fopt%2Falt%2Flibheif HTTP/1.1" 200 767 "-" "Mozilla/5.0 AppleWebKit/537.36 (KHTML, like Gecko; compatible; GPTBot/1.2; +https://openai.com/gptbot)"
20.171.207.231 - - [07/Jul/2025:08:18:02 -0400] "GET /378bce/?action=edit&file=pipes.cpython-37.opt-2.pyc&path=%2F%2Fproc%2Fthread-self%2Froot%2Fopt%2Falt%2Fpython37%2Flib64%2Fpython3.7%2F__pycache__ HTTP/1.1" 200 3073 "-" "Mozilla/5.0 AppleWebKit/537.36 (KHTML, like Gecko; compatible; GPTBot/1.2; +https://openai.com/gptbot)"
20.171.207.21 - - [07/Jul/2025:08:17:57 -0400] "GET /378bce/?action=edit&file=php74.ini&path=%2F%2Fopt%2Falt%2Fdefault_php_ini HTTP/1.1" 200 790 "-" "Mozilla/5.0 AppleWebKit/537.36 (KHTML, like Gecko; compatible; GPTBot/1.2; +https://openai.com/gptbot)"
20.171.207.231 - - [07/Jul/2025:08:17:57 -0400] "GET /378bce/?action=edit&file=queue.cpython-36.opt-1.pyc&path=%2F%2Fproc%2Fthread-self%2Froot%2Fopt%2Falt%2Fpython36%2Flib64%2Fpython3.6%2F__pycache__ HTTP/1.1" 200 3956 "-" "Mozilla/5.0 AppleWebKit/537.36 (KHTML, like Gecko; compatible; GPTBot/1.2; +https://openai.com/gptbot)"
136.243.228.195 - - [07/Jul/2025:08:17:58 -0400] "GET /items/meinq62/15023?key=announcement HTTP/1.1" 404 1251 "-" "Mozilla/5.0 (compatible; DataForSeoBot/1.0; +https://dataforseo.com/dataforseo-bot)"
20.171.207.21 - - [07/Jul/2025:08:17:58 -0400] "GET /378bce/?path=%2F%2Fopt%2Falt%2Flibwebp HTTP/1.1" 200 754 "-" "Mozilla/5.0 AppleWebKit/537.36 (KHTML, like Gecko; compatible; GPTBot/1.2; +https://openai.com/gptbot)"
20.171.207.231 - - [07/Jul/2025:08:17:59 -0400] "GET /378bce/?action=edit&file=_dummy_thread.cpython-36.opt-1.pyc&path=%2F%2Fproc%2Fthread-self%2Froot%2Fopt%2Falt%2Fpython36%2Flib64%2Fpython3.6%2F__pycache__ HTTP/1.1" 200 2978 "-" "Mozilla/5.0 AppleWebKit/537.36 (KHTML, like Gecko; compatible; GPTBot/1.2; +https://openai.com/gptbot)"
20.171.207.21 - - [07/Jul/2025:08:17:59 -0400] "GET /378bce/?path=%2F%2Fopt%2Falt%2Flibwebp HTTP/1.1" 200 754 "-" "Mozilla/5.0 AppleWebKit/537.36 (KHTML, like Gecko; compatible; GPTBot/1.2; +https://openai.com/gptbot)"
20.171.207.231 - - [07/Jul/2025:08:18:00 -0400] "GET /378bce/?action=edit&file=difflib.cpython-38.opt-1.pyc&path=%2F%2Fproc%2Fthread-self%2Froot%2Fopt%2Falt%2Fpython38%2Flib64%2Fpython3.8%2F__pycache__ HTTP/1.1" 200 23656 "-" "Mozilla/5.0 AppleWebKit/537.36 (KHTML, like Gecko; compatible; GPTBot/1.2; +https://openai.com/gptbot)"
20.171.207.21 - - [07/Jul/2025:08:18:00 -0400] "GET /378bce/?path=%2F%2Fopt%2Falt%2Flibharu HTTP/1.1" 200 744 "-" "Mozilla/5.0 AppleWebKit/537.36 (KHTML, like Gecko; compatible; GPTBot/1.2; +https://openai.com/gptbot)"
136.243.228.195 - - [07/Jul/2025:08:18:01 -0400] "GET /items/yfvdb288/17013?key=able HTTP/1.1" 404 1251 "-" "Mozilla/5.0 (compatible; DataForSeoBot/1.0; +https://dataforseo.com/dataforseo-bot)"
20.171.207.231 - - [07/Jul/2025:08:18:03 -0400] "GET /378bce/?action=edit&file=bisect.cpython-36.opt-1.pyc&path=%2F%2Fproc%2Fthread-self%2Froot%2Fopt%2Falt%2Fpython36%2Flib64%2Fpython3.6%2F__pycache__ HTTP/1.1" 200 1496 "-" "Mozilla/5.0 AppleWebKit/537.36 (KHTML, like Gecko; compatible; GPTBot/1.2; +https://openai.com/gptbot)"
20.171.207.231 - - [07/Jul/2025:08:18:05 -0400] "GET /378bce/?action=edit&file=webbrowser.cpython-37.opt-2.pyc&path=%2F%2Fproc%2Fthread-self%2Froot%2Fopt%2Falt%2Fpython37%2Flib64%2Fpython3.7%2F__pycache__ HTTP/1.1" 200 7311 "-" "Mozilla/5.0 AppleWebKit/537.36 (KHTML, like Gecko; compatible; GPTBot/1.2; +https://openai.com/gptbot)"
136.243.228.195 - - [07/Jul/2025:08:18:05 -0400] "GET /items/catiq146/14327?key=piano HTTP/1.1" 404 1251 "-" "Mozilla/5.0 (compatible; DataForSeoBot/1.0; +https://dataforseo.com/dataforseo-bot)"
20.171.207.21 - - [07/Jul/2025:08:18:06 -0400] "GET /378bce/?path=%2F%2Fopt%2Falt%2Fsqlite HTTP/1.1" 200 745 "-" "Mozilla/5.0 AppleWebKit/537.36 (KHTML, like Gecko; compatible; GPTBot/1.2; +https://openai.com/gptbot)"
20.171.207.231 - - [07/Jul/2025:08:18:08 -0400] "GET /378bce/?action=edit&file=bz2.cpython-36.pyc&path=%2F%2Fproc%2Fthread-self%2Froot%2Fopt%2Falt%2Fpython36%2Flib64%2Fpython3.6%2F__pycache__ HTTP/1.1" 200 5571 "-" "Mozilla/5.0 AppleWebKit/537.36 (KHTML, like Gecko; compatible; GPTBot/1.2; +https://openai.com/gptbot)"
20.171.207.21 - - [07/Jul/2025:08:18:10 -0400] "GET /378bce/?path=%2F%2Fopt%2Falt%2Flibicu HTTP/1.1" 200 744 "-" "Mozilla/5.0 AppleWebKit/537.36 (KHTML, like Gecko; compatible; GPTBot/1.2; +https://openai.com/gptbot)"
20.171.207.21 - - [07/Jul/2025:08:18:03 -0400] "GET /378bce/?path=%2F%2Fopt%2Falt%2Flibharu HTTP/1.1" 200 744 "-" "Mozilla/5.0 AppleWebKit/537.36 (KHTML, like Gecko; compatible; GPTBot/1.2; +https://openai.com/gptbot)"
20.171.207.21 - - [07/Jul/2025:08:18:04 -0400] "GET /378bce/?path=%2F%2Fopt%2Falt%2Flibheif HTTP/1.1" 200 767 "-" "Mozilla/5.0 AppleWebKit/537.36 (KHTML, like Gecko; compatible; GPTBot/1.2; +https://openai.com/gptbot)"
20.171.207.21 - - [07/Jul/2025:08:18:05 -0400] "GET /378bce/?path=%2F%2Fopt%2Falt%2Ftests%2Falt-php81-pecl-luasandbox_4.1.2-2.el8 HTTP/1.1" 200 782 "-" "Mozilla/5.0 AppleWebKit/537.36 (KHTML, like Gecko; compatible; GPTBot/1.2; +https://openai.com/gptbot)"
20.171.207.231 - - [07/Jul/2025:08:18:06 -0400] "GET /378bce/?action=edit&file=tokenize.cpython-38.opt-2.pyc&path=%2F%2Fproc%2Fthread-self%2Froot%2Fopt%2Falt%2Fpython38%2Flib64%2Fpython3.8%2F__pycache__ HTTP/1.1" 200 8256 "-" "Mozilla/5.0 AppleWebKit/537.36 (KHTML, like Gecko; compatible; GPTBot/1.2; +https://openai.com/gptbot)"
20.171.207.231 - - [07/Jul/2025:08:18:07 -0400] "GET /378bce/?action=edit&file=typing.cpython-37.pyc&path=%2F%2Fproc%2Fthread-self%2Froot%2Fopt%2Falt%2Fpython37%2Flib64%2Fpython3.7%2F__pycache__ HTTP/1.1" 200 21265 "-" "Mozilla/5.0 AppleWebKit/537.36 (KHTML, like Gecko; compatible; GPTBot/1.2; +https://openai.com/gptbot)"
20.171.207.21 - - [07/Jul/2025:08:18:07 -0400] "GET /378bce/?path=%2F%2Fopt%2Falt%2Fsqlite HTTP/1.1" 200 745 "-" "Mozilla/5.0 AppleWebKit/537.36 (KHTML, like Gecko; compatible; GPTBot/1.2; +https://openai.com/gptbot)"
20.171.207.21 - - [07/Jul/2025:08:18:08 -0400] "GET /378bce/?path=%2F%2Fopt%2Falt%2Ftests%2Falt-php83-pecl-luasandbox_4.1.2-2.el8 HTTP/1.1" 200 782 "-" "Mozilla/5.0 AppleWebKit/537.36 (KHTML, like Gecko; compatible; GPTBot/1.2; +https://openai.com/gptbot)"
20.171.207.231 - - [07/Jul/2025:08:18:09 -0400] "GET /378bce/?action=edit&file=sre_constants.py&path=%2F%2Fproc%2Fthread-self%2Froot%2Fopt%2Falt%2Fpython38%2Flib64%2Fpython3.8 HTTP/1.1" 200 2935 "-" "Mozilla/5.0 AppleWebKit/537.36 (KHTML, like Gecko; compatible; GPTBot/1.2; +https://openai.com/gptbot)"
136.243.228.195 - - [07/Jul/2025:08:18:10 -0400] "GET /q-~230OMZFca5cxcrSvtwV9EPMYXzh6eIsjE32786/ HTTP/1.1" 404 1251 "-" "Mozilla/5.0 (compatible; DataForSeoBot/1.0; +https://dataforseo.com/dataforseo-bot)"
20.171.207.21 - - [07/Jul/2025:08:18:11 -0400] "GET /378bce/?path=%2F%2Fopt%2Falt%2Flibicu HTTP/1.1" 200 744 "-" "Mozilla/5.0 AppleWebKit/537.36 (KHTML, like Gecko; compatible; GPTBot/1.2; +https://openai.com/gptbot)"
136.243.228.195 - - [07/Jul/2025:08:18:13 -0400] "GET /q-~171HOZYzjjdTjKNMHrYdRBGEooTmLb39h4895/ HTTP/1.1" 404 1251 "-" "Mozilla/5.0 (compatible; DataForSeoBot/1.0; +https://dataforseo.com/dataforseo-bot)"
20.171.207.21 - - [07/Jul/2025:08:18:16 -0400] "GET /378bce/?path=%2F%2Fopt%2Falt%2Flibzip HTTP/1.1" 200 745 "-" "Mozilla/5.0 AppleWebKit/537.36 (KHTML, like Gecko; compatible; GPTBot/1.2; +https://openai.com/gptbot)"
136.243.228.195 - - [07/Jul/2025:08:18:17 -0400] "GET /items/cvjkm242/44677?key=tightly HTTP/1.1" 404 1251 "-" "Mozilla/5.0 (compatible; DataForSeoBot/1.0; +https://dataforseo.com/dataforseo-bot)"
20.171.207.21 - - [07/Jul/2025:08:18:18 -0400] "GET /378bce/?path=%2F%2Fopt%2Falt%2Fopenssl HTTP/1.1" 200 783 "-" "Mozilla/5.0 AppleWebKit/537.36 (KHTML, like Gecko; compatible; GPTBot/1.2; +https://openai.com/gptbot)"
20.171.207.231 - - [07/Jul/2025:08:18:18 -0400] "GET /378bce/?action=edit&file=numbers.cpython-34.pyc&path=%2F%2Fproc%2Fthread-self%2Froot%2Fopt%2Falt%2Fpython34%2Flib64%2Fpython3.4%2F__pycache__ HTTP/1.1" 200 4569 "-" "Mozilla/5.0 AppleWebKit/537.36 (KHTML, like Gecko; compatible; GPTBot/1.2; +https://openai.com/gptbot)"
20.171.207.21 - - [07/Jul/2025:08:18:19 -0400] "GET /378bce/?path=%2F%2Fopt%2Falt%2Fclos_ssa HTTP/1.1" 200 744 "-" "Mozilla/5.0 AppleWebKit/537.36 (KHTML, like Gecko; compatible; GPTBot/1.2; +https://openai.com/gptbot)"
20.171.207.231 - - [07/Jul/2025:08:18:10 -0400] "GET /378bce/?action=edit&file=_sitebuiltins.py&path=%2F%2Fproc%2Fthread-self%2Froot%2Fopt%2Falt%2Fpython38%2Flib64%2Fpython3.8 HTTP/1.1" 200 1708 "-" "Mozilla/5.0 AppleWebKit/537.36 (KHTML, like Gecko; compatible; GPTBot/1.2; +https://openai.com/gptbot)"
20.171.207.231 - - [07/Jul/2025:08:18:11 -0400] "GET /378bce/?action=edit&file=_sitebuiltins.py&path=%2F%2Fproc%2Fthread-self%2Froot%2Fopt%2Falt%2Fpython37%2Flib64%2Fpython3.7 HTTP/1.1" 200 1708 "-" "Mozilla/5.0 AppleWebKit/537.36 (KHTML, like Gecko; compatible; GPTBot/1.2; +https://openai.com/gptbot)"
20.171.207.231 - - [07/Jul/2025:08:18:13 -0400] "GET /378bce/?action=edit&file=sre_constants.py&path=%2F%2Fproc%2Fthread-self%2Froot%2Fopt%2Falt%2Fpython33%2Flib64%2Fpython3.3 HTTP/1.1" 200 2928 "-" "Mozilla/5.0 AppleWebKit/537.36 (KHTML, like Gecko; compatible; GPTBot/1.2; +https://openai.com/gptbot)"
20.171.207.21 - - [07/Jul/2025:08:18:14 -0400] "GET /378bce/?path=%2F%2Fvar%2Flve%2Flveinfo.ver.cagefs HTTP/1.1" 200 769 "-" "Mozilla/5.0 AppleWebKit/537.36 (KHTML, like Gecko; compatible; GPTBot/1.2; +https://openai.com/gptbot)"
20.171.207.231 - - [07/Jul/2025:08:18:14 -0400] "GET /378bce/?action=edit&file=_sysconfigdata.py&path=%2F%2Fproc%2Fthread-self%2Froot%2Fopt%2Falt%2Fpython33%2Flib64%2Fpython3.3 HTTP/1.1" 200 6432 "-" "Mozilla/5.0 AppleWebKit/537.36 (KHTML, like Gecko; compatible; GPTBot/1.2; +https://openai.com/gptbot)"
20.171.207.21 - - [07/Jul/2025:08:18:15 -0400] "GET /378bce/?path=%2F%2Fopt%2Falt%2Flibzip HTTP/1.1" 200 745 "-" "Mozilla/5.0 AppleWebKit/537.36 (KHTML, like Gecko; compatible; GPTBot/1.2; +https://openai.com/gptbot)"
20.171.207.231 - - [07/Jul/2025:08:18:15 -0400] "GET /378bce/?action=edit&file=_sysconfigdata.py&path=%2F%2Fproc%2Fthread-self%2Froot%2Fopt%2Falt%2Fpython34%2Flib64%2Fpython3.4 HTTP/1.1" 200 7401 "-" "Mozilla/5.0 AppleWebKit/537.36 (KHTML, like Gecko; compatible; GPTBot/1.2; +https://openai.com/gptbot)"
20.171.207.231 - - [07/Jul/2025:08:18:16 -0400] "GET /378bce/?action=edit&file=mailbox.cpython-38.pyc&path=%2F%2Fproc%2Fthread-self%2Froot%2Fopt%2Falt%2Fpython38%2Flib64%2Fpython3.8%2F__pycache__ HTTP/1.1" 200 23188 "-" "Mozilla/5.0 AppleWebKit/537.36 (KHTML, like Gecko; compatible; GPTBot/1.2; +https://openai.com/gptbot)"
20.171.207.21 - - [07/Jul/2025:08:18:17 -0400] "GET /378bce/?path=%2F%2Fopt%2Falt%2Fopenssl HTTP/1.1" 200 783 "-" "Mozilla/5.0 AppleWebKit/537.36 (KHTML, like Gecko; compatible; GPTBot/1.2; +https://openai.com/gptbot)"
20.171.207.231 - - [07/Jul/2025:08:18:17 -0400] "GET /378bce/?action=edit&file=warnings.cpython-37.pyc&path=%2F%2Fproc%2Fthread-self%2Froot%2Fopt%2Falt%2Fpython37%2Flib64%2Fpython3.7%2F__pycache__ HTTP/1.1" 200 7608 "-" "Mozilla/5.0 AppleWebKit/537.36 (KHTML, like Gecko; compatible; GPTBot/1.2; +https://openai.com/gptbot)"
20.171.207.231 - - [07/Jul/2025:08:18:20 -0400] "GET /378bce/?action=edit&file=mailbox.cpython-36.pyc&path=%2F%2Fproc%2Fthread-self%2Froot%2Fopt%2Falt%2Fpython36%2Flib64%2Fpython3.6%2F__pycache__ HTTP/1.1" 200 23224 "-" "Mozilla/5.0 AppleWebKit/537.36 (KHTML, like Gecko; compatible; GPTBot/1.2; +https://openai.com/gptbot)"
20.171.207.21 - - [07/Jul/2025:08:18:20 -0400] "GET /378bce/?path=%2F%2Fopt%2Falt%2Fclos_ssa HTTP/1.1" 200 744 "-" "Mozilla/5.0 AppleWebKit/537.36 (KHTML, like Gecko; compatible; GPTBot/1.2; +https://openai.com/gptbot)"
136.243.228.195 - - [07/Jul/2025:08:18:22 -0400] "GET /items/zkqno283/32256?key=tail HTTP/1.1" 404 1251 "-" "Mozilla/5.0 (compatible; DataForSeoBot/1.0; +https://dataforseo.com/dataforseo-bot)"
20.171.207.231 - - [07/Jul/2025:08:18:23 -0400] "GET /378bce/?action=edit&file=weakref.cpython-36.pyc&path=%2F%2Fproc%2Fthread-self%2Froot%2Fopt%2Falt%2Fpython36%2Flib64%2Fpython3.6%2F__pycache__ HTTP/1.1" 200 7991 "-" "Mozilla/5.0 AppleWebKit/537.36 (KHTML, like Gecko; compatible; GPTBot/1.2; +https://openai.com/gptbot)"
20.171.207.231 - - [07/Jul/2025:08:18:24 -0400] "GET /378bce/?action=edit&file=pkgutil.cpython-36.pyc&path=%2F%2Fproc%2Fthread-self%2Froot%2Fopt%2Falt%2Fpython36%2Flib64%2Fpython3.6%2F__pycache__ HTTP/1.1" 200 8546 "-" "Mozilla/5.0 AppleWebKit/537.36 (KHTML, like Gecko; compatible; GPTBot/1.2; +https://openai.com/gptbot)"
20.171.207.231 - - [07/Jul/2025:08:18:25 -0400] "GET /378bce/?action=edit&file=warnings.cpython-34.pyo&path=%2F%2Fproc%2Fthread-self%2Froot%2Fopt%2Falt%2Fpython34%2Flib64%2Fpython3.4%2F__pycache__ HTTP/1.1" 200 6379 "-" "Mozilla/5.0 AppleWebKit/537.36 (KHTML, like Gecko; compatible; GPTBot/1.2; +https://openai.com/gptbot)"
20.171.207.21 - - [07/Jul/2025:08:18:26 -0400] "GET /378bce/?path=%2F%2Fopt%2Falt%2Fzeromq HTTP/1.1" 200 745 "-" "Mozilla/5.0 AppleWebKit/537.36 (KHTML, like Gecko; compatible; GPTBot/1.2; +https://openai.com/gptbot)"
20.171.207.21 - - [07/Jul/2025:08:18:27 -0400] "GET /378bce/?path=%2F%2Fopt%2Falt%2Fzeromq HTTP/1.1" 200 745 "-" "Mozilla/5.0 AppleWebKit/537.36 (KHTML, like Gecko; compatible; GPTBot/1.2; +https://openai.com/gptbot)"
20.171.207.21 - - [07/Jul/2025:08:18:29 -0400] "GET /378bce/?path=%2F%2Fopt%2Falt%2Fcyrus-sasl HTTP/1.1" 200 786 "-" "Mozilla/5.0 AppleWebKit/537.36 (KHTML, like Gecko; compatible; GPTBot/1.2; +https://openai.com/gptbot)"
20.171.207.231 - - [07/Jul/2025:08:18:29 -0400] "GET /378bce/?action=edit&file=keyword.cpython-37.pyc&path=%2F%2Fproc%2Fthread-self%2Froot%2Fopt%2Falt%2Fpython37%2Flib64%2Fpython3.7%2F__pycache__ HTTP/1.1" 200 1888 "-" "Mozilla/5.0 AppleWebKit/537.36 (KHTML, like Gecko; compatible; GPTBot/1.2; +https://openai.com/gptbot)"
20.171.207.21 - - [07/Jul/2025:08:18:30 -0400] "GET /378bce/?path=%2F%2Fopt%2Falt%2Fcyrus-sasl HTTP/1.1" 200 786 "-" "Mozilla/5.0 AppleWebKit/537.36 (KHTML, like Gecko; compatible; GPTBot/1.2; +https://openai.com/gptbot)"
136.243.228.195 - - [07/Jul/2025:08:18:30 -0400] "GET /q-~40SNuG1ZuSXRbzJRgukC1xtQFf7AgUjU42236/ HTTP/1.1" 404 1251 "-" "Mozilla/5.0 (compatible; DataForSeoBot/1.0; +https://dataforseo.com/dataforseo-bot)"
20.171.207.231 - - [07/Jul/2025:08:18:31 -0400] "GET /378bce/?action=edit&file=warnings.cpython-38.pyc&path=%2F%2Fproc%2Fthread-self%2Froot%2Fopt%2Falt%2Fpython38%2Flib64%2Fpython3.8%2F__pycache__ HTTP/1.1" 200 7557 "-" "Mozilla/5.0 AppleWebKit/537.36 (KHTML, like Gecko; compatible; GPTBot/1.2; +https://openai.com/gptbot)"
20.171.207.21 - - [07/Jul/2025:08:18:32 -0400] "GET /378bce/?path=%2F%2Fetc%2Fssh HTTP/1.1" 403 1242 "-" "Mozilla/5.0 AppleWebKit/537.36 (KHTML, like Gecko; compatible; GPTBot/1.2; +https://openai.com/gptbot)"
136.243.228.195 - - [07/Jul/2025:08:18:33 -0400] "GET /items/pmgze134/24167?key=lover HTTP/1.1" 404 1251 "-" "Mozilla/5.0 (compatible; DataForSeoBot/1.0; +https://dataforseo.com/dataforseo-bot)"
20.171.207.21 - - [07/Jul/2025:08:18:35 -0400] "GET /378bce/?path=%2F%2Fetc%2Fmc HTTP/1.1" 403 1242 "-" "Mozilla/5.0 AppleWebKit/537.36 (KHTML, like Gecko; compatible; GPTBot/1.2; +https://openai.com/gptbot)"
20.171.207.231 - - [07/Jul/2025:08:18:35 -0400] "GET /378bce/?action=edit&file=pkgutil.cpython-34.pyc&path=%2F%2Fproc%2Fthread-self%2Froot%2Fopt%2Falt%2Fpython34%2Flib64%2Fpython3.4%2F__pycache__ HTTP/1.1" 200 8685 "-" "Mozilla/5.0 AppleWebKit/537.36 (KHTML, like Gecko; compatible; GPTBot/1.2; +https://openai.com/gptbot)"
20.171.207.21 - - [07/Jul/2025:08:18:36 -0400] "GET /378bce/?path=%2F%2Fopt%2Fcxs HTTP/1.1" 200 751 "-" "Mozilla/5.0 AppleWebKit/537.36 (KHTML, like Gecko; compatible; GPTBot/1.2; +https://openai.com/gptbot)"
20.171.207.21 - - [07/Jul/2025:08:18:37 -0400] "GET /378bce/?path=%2F%2Fetc%2Fscl HTTP/1.1" 403 1242 "-" "Mozilla/5.0 AppleWebKit/537.36 (KHTML, like Gecko; compatible; GPTBot/1.2; +https://openai.com/gptbot)"
136.243.228.195 - - [07/Jul/2025:08:18:38 -0400] "GET /q-~126CbNt6cpbK4q1pfE30phILbYDzBHRgI4684/ HTTP/1.1" 404 1251 "-" "Mozilla/5.0 (compatible; DataForSeoBot/1.0; +https://dataforseo.com/dataforseo-bot)"
20.171.207.231 - - [07/Jul/2025:08:18:21 -0400] "GET /378bce/?action=edit&file=weakref.cpython-38.pyc&path=%2F%2Fproc%2Fthread-self%2Froot%2Fopt%2Falt%2Fpython38%2Flib64%2Fpython3.8%2F__pycache__ HTTP/1.1" 200 8265 "-" "Mozilla/5.0 AppleWebKit/537.36 (KHTML, like Gecko; compatible; GPTBot/1.2; +https://openai.com/gptbot)"
20.171.207.231 - - [07/Jul/2025:08:18:22 -0400] "GET /378bce/?action=edit&file=mailbox.cpython-37.pyc&path=%2F%2Fproc%2Fthread-self%2Froot%2Fopt%2Falt%2Fpython37%2Flib64%2Fpython3.7%2F__pycache__ HTTP/1.1" 200 23311 "-" "Mozilla/5.0 AppleWebKit/537.36 (KHTML, like Gecko; compatible; GPTBot/1.2; +https://openai.com/gptbot)"
20.171.207.21 - - [07/Jul/2025:08:18:23 -0400] "GET /378bce/?path=%2F%2Fopt%2Falt%2Flibraqm HTTP/1.1" 200 754 "-" "Mozilla/5.0 AppleWebKit/537.36 (KHTML, like Gecko; compatible; GPTBot/1.2; +https://openai.com/gptbot)"
20.171.207.21 - - [07/Jul/2025:08:18:24 -0400] "GET /378bce/?path=%2F%2Fopt%2Falt%2Flibgeos HTTP/1.1" 200 754 "-" "Mozilla/5.0 AppleWebKit/537.36 (KHTML, like Gecko; compatible; GPTBot/1.2; +https://openai.com/gptbot)"
20.171.207.21 - - [07/Jul/2025:08:18:25 -0400] "GET /378bce/?path=%2F%2Fopt%2Falt%2Flibgeos HTTP/1.1" 200 754 "-" "Mozilla/5.0 AppleWebKit/537.36 (KHTML, like Gecko; compatible; GPTBot/1.2; +https://openai.com/gptbot)"
136.243.228.195 - - [07/Jul/2025:08:18:25 -0400] "GET /items/gpybh7/20084?key=funeral HTTP/1.1" 404 1251 "-" "Mozilla/5.0 (compatible; DataForSeoBot/1.0; +https://dataforseo.com/dataforseo-bot)"
20.171.207.231 - - [07/Jul/2025:08:18:27 -0400] "GET /378bce/?action=edit&file=keyword.cpython-36.pyc&path=%2F%2Fproc%2Fthread-self%2Froot%2Fopt%2Falt%2Fpython36%2Flib64%2Fpython3.6%2F__pycache__ HTTP/1.1" 200 1890 "-" "Mozilla/5.0 AppleWebKit/537.36 (KHTML, like Gecko; compatible; GPTBot/1.2; +https://openai.com/gptbot)"
20.171.207.231 - - [07/Jul/2025:08:18:28 -0400] "GET /378bce/?action=edit&file=keyword.cpython-38.pyc&path=%2F%2Fproc%2Fthread-self%2Froot%2Fopt%2Falt%2Fpython38%2Flib64%2Fpython3.8%2F__pycache__ HTTP/1.1" 200 1240 "-" "Mozilla/5.0 AppleWebKit/537.36 (KHTML, like Gecko; compatible; GPTBot/1.2; +https://openai.com/gptbot)"
20.171.207.231 - - [07/Jul/2025:08:18:30 -0400] "GET /378bce/?action=edit&file=numbers.cpython-38.pyc&path=%2F%2Fproc%2Fthread-self%2Froot%2Fopt%2Falt%2Fpython38%2Flib64%2Fpython3.8%2F__pycache__ HTTP/1.1" 200 4561 "-" "Mozilla/5.0 AppleWebKit/537.36 (KHTML, like Gecko; compatible; GPTBot/1.2; +https://openai.com/gptbot)"
20.171.207.231 - - [07/Jul/2025:08:18:33 -0400] "GET /378bce/?action=edit&file=keyword.cpython-34.pyc&path=%2F%2Fproc%2Fthread-self%2Froot%2Fopt%2Falt%2Fpython34%2Flib64%2Fpython3.4%2F__pycache__ HTTP/1.1" 200 1905 "-" "Mozilla/5.0 AppleWebKit/537.36 (KHTML, like Gecko; compatible; GPTBot/1.2; +https://openai.com/gptbot)"
20.171.207.21 - - [07/Jul/2025:08:18:33 -0400] "GET /378bce/?path=%2F%2Fetc%2Fcxs HTTP/1.1" 403 1242 "-" "Mozilla/5.0 AppleWebKit/537.36 (KHTML, like Gecko; compatible; GPTBot/1.2; +https://openai.com/gptbot)"
20.171.207.231 - - [07/Jul/2025:08:18:34 -0400] "GET /378bce/?action=edit&file=pkgutil.cpython-37.pyc&path=%2F%2Fproc%2Fthread-self%2Froot%2Fopt%2Falt%2Fpython37%2Flib64%2Fpython3.7%2F__pycache__ HTTP/1.1" 200 8584 "-" "Mozilla/5.0 AppleWebKit/537.36 (KHTML, like Gecko; compatible; GPTBot/1.2; +https://openai.com/gptbot)"
20.171.207.231 - - [07/Jul/2025:08:18:36 -0400] "GET /378bce/?action=edit&file=numbers.cpython-37.pyc&path=%2F%2Fproc%2Fthread-self%2Froot%2Fopt%2Falt%2Fpython37%2Flib64%2Fpython3.7%2F__pycache__ HTTP/1.1" 200 4578 "-" "Mozilla/5.0 AppleWebKit/537.36 (KHTML, like Gecko; compatible; GPTBot/1.2; +https://openai.com/gptbot)"
20.171.207.231 - - [07/Jul/2025:08:18:37 -0400] "GET /378bce/?action=edit&file=weakref.cpython-34.pyc&path=%2F%2Fproc%2Fthread-self%2Froot%2Fopt%2Falt%2Fpython34%2Flib64%2Fpython3.4%2F__pycache__ HTTP/1.1" 200 8008 "-" "Mozilla/5.0 AppleWebKit/537.36 (KHTML, like Gecko; compatible; GPTBot/1.2; +https://openai.com/gptbot)"
20.171.207.231 - - [07/Jul/2025:08:18:38 -0400] "GET /378bce/?action=edit&file=numbers.cpython-34.pyo&path=%2F%2Fproc%2Fthread-self%2Froot%2Fopt%2Falt%2Fpython34%2Flib64%2Fpython3.4%2F__pycache__ HTTP/1.1" 200 4569 "-" "Mozilla/5.0 AppleWebKit/537.36 (KHTML, like Gecko; compatible; GPTBot/1.2; +https://openai.com/gptbot)"
20.171.207.21 - - [07/Jul/2025:08:18:39 -0400] "GET /378bce/?path=%2F%2Fetc%2Fcxs HTTP/1.1" 403 1242 "-" "Mozilla/5.0 AppleWebKit/537.36 (KHTML, like Gecko; compatible; GPTBot/1.2; +https://openai.com/gptbot)"
20.171.207.231 - - [07/Jul/2025:08:18:41 -0400] "GET /378bce/?action=edit&file=mailbox.cpython-34.pyc&path=%2F%2Fproc%2Fthread-self%2Froot%2Fopt%2Falt%2Fpython34%2Flib64%2Fpython3.4%2F__pycache__ HTTP/1.1" 200 23993 "-" "Mozilla/5.0 AppleWebKit/537.36 (KHTML, like Gecko; compatible; GPTBot/1.2; +https://openai.com/gptbot)"
20.171.207.21 - - [07/Jul/2025:08:18:41 -0400] "GET /378bce/?path=%2F%2Fusr%2Fsrc HTTP/1.1" 200 739 "-" "Mozilla/5.0 AppleWebKit/537.36 (KHTML, like Gecko; compatible; GPTBot/1.2; +https://openai.com/gptbot)"
136.243.228.195 - - [07/Jul/2025:08:18:42 -0400] "GET /items/bhjoj25/27322?key=formula HTTP/1.1" 404 1251 "-" "Mozilla/5.0 (compatible; DataForSeoBot/1.0; +https://dataforseo.com/dataforseo-bot)"
20.171.207.231 - - [07/Jul/2025:08:18:43 -0400] "GET /378bce/?action=edit&file=numbers.cpython-36.pyc&path=%2F%2Fproc%2Fthread-self%2Froot%2Fopt%2Falt%2Fpython36%2Flib64%2Fpython3.6%2F__pycache__ HTTP/1.1" 200 4561 "-" "Mozilla/5.0 AppleWebKit/537.36 (KHTML, like Gecko; compatible; GPTBot/1.2; +https://openai.com/gptbot)"
20.171.207.231 - - [07/Jul/2025:08:18:44 -0400] "GET /378bce/?action=edit&file=weakref.cpython-34.pyo&path=%2F%2Fproc%2Fthread-self%2Froot%2Fopt%2Falt%2Fpython34%2Flib64%2Fpython3.4%2F__pycache__ HTTP/1.1" 200 7990 "-" "Mozilla/5.0 AppleWebKit/537.36 (KHTML, like Gecko; compatible; GPTBot/1.2; +https://openai.com/gptbot)"
20.171.207.231 - - [07/Jul/2025:08:18:45 -0400] "GET /378bce/?action=edit&file=warnings.cpython-36.pyc&path=%2F%2Fproc%2Fthread-self%2Froot%2Fopt%2Falt%2Fpython36%2Flib64%2Fpython3.6%2F__pycache__ HTTP/1.1" 200 7338 "-" "Mozilla/5.0 AppleWebKit/537.36 (KHTML, like Gecko; compatible; GPTBot/1.2; +https://openai.com/gptbot)"
136.243.228.195 - - [07/Jul/2025:08:18:45 -0400] "GET /q-~206qlP9dMupJFkhy17KMJcxEJnUBFINhE28084/ HTTP/1.1" 404 1251 "-" "Mozilla/5.0 (compatible; DataForSeoBot/1.0; +https://dataforseo.com/dataforseo-bot)"
20.171.207.21 - - [07/Jul/2025:08:18:46 -0400] "GET /378bce/?path=%2F%2Fvar%2Ftmp HTTP/1.1" 200 771 "-" "Mozilla/5.0 AppleWebKit/537.36 (KHTML, like Gecko; compatible; GPTBot/1.2; +https://openai.com/gptbot)"
20.171.207.231 - - [07/Jul/2025:08:18:48 -0400] "GET /378bce/?action=edit&file=weakref.cpython-37.pyc&path=%2F%2Fproc%2Fthread-self%2Froot%2Fopt%2Falt%2Fpython37%2Flib64%2Fpython3.7%2F__pycache__ HTTP/1.1" 200 8200 "-" "Mozilla/5.0 AppleWebKit/537.36 (KHTML, like Gecko; compatible; GPTBot/1.2; +https://openai.com/gptbot)"
20.171.207.21 - - [07/Jul/2025:08:18:48 -0400] "GET /378bce/?path=%2Fhome%2Fdigixnoe%2F.cpanel%2Fea-php-cli%2Fpublic_html HTTP/1.1" 200 814 "-" "Mozilla/5.0 AppleWebKit/537.36 (KHTML, like Gecko; compatible; GPTBot/1.2; +https://openai.com/gptbot)"
136.243.228.195 - - [07/Jul/2025:08:18:49 -0400] "GET /q-~284WKjNEyPq8tYrRYjmDM0qGQt47WwBOk31584/ HTTP/1.1" 404 1251 "-" "Mozilla/5.0 (compatible; DataForSeoBot/1.0; +https://dataforseo.com/dataforseo-bot)"
20.171.207.231 - - [07/Jul/2025:08:18:50 -0400] "GET /378bce/?path=%2F%2Fproc%2Fthread-self%2Froot%2Fopt%2Falt%2Fpython34%2Flib64%2Fpython3.4%2Fplat-linux HTTP/1.1" 200 983 "-" "Mozilla/5.0 AppleWebKit/537.36 (KHTML, like Gecko; compatible; GPTBot/1.2; +https://openai.com/gptbot)"
20.171.207.231 - - [07/Jul/2025:08:18:51 -0400] "GET /378bce/?path=%2F%2Fproc%2Fthread-self%2Froot%2Fopt%2Falt%2Fpython33%2Flib64%2Fpython3.3%2Fplat-linux HTTP/1.1" 200 986 "-" "Mozilla/5.0 AppleWebKit/537.36 (KHTML, like Gecko; compatible; GPTBot/1.2; +https://openai.com/gptbot)"
20.171.207.21 - - [07/Jul/2025:08:18:38 -0400] "GET /378bce/?path=%2F%2Fetc%2Fpki HTTP/1.1" 403 1242 "-" "Mozilla/5.0 AppleWebKit/537.36 (KHTML, like Gecko; compatible; GPTBot/1.2; +https://openai.com/gptbot)"
20.171.207.231 - - [07/Jul/2025:08:18:40 -0400] "GET /378bce/?action=edit&file=pkgutil.cpython-34.pyo&path=%2F%2Fproc%2Fthread-self%2Froot%2Fopt%2Falt%2Fpython34%2Flib64%2Fpython3.4%2F__pycache__ HTTP/1.1" 200 8685 "-" "Mozilla/5.0 AppleWebKit/537.36 (KHTML, like Gecko; compatible; GPTBot/1.2; +https://openai.com/gptbot)"
20.171.207.231 - - [07/Jul/2025:08:18:42 -0400] "GET /378bce/?action=edit&file=warnings.cpython-34.pyc&path=%2F%2Fproc%2Fthread-self%2Froot%2Fopt%2Falt%2Fpython34%2Flib64%2Fpython3.4%2F__pycache__ HTTP/1.1" 200 6636 "-" "Mozilla/5.0 AppleWebKit/537.36 (KHTML, like Gecko; compatible; GPTBot/1.2; +https://openai.com/gptbot)"
20.171.207.21 - - [07/Jul/2025:08:18:42 -0400] "GET /378bce/?path=%2F%2Fdev%2Fpts HTTP/1.1" 200 758 "-" "Mozilla/5.0 AppleWebKit/537.36 (KHTML, like Gecko; compatible; GPTBot/1.2; +https://openai.com/gptbot)"
20.171.207.21 - - [07/Jul/2025:08:18:44 -0400] "GET /378bce/?path=%2F%2Fdev%2Ffd HTTP/1.1" 200 793 "-" "Mozilla/5.0 AppleWebKit/537.36 (KHTML, like Gecko; compatible; GPTBot/1.2; +https://openai.com/gptbot)"
20.171.207.21 - - [07/Jul/2025:08:18:45 -0400] "GET /378bce/?path=%2F%2Fvar%2Flve HTTP/1.1" 200 795 "-" "Mozilla/5.0 AppleWebKit/537.36 (KHTML, like Gecko; compatible; GPTBot/1.2; +https://openai.com/gptbot)"
20.171.207.231 - - [07/Jul/2025:08:18:46 -0400] "GET /378bce/?action=edit&file=pkgutil.cpython-38.pyc&path=%2F%2Fproc%2Fthread-self%2Froot%2Fopt%2Falt%2Fpython38%2Flib64%2Fpython3.8%2F__pycache__ HTTP/1.1" 200 8570 "-" "Mozilla/5.0 AppleWebKit/537.36 (KHTML, like Gecko; compatible; GPTBot/1.2; +https://openai.com/gptbot)"
20.171.207.21 - - [07/Jul/2025:08:18:47 -0400] "GET /378bce/?path=%2F%2Fdev%2Fpts HTTP/1.1" 200 758 "-" "Mozilla/5.0 AppleWebKit/537.36 (KHTML, like Gecko; compatible; GPTBot/1.2; +https://openai.com/gptbot)"
20.171.207.231 - - [07/Jul/2025:08:18:49 -0400] "GET /378bce/?path=%2F%2Fproc%2Fthread-self%2Froot%2Fopt%2Falt%2Fpython36%2Flib64%2Fpython3.6%2Flib-dynload HTTP/1.1" 200 1875 "-" "Mozilla/5.0 AppleWebKit/537.36 (KHTML, like Gecko; compatible; GPTBot/1.2; +https://openai.com/gptbot)"
20.171.207.21 - - [07/Jul/2025:08:18:49 -0400] "GET /wp-includes/js/jquery/ui/effect-slide.js HTTP/1.1" 200 804 "-" "Mozilla/5.0 AppleWebKit/537.36 (KHTML, like Gecko; compatible; GPTBot/1.2; +https://openai.com/gptbot)"
20.171.207.21 - - [07/Jul/2025:08:18:51 -0400] "GET /378bce/?path=%2Fhome%2Fdigixnoe%2F.cpanel%2Fea-php-cli%2Fpublic_html HTTP/1.1" 200 814 "-" "Mozilla/5.0 AppleWebKit/537.36 (KHTML, like Gecko; compatible; GPTBot/1.2; +https://openai.com/gptbot)"
20.171.207.231 - - [07/Jul/2025:08:18:53 -0400] "GET /378bce/?path=%2F%2Fproc%2Fthread-self%2Froot%2Fopt%2Falt%2Fpython34%2Flib64%2Fpython3.4%2Flib-dynload HTTP/1.1" 200 1777 "-" "Mozilla/5.0 AppleWebKit/537.36 (KHTML, like Gecko; compatible; GPTBot/1.2; +https://openai.com/gptbot)"
136.243.228.195 - - [07/Jul/2025:08:18:53 -0400] "GET /items/ugvfc66/43987?key=initiative HTTP/1.1" 404 1251 "-" "Mozilla/5.0 (compatible; DataForSeoBot/1.0; +https://dataforseo.com/dataforseo-bot)"
20.171.207.21 - - [07/Jul/2025:08:18:55 -0400] "GET /wp-includes/js/zxcvbn.min.js HTTP/1.1" 200 389493 "-" "Mozilla/5.0 AppleWebKit/537.36 (KHTML, like Gecko; compatible; GPTBot/1.2; +https://openai.com/gptbot)"
20.171.207.231 - - [07/Jul/2025:08:18:56 -0400] "GET /378bce/?action=edit&file=imghdr.cpython-38.pyc&path=%2F%2Fproc%2Fthread-self%2Froot%2Fopt%2Falt%2Fpython38%2Flib64%2Fpython3.8%2F__pycache__ HTTP/1.1" 200 2606 "-" "Mozilla/5.0 AppleWebKit/537.36 (KHTML, like Gecko; compatible; GPTBot/1.2; +https://openai.com/gptbot)"
20.171.207.21 - - [07/Jul/2025:08:18:57 -0400] "GET /378bce/?path=%2F%2Fhome%2Fdigixnoe%2F.pki HTTP/1.1" 200 751 "-" "Mozilla/5.0 AppleWebKit/537.36 (KHTML, like Gecko; compatible; GPTBot/1.2; +https://openai.com/gptbot)"
20.171.207.21 - - [07/Jul/2025:08:18:52 -0400] "GET /378bce/?action=edit&file=7&path=%2F%2Fdev%2Ffd HTTP/1.1" 200 479 "-" "Mozilla/5.0 AppleWebKit/537.36 (KHTML, like Gecko; compatible; GPTBot/1.2; +https://openai.com/gptbot)"
20.171.207.231 - - [07/Jul/2025:08:18:52 -0400] "GET /378bce/?path=%2F%2Fproc%2Fthread-self%2Froot%2Fopt%2Falt%2Fpython38%2Flib64%2Fpython3.8%2Flib-dynload HTTP/1.1" 200 1956 "-" "Mozilla/5.0 AppleWebKit/537.36 (KHTML, like Gecko; compatible; GPTBot/1.2; +https://openai.com/gptbot)"
20.171.207.21 - - [07/Jul/2025:08:18:53 -0400] "GET /wp-includes/js/jquery/ui/effect-slide.js HTTP/1.1" 200 804 "-" "Mozilla/5.0 AppleWebKit/537.36 (KHTML, like Gecko; compatible; GPTBot/1.2; +https://openai.com/gptbot)"
20.171.207.21 - - [07/Jul/2025:08:18:54 -0400] "GET /wp-includes/js/zxcvbn.min.js HTTP/1.1" 200 389493 "-" "Mozilla/5.0 AppleWebKit/537.36 (KHTML, like Gecko; compatible; GPTBot/1.2; +https://openai.com/gptbot)"
20.171.207.231 - - [07/Jul/2025:08:18:54 -0400] "GET /378bce/?path=%2F%2Fproc%2Fthread-self%2Froot%2Fopt%2Falt%2Fpython37%2Flib64%2Fpython3.7%2Flib-dynload HTTP/1.1" 200 1931 "-" "Mozilla/5.0 AppleWebKit/537.36 (KHTML, like Gecko; compatible; GPTBot/1.2; +https://openai.com/gptbot)"
20.171.207.231 - - [07/Jul/2025:08:18:57 -0400] "GET /378bce/?action=edit&file=imghdr.cpython-36.pyc&path=%2F%2Fproc%2Fthread-self%2Froot%2Fopt%2Falt%2Fpython36%2Flib64%2Fpython3.6%2F__pycache__ HTTP/1.1" 200 2628 "-" "Mozilla/5.0 AppleWebKit/537.36 (KHTML, like Gecko; compatible; GPTBot/1.2; +https://openai.com/gptbot)"
136.243.228.195 - - [07/Jul/2025:08:18:57 -0400] "GET /items/zqpvm131/20812?key=frozen HTTP/1.1" 404 1251 "-" "Mozilla/5.0 (compatible; DataForSeoBot/1.0; +https://dataforseo.com/dataforseo-bot)"
20.171.207.231 - - [07/Jul/2025:08:18:58 -0400] "GET /378bce/?action=edit&file=imghdr.cpython-37.pyc&path=%2F%2Fproc%2Fthread-self%2Froot%2Fopt%2Falt%2Fpython37%2Flib64%2Fpython3.7%2F__pycache__ HTTP/1.1" 200 2598 "-" "Mozilla/5.0 AppleWebKit/537.36 (KHTML, like Gecko; compatible; GPTBot/1.2; +https://openai.com/gptbot)"
20.171.207.21 - - [07/Jul/2025:08:18:59 -0400] "GET /378bce/?path=%2F%2Fhome%2Fdigixnoe%2F.pki HTTP/1.1" 200 751 "-" "Mozilla/5.0 AppleWebKit/537.36 (KHTML, like Gecko; compatible; GPTBot/1.2; +https://openai.com/gptbot)"
20.171.207.231 - - [07/Jul/2025:08:19:00 -0400] "GET /378bce/?action=edit&file=array.cpython-36m-x86_64-linux-gnu.so&path=%2F%2Fproc%2Fthread-self%2Froot%2Fopt%2Falt%2Fpython36%2Flib64%2Fpython3.6%2Flib-dynload HTTP/1.1" 200 20137 "-" "Mozilla/5.0 AppleWebKit/537.36 (KHTML, like Gecko; compatible; GPTBot/1.2; +https://openai.com/gptbot)"
20.171.207.231 - - [07/Jul/2025:08:19:01 -0400] "GET /378bce/?action=edit&file=TYPES.py&path=%2F%2Fproc%2Fthread-self%2Froot%2Fopt%2Falt%2Fpython34%2Flib64%2Fpython3.4%2Fplat-linux HTTP/1.1" 200 1720 "-" "Mozilla/5.0 AppleWebKit/537.36 (KHTML, like Gecko; compatible; GPTBot/1.2; +https://openai.com/gptbot)"
136.243.228.195 - - [07/Jul/2025:08:19:02 -0400] "GET /items/qsedu105/47450?key=more HTTP/1.1" 404 1251 "-" "Mozilla/5.0 (compatible; DataForSeoBot/1.0; +https://dataforseo.com/dataforseo-bot)"
20.171.207.231 - - [07/Jul/2025:08:19:02 -0400] "GET /378bce/?action=edit&file=TYPES.py&path=%2F%2Fproc%2Fthread-self%2Froot%2Fopt%2Falt%2Fpython33%2Flib64%2Fpython3.3%2Fplat-linux HTTP/1.1" 200 1720 "-" "Mozilla/5.0 AppleWebKit/537.36 (KHTML, like Gecko; compatible; GPTBot/1.2; +https://openai.com/gptbot)"
20.171.207.21 - - [07/Jul/2025:08:19:04 -0400] "GET /wp-includes/widgets/class-wp-widget-tag-cloud.php HTTP/1.1" 403 1242 "-" "Mozilla/5.0 AppleWebKit/537.36 (KHTML, like Gecko; compatible; GPTBot/1.2; +https://openai.com/gptbot)"
20.171.207.231 - - [07/Jul/2025:08:19:06 -0400] "GET /378bce/?action=edit&file=CDROM.py&path=%2F%2Fproc%2Fthread-self%2Froot%2Fopt%2Falt%2Fpython33%2Flib64%2Fpython3.3%2Fplat-linux HTTP/1.1" 200 2383 "-" "Mozilla/5.0 AppleWebKit/537.36 (KHTML, like Gecko; compatible; GPTBot/1.2; +https://openai.com/gptbot)"
20.171.207.231 - - [07/Jul/2025:08:18:59 -0400] "GET /378bce/?action=edit&file=queue.cpython-37.pyc&path=%2F%2Fproc%2Fthread-self%2Froot%2Fopt%2Falt%2Fpython37%2Flib64%2Fpython3.7%2F__pycache__ HTTP/1.1" 200 4621 "-" "Mozilla/5.0 AppleWebKit/537.36 (KHTML, like Gecko; compatible; GPTBot/1.2; +https://openai.com/gptbot)"
20.171.207.21 - - [07/Jul/2025:08:19:00 -0400] "GET /378bce/?path=%2F%2Fvar%2Flve%2Flveinfo.ver.cagefs HTTP/1.1" 200 769 "-" "Mozilla/5.0 AppleWebKit/537.36 (KHTML, like Gecko; compatible; GPTBot/1.2; +https://openai.com/gptbot)"
20.171.207.21 - - [07/Jul/2025:08:19:01 -0400] "GET /378bce/?path=%2Fhome%2Fdigixnoe%2Fssl HTTP/1.1" 200 835 "-" "Mozilla/5.0 AppleWebKit/537.36 (KHTML, like Gecko; compatible; GPTBot/1.2; +https://openai.com/gptbot)"
20.171.207.21 - - [07/Jul/2025:08:19:02 -0400] "GET /378bce/?path=%2Fhome%2Fdigixnoe%2Fssl HTTP/1.1" 200 835 "-" "Mozilla/5.0 AppleWebKit/537.36 (KHTML, like Gecko; compatible; GPTBot/1.2; +https://openai.com/gptbot)"
20.171.207.21 - - [07/Jul/2025:08:19:03 -0400] "GET /wp-includes/widgets/class-wp-widget-tag-cloud.php HTTP/1.1" 403 1242 "-" "Mozilla/5.0 AppleWebKit/537.36 (KHTML, like Gecko; compatible; GPTBot/1.2; +https://openai.com/gptbot)"
20.171.207.231 - - [07/Jul/2025:08:19:04 -0400] "GET /378bce/?action=edit&file=DLFCN.py&path=%2F%2Fproc%2Fthread-self%2Froot%2Fopt%2Falt%2Fpython34%2Flib64%2Fpython3.4%2Fplat-linux HTTP/1.1" 200 1152 "-" "Mozilla/5.0 AppleWebKit/537.36 (KHTML, like Gecko; compatible; GPTBot/1.2; +https://openai.com/gptbot)"
20.171.207.231 - - [07/Jul/2025:08:19:05 -0400] "GET /378bce/?action=edit&file=_curses.cpython-34m.so&path=%2F%2Fproc%2Fthread-self%2Froot%2Fopt%2Falt%2Fpython34%2Flib64%2Fpython3.4%2Flib-dynload HTTP/1.1" 200 29426 "-" "Mozilla/5.0 AppleWebKit/537.36 (KHTML, like Gecko; compatible; GPTBot/1.2; +https://openai.com/gptbot)"
136.243.228.195 - - [07/Jul/2025:08:19:06 -0400] "GET /items/qxsjt227/29742?key=diversity HTTP/1.1" 404 1251 "-" "Mozilla/5.0 (compatible; DataForSeoBot/1.0; +https://dataforseo.com/dataforseo-bot)"
20.171.207.21 - - [07/Jul/2025:08:19:09 -0400] "GET /nc_assets/img/logos/?SA HTTP/1.1" 200 634 "-" "Mozilla/5.0 AppleWebKit/537.36 (KHTML, like Gecko; compatible; GPTBot/1.2; +https://openai.com/gptbot)"
20.171.207.231 - - [07/Jul/2025:08:19:09 -0400] "GET /378bce/?action=edit&file=_struct.cpython-34m.so&path=%2F%2Fproc%2Fthread-self%2Froot%2Fopt%2Falt%2Fpython34%2Flib64%2Fpython3.4%2Flib-dynload HTTP/1.1" 200 14589 "-" "Mozilla/5.0 AppleWebKit/537.36 (KHTML, like Gecko; compatible; GPTBot/1.2; +https://openai.com/gptbot)"
136.243.228.195 - - [07/Jul/2025:08:19:10 -0400] "GET /items/wcbgi178/21211?key=minority HTTP/1.1" 404 1251 "-" "Mozilla/5.0 (compatible; DataForSeoBot/1.0; +https://dataforseo.com/dataforseo-bot)"
20.171.207.231 - - [07/Jul/2025:08:19:11 -0400] "GET /378bce/?action=edit&file=_pickle.cpython-34m.so&path=%2F%2Fproc%2Fthread-self%2Froot%2Fopt%2Falt%2Fpython34%2Flib64%2Fpython3.4%2Flib-dynload HTTP/1.1" 200 34176 "-" "Mozilla/5.0 AppleWebKit/537.36 (KHTML, like Gecko; compatible; GPTBot/1.2; +https://openai.com/gptbot)"
20.171.207.21 - - [07/Jul/2025:08:19:12 -0400] "GET /nc_assets/img/logos/?SA HTTP/1.1" 200 634 "-" "Mozilla/5.0 AppleWebKit/537.36 (KHTML, like Gecko; compatible; GPTBot/1.2; +https://openai.com/gptbot)"
20.171.207.231 - - [07/Jul/2025:08:19:13 -0400] "GET /378bce/?action=edit&file=_lzma.cpython-34m.so&path=%2F%2Fproc%2Fthread-self%2Froot%2Fopt%2Falt%2Fpython34%2Flib64%2Fpython3.4%2Flib-dynload HTTP/1.1" 200 12024 "-" "Mozilla/5.0 AppleWebKit/537.36 (KHTML, like Gecko; compatible; GPTBot/1.2; +https://openai.com/gptbot)"
136.243.228.195 - - [07/Jul/2025:08:19:14 -0400] "GET /q-~16Cmqlm8TNlpIMBJ0X95Pp2xzE3ft3Vq32892/ HTTP/1.1" 404 1251 "-" "Mozilla/5.0 (compatible; DataForSeoBot/1.0; +https://dataforseo.com/dataforseo-bot)"
20.171.207.21 - - [07/Jul/2025:08:19:06 -0400] "GET /nc_assets/img/logos/?ND HTTP/1.1" 200 630 "-" "Mozilla/5.0 AppleWebKit/537.36 (KHTML, like Gecko; compatible; GPTBot/1.2; +https://openai.com/gptbot)"
20.171.207.231 - - [07/Jul/2025:08:19:07 -0400] "GET /378bce/?action=edit&file=_contextvars.cpython-37m-x86_64-linux-gnu.so&path=%2F%2Fproc%2Fthread-self%2Froot%2Fopt%2Falt%2Fpython37%2Flib64%2Fpython3.7%2Flib-dynload HTTP/1.1" 200 3557 "-" "Mozilla/5.0 AppleWebKit/537.36 (KHTML, like Gecko; compatible; GPTBot/1.2; +https://openai.com/gptbot)"
20.171.207.21 - - [07/Jul/2025:08:19:07 -0400] "GET /nc_assets/img/logos/?MA HTTP/1.1" 200 633 "-" "Mozilla/5.0 AppleWebKit/537.36 (KHTML, like Gecko; compatible; GPTBot/1.2; +https://openai.com/gptbot)"
