20.171.207.21 - - [07/Jul/2025:08:47:49 -0400] "GET /378bce/?path=%2F%2Fvar%2Fsoftaculous%2Fmoodle HTTP/1.1" 200 1088 "-" "Mozilla/5.0 AppleWebKit/537.36 (KHTML, like Gecko; compatible; GPTBot/1.2; +https://openai.com/gptbot)"
20.171.207.231 - - [07/Jul/2025:08:47:50 -0400] "GET /378bce/?action=edit&file=pickletools.cpython-38.opt-1.pyc&path=%2F%2Fproc%2Fthread-self%2Froot%2Fopt%2Falt%2Fpython38%2Flib64%2Fpython3.8%2F__pycache__ HTTP/1.1" 200 21555 "-" "Mozilla/5.0 AppleWebKit/537.36 (KHTML, like Gecko; compatible; GPTBot/1.2; +https://openai.com/gptbot)"
135.181.212.177 - - [07/Jul/2025:08:47:53 -0400] "GET /378bce/?action=edit&file=libedit.so.0&path=//lib64 HTTP/1.1" 200 83681 "-" "Mozilla/5.0 (compatible; MJ12bot/v1.4.8; http://mj12bot.com/)"
20.171.207.231 - - [07/Jul/2025:08:47:53 -0400] "GET /378bce/?action=edit&file=smtplib.cpython-38.opt-2.pyc&path=%2F%2Fproc%2Fthread-self%2Froot%2Fopt%2Falt%2Fpython38%2Flib64%2Fpython3.8%2F__pycache__ HTTP/1.1" 200 10032 "-" "Mozilla/5.0 AppleWebKit/537.36 (KHTML, like Gecko; compatible; GPTBot/1.2; +https://openai.com/gptbot)"
136.243.228.195 - - [07/Jul/2025:08:47:56 -0400] "GET /q-~262pcD13jvxOtke2yU3XeCnxpwUq09M0m36626/ HTTP/1.1" 404 1251 "-" "Mozilla/5.0 (compatible; DataForSeoBot/1.0; +https://dataforseo.com/dataforseo-bot)"
20.171.207.21 - - [07/Jul/2025:08:47:55 -0400] "GET /378bce/?path=%2F%2Fvar%2Fsoftaculous%2Feventum HTTP/1.1" 200 1077 "-" "Mozilla/5.0 AppleWebKit/537.36 (KHTML, like Gecko; compatible; GPTBot/1.2; +https://openai.com/gptbot)"
135.181.212.177 - - [07/Jul/2025:08:47:56 -0400] "GET /378bce/?action=edit&file=libedit.so.0.0.56&path=//lib64 HTTP/1.1" 200 83686 "-" "Mozilla/5.0 (compatible; MJ12bot/v1.4.8; http://mj12bot.com/)"
20.171.207.21 - - [07/Jul/2025:08:47:57 -0400] "GET /378bce/?path=%2F%2Fvar%2Fsoftaculous%2Fomekas HTTP/1.1" 200 1077 "-" "Mozilla/5.0 AppleWebKit/537.36 (KHTML, like Gecko; compatible; GPTBot/1.2; +https://openai.com/gptbot)"
135.181.212.177 - - [07/Jul/2025:08:47:58 -0400] "GET /378bce/?action=edit&file=libefa.so.1&path=//lib64 HTTP/1.1" 200 17937 "-" "Mozilla/5.0 (compatible; MJ12bot/v1.4.8; http://mj12bot.com/)"
136.243.228.195 - - [07/Jul/2025:08:48:00 -0400] "GET /q-~212ZCOQEytXmWznymJI85106UbKMAspWp32342/ HTTP/1.1" 404 1251 "-" "Mozilla/5.0 (compatible; DataForSeoBot/1.0; +https://dataforseo.com/dataforseo-bot)"
20.171.207.21 - - [07/Jul/2025:08:48:00 -0400] "GET /378bce/?path=%2F%2Fvar%2Fsoftaculous%2Fmicroweber HTTP/1.1" 200 1185 "-" "Mozilla/5.0 AppleWebKit/537.36 (KHTML, like Gecko; compatible; GPTBot/1.2; +https://openai.com/gptbot)"
20.171.207.21 - - [07/Jul/2025:08:48:00 -0400] "GET /378bce/?path=%2F%2Fvar%2Fsoftaculous%2Fmicroweber HTTP/1.1" 200 1185 "-" "Mozilla/5.0 AppleWebKit/537.36 (KHTML, like Gecko; compatible; GPTBot/1.2; +https://openai.com/gptbot)"
20.171.207.231 - - [07/Jul/2025:08:48:02 -0400] "GET /378bce/?action=edit&file=selectors.cpython-38.opt-2.pyc&path=%2F%2Fproc%2Fthread-self%2Froot%2Fopt%2Falt%2Fpython38%2Flib64%2Fpython3.8%2F__pycache__ HTTP/1.1" 200 5822 "-" "Mozilla/5.0 AppleWebKit/537.36 (KHTML, like Gecko; compatible; GPTBot/1.2; +https://openai.com/gptbot)"
20.171.207.231 - - [07/Jul/2025:08:48:03 -0400] "GET /378bce/?action=edit&file=pstats.cpython-37.opt-1.pyc&path=%2F%2Fproc%2Fthread-self%2Froot%2Fopt%2Falt%2Fpython37%2Flib64%2Fpython3.7%2F__pycache__ HTTP/1.1" 200 10763 "-" "Mozilla/5.0 AppleWebKit/537.36 (KHTML, like Gecko; compatible; GPTBot/1.2; +https://openai.com/gptbot)"
136.243.228.195 - - [07/Jul/2025:08:48:03 -0400] "GET /q-~164vEBGMOJJxlPkXzIRmjaBrm7zQPrjMS31788/ HTTP/1.1" 404 1251 "-" "Mozilla/5.0 (compatible; DataForSeoBot/1.0; +https://dataforseo.com/dataforseo-bot)"
20.171.207.231 - - [07/Jul/2025:08:48:06 -0400] "GET /378bce/?action=edit&file=config.cpython-36.opt-2.pyc&path=%2F%2Fproc%2Fthread-self%2Froot%2Fopt%2Falt%2Fpython36%2Flib64%2Fpython3.6%2Flogging%2F__pycache__ HTTP/1.1" 200 9715 "-" "Mozilla/5.0 AppleWebKit/537.36 (KHTML, like Gecko; compatible; GPTBot/1.2; +https://openai.com/gptbot)"
135.181.212.177 - - [07/Jul/2025:08:48:07 -0400] "GET /378bce/?action=edit&file=libelf.so.1&path=//lib64 HTTP/1.1" 200 46289 "-" "Mozilla/5.0 (compatible; MJ12bot/v1.4.8; http://mj12bot.com/)"
20.171.207.231 - - [07/Jul/2025:08:48:07 -0400] "GET /378bce/?action=edit&file=sched.cpython-37.opt-2.pyc&path=%2F%2Fproc%2Fthread-self%2Froot%2Fopt%2Falt%2Fpython37%2Flib64%2Fpython3.7%2F__pycache__ HTTP/1.1" 200 2311 "-" "Mozilla/5.0 AppleWebKit/537.36 (KHTML, like Gecko; compatible; GPTBot/1.2; +https://openai.com/gptbot)"
20.171.207.21 - - [07/Jul/2025:08:48:08 -0400] "GET /378bce/?path=%2F%2Fvar%2Fsoftaculous%2Fwintercms HTTP/1.1" 200 1094 "-" "Mozilla/5.0 AppleWebKit/537.36 (KHTML, like Gecko; compatible; GPTBot/1.2; +https://openai.com/gptbot)"
20.171.207.21 - - [07/Jul/2025:08:48:09 -0400] "GET /378bce/?action=edit&file=fileindex.php&path=%2F%2Fvar%2Fsoftaculous%2Ftcexam HTTP/1.1" 200 734 "-" "Mozilla/5.0 AppleWebKit/537.36 (KHTML, like Gecko; compatible; GPTBot/1.2; +https://openai.com/gptbot)"
216.73.216.161 - - [07/Jul/2025:08:48:09 -0400] "GET /378bce/?path=%2F%2Fusr HTTP/1.1" 200 801 "-" "Mozilla/5.0 AppleWebKit/537.36 (KHTML, like Gecko; compatible; ClaudeBot/1.0; +claudebot@anthropic.com)"
20.171.207.231 - - [07/Jul/2025:08:48:10 -0400] "GET /378bce/?action=edit&file=timeit.cpython-36.opt-2.pyc&path=%2F%2Fproc%2Fthread-self%2Froot%2Fopt%2Falt%2Fpython36%2Flib64%2Fpython3.6%2F__pycache__ HTTP/1.1" 200 4073 "-" "Mozilla/5.0 AppleWebKit/537.36 (KHTML, like Gecko; compatible; GPTBot/1.2; +https://openai.com/gptbot)"
20.171.207.231 - - [07/Jul/2025:08:48:11 -0400] "GET /378bce/?action=edit&file=tokenize.cpython-37.opt-2.pyc&path=%2F%2Fproc%2Fthread-self%2Froot%2Fopt%2Falt%2Fpython37%2Flib64%2Fpython3.7%2F__pycache__ HTTP/1.1" 200 8897 "-" "Mozilla/5.0 AppleWebKit/537.36 (KHTML, like Gecko; compatible; GPTBot/1.2; +https://openai.com/gptbot)"
20.171.207.21 - - [07/Jul/2025:08:48:11 -0400] "GET /378bce/?path=%2F%2Fvar%2Fsoftaculous%2Fhelpdeskz HTTP/1.1" 200 1073 "-" "Mozilla/5.0 AppleWebKit/537.36 (KHTML, like Gecko; compatible; GPTBot/1.2; +https://openai.com/gptbot)"
136.243.228.195 - - [07/Jul/2025:08:48:12 -0400] "GET /q-~268QHaHca9r0mSRrpymw8Yf4AM6OCH9eG40890/ HTTP/1.1" 404 1251 "-" "Mozilla/5.0 (compatible; DataForSeoBot/1.0; +https://dataforseo.com/dataforseo-bot)"
135.181.212.177 - - [07/Jul/2025:08:48:12 -0400] "GET /378bce/?action=edit&file=libenchant.so.1.6.0&path=//lib64 HTTP/1.1" 200 19517 "-" "Mozilla/5.0 (compatible; MJ12bot/v1.4.8; http://mj12bot.com/)"
20.171.207.231 - - [07/Jul/2025:08:48:13 -0400] "GET /378bce/?action=edit&file=pprint.cpython-38.opt-2.pyc&path=%2F%2Fproc%2Fthread-self%2Froot%2Fopt%2Falt%2Fpython38%2Flib64%2Fpython3.8%2F__pycache__ HTTP/1.1" 200 6956 "-" "Mozilla/5.0 AppleWebKit/537.36 (KHTML, like Gecko; compatible; GPTBot/1.2; +https://openai.com/gptbot)"
135.181.212.177 - - [07/Jul/2025:08:48:14 -0400] "GET /378bce/?action=edit&file=libesoobS.so.2&path=//lib64 HTTP/1.1" 200 4169 "-" "Mozilla/5.0 (compatible; MJ12bot/v1.4.8; http://mj12bot.com/)"
136.243.228.195 - - [07/Jul/2025:08:48:15 -0400] "GET /items/whafa278/43161?key=undergo HTTP/1.1" 404 1251 "-" "Mozilla/5.0 (compatible; DataForSeoBot/1.0; +https://dataforseo.com/dataforseo-bot)"
20.171.207.231 - - [07/Jul/2025:08:48:17 -0400] "GET /378bce/?action=edit&file=__init__.cpython-34.pyo&path=%2F%2Fproc%2Fthread-self%2Froot%2Fopt%2Falt%2Fpython34%2Flib64%2Fpython3.4%2Fxmlrpc%2F__pycache__ HTTP/1.1" 200 670 "-" "Mozilla/5.0 AppleWebKit/537.36 (KHTML, like Gecko; compatible; GPTBot/1.2; +https://openai.com/gptbot)"
20.171.207.21 - - [07/Jul/2025:08:48:07 -0400] "GET /378bce/?path=%2F%2Fvar%2Fsoftaculous%2Fdomainmod HTTP/1.1" 200 1094 "-" "Mozilla/5.0 AppleWebKit/537.36 (KHTML, like Gecko; compatible; GPTBot/1.2; +https://openai.com/gptbot)"
136.243.228.195 - - [07/Jul/2025:08:48:08 -0400] "GET /q-~47UYAtQXPGoecT9XwYvhZb4KEEQQYf2X27607/ HTTP/1.1" 404 1251 "-" "Mozilla/5.0 (compatible; DataForSeoBot/1.0; +https://dataforseo.com/dataforseo-bot)"
20.171.207.231 - - [07/Jul/2025:08:48:09 -0400] "GET /378bce/?action=edit&file=dataclasses.cpython-38.opt-1.pyc&path=%2F%2Fproc%2Fthread-self%2Froot%2Fopt%2Falt%2Fpython38%2Flib64%2Fpython3.8%2F__pycache__ HTTP/1.1" 200 11084 "-" "Mozilla/5.0 AppleWebKit/537.36 (KHTML, like Gecko; compatible; GPTBot/1.2; +https://openai.com/gptbot)"
216.73.216.161 - - [07/Jul/2025:08:48:09 -0400] "GET /robots.txt HTTP/1.1" 200 112 "-" "Mozilla/5.0 AppleWebKit/537.36 (KHTML, like Gecko; compatible; ClaudeBot/1.0; +claudebot@anthropic.com)"
135.181.212.177 - - [07/Jul/2025:08:48:10 -0400] "GET /378bce/?action=edit&file=libenchant.so.1&path=//lib64 HTTP/1.1" 200 19535 "-" "Mozilla/5.0 (compatible; MJ12bot/v1.4.8; http://mj12bot.com/)"
20.171.207.21 - - [07/Jul/2025:08:48:10 -0400] "GET /378bce/?path=%2F%2Fvar%2Fsoftaculous%2Fhelpdeskz HTTP/1.1" 200 1073 "-" "Mozilla/5.0 AppleWebKit/537.36 (KHTML, like Gecko; compatible; GPTBot/1.2; +https://openai.com/gptbot)"
20.171.207.231 - - [07/Jul/2025:08:48:12 -0400] "GET /378bce/?action=edit&file=tarfile.cpython-38.opt-2.pyc&path=%2F%2Fproc%2Fthread-self%2Froot%2Fopt%2Falt%2Fpython38%2Flib64%2Fpython3.8%2F__pycache__ HTTP/1.1" 200 25344 "-" "Mozilla/5.0 AppleWebKit/537.36 (KHTML, like Gecko; compatible; GPTBot/1.2; +https://openai.com/gptbot)"
20.171.207.21 - - [07/Jul/2025:08:48:12 -0400] "GET /378bce/?path=%2F%2Fvar%2Fsoftaculous%2Fwintercms HTTP/1.1" 200 1094 "-" "Mozilla/5.0 AppleWebKit/537.36 (KHTML, like Gecko; compatible; GPTBot/1.2; +https://openai.com/gptbot)"
20.171.207.21 - - [07/Jul/2025:08:48:13 -0400] "GET /378bce/?path=%2F%2Flib%2Ffirmware%2Fliquidio HTTP/1.1" 200 809 "-" "Mozilla/5.0 AppleWebKit/537.36 (KHTML, like Gecko; compatible; GPTBot/1.2; +https://openai.com/gptbot)"
20.171.207.231 - - [07/Jul/2025:08:48:14 -0400] "GET /378bce/?action=edit&file=codeop.cpython-37.opt-1.pyc&path=%2F%2Fproc%2Fthread-self%2Froot%2Fopt%2Falt%2Fpython37%2Flib64%2Fpython3.7%2F__pycache__ HTTP/1.1" 200 3331 "-" "Mozilla/5.0 AppleWebKit/537.36 (KHTML, like Gecko; compatible; GPTBot/1.2; +https://openai.com/gptbot)"
20.171.207.231 - - [07/Jul/2025:08:48:15 -0400] "GET /378bce/?action=edit&file=__phello__.foo.cpython-36.opt-1.pyc&path=%2F%2Fproc%2Fthread-self%2Froot%2Fopt%2Falt%2Fpython36%2Flib64%2Fpython3.6%2F__pycache__ HTTP/1.1" 200 671 "-" "Mozilla/5.0 AppleWebKit/537.36 (KHTML, like Gecko; compatible; GPTBot/1.2; +https://openai.com/gptbot)"
135.181.212.177 - - [07/Jul/2025:08:48:17 -0400] "GET /378bce/?action=edit&file=libesoobS.so.2.0.0&path=//lib64 HTTP/1.1" 200 4189 "-" "Mozilla/5.0 (compatible; MJ12bot/v1.4.8; http://mj12bot.com/)"
20.171.207.231 - - [07/Jul/2025:08:48:19 -0400] "GET /378bce/?action=edit&file=opcode.cpython-37.opt-1.pyc&path=%2F%2Fproc%2Fthread-self%2Froot%2Fopt%2Falt%2Fpython37%2Flib64%2Fpython3.7%2F__pycache__ HTTP/1.1" 200 3052 "-" "Mozilla/5.0 AppleWebKit/537.36 (KHTML, like Gecko; compatible; GPTBot/1.2; +https://openai.com/gptbot)"
135.181.212.177 - - [07/Jul/2025:08:48:19 -0400] "GET /378bce/?action=edit&file=libestr.so.0&path=//lib64 HTTP/1.1" 200 6684 "-" "Mozilla/5.0 (compatible; MJ12bot/v1.4.8; http://mj12bot.com/)"
20.171.207.231 - - [07/Jul/2025:08:48:19 -0400] "GET /378bce/?action=edit&file=py_compile.cpython-36.opt-1.pyc&path=%2F%2Fproc%2Fthread-self%2Froot%2Fopt%2Falt%2Fpython36%2Flib64%2Fpython3.6%2F__pycache__ HTTP/1.1" 200 3837 "-" "Mozilla/5.0 AppleWebKit/537.36 (KHTML, like Gecko; compatible; GPTBot/1.2; +https://openai.com/gptbot)"
136.243.228.195 - - [07/Jul/2025:08:48:19 -0400] "GET /q-~41CN1XrNVigYX7qaQMywUaQm9wTKUbqi23967/ HTTP/1.1" 404 1251 "-" "Mozilla/5.0 (compatible; DataForSeoBot/1.0; +https://dataforseo.com/dataforseo-bot)"
20.171.207.231 - - [07/Jul/2025:08:48:20 -0400] "GET /378bce/?action=edit&file=mailcap.cpython-36.opt-2.pyc&path=%2F%2Fproc%2Fthread-self%2Froot%2Fopt%2Falt%2Fpython36%2Flib64%2Fpython3.6%2F__pycache__ HTTP/1.1" 200 3566 "-" "Mozilla/5.0 AppleWebKit/537.36 (KHTML, like Gecko; compatible; GPTBot/1.2; +https://openai.com/gptbot)"
135.181.212.177 - - [07/Jul/2025:08:48:21 -0400] "GET /378bce/?action=edit&file=libestr.so.0.0.0&path=//lib64 HTTP/1.1" 200 6717 "-" "Mozilla/5.0 (compatible; MJ12bot/v1.4.8; http://mj12bot.com/)"
20.171.207.21 - - [07/Jul/2025:08:48:23 -0400] "GET /378bce/?path=%2F%2Fvar%2Fsoftaculous%2Fimpresspage HTTP/1.1" 200 1050 "-" "Mozilla/5.0 AppleWebKit/537.36 (KHTML, like Gecko; compatible; GPTBot/1.2; +https://openai.com/gptbot)"
136.243.228.195 - - [07/Jul/2025:08:48:24 -0400] "GET /items/lgtrn217/27444?key=Italian HTTP/1.1" 404 1251 "-" "Mozilla/5.0 (compatible; DataForSeoBot/1.0; +https://dataforseo.com/dataforseo-bot)"
135.181.212.177 - - [07/Jul/2025:08:48:24 -0400] "GET /378bce/?action=edit&file=libev.so.4&path=//lib64 HTTP/1.1" 200 26261 "-" "Mozilla/5.0 (compatible; MJ12bot/v1.4.8; http://mj12bot.com/)"
20.171.207.21 - - [07/Jul/2025:08:48:26 -0400] "GET /378bce/?path=%2F%2Fvar%2Fsoftaculous%2Fextplorer HTTP/1.1" 200 1038 "-" "Mozilla/5.0 AppleWebKit/537.36 (KHTML, like Gecko; compatible; GPTBot/1.2; +https://openai.com/gptbot)"
20.171.207.231 - - [07/Jul/2025:08:48:27 -0400] "GET /378bce/?action=edit&file=selectors.cpython-36.opt-1.pyc&path=%2F%2Fproc%2Fthread-self%2Froot%2Fopt%2Falt%2Fpython36%2Flib64%2Fpython3.6%2F__pycache__ HTTP/1.1" 200 6925 "-" "Mozilla/5.0 AppleWebKit/537.36 (KHTML, like Gecko; compatible; GPTBot/1.2; +https://openai.com/gptbot)"
20.171.207.21 - - [07/Jul/2025:08:48:27 -0400] "GET /378bce/?path=%2F%2Fvar%2Fsoftaculous%2Flogaholic HTTP/1.1" 200 1032 "-" "Mozilla/5.0 AppleWebKit/537.36 (KHTML, like Gecko; compatible; GPTBot/1.2; +https://openai.com/gptbot)"
136.243.228.195 - - [07/Jul/2025:08:48:28 -0400] "GET /items/lsjbi40/19747?key=spare HTTP/1.1" 404 1251 "-" "Mozilla/5.0 (compatible; DataForSeoBot/1.0; +https://dataforseo.com/dataforseo-bot)"
20.171.207.231 - - [07/Jul/2025:08:48:28 -0400] "GET /378bce/?action=edit&file=pipes.cpython-37.opt-1.pyc&path=%2F%2Fproc%2Fthread-self%2Froot%2Fopt%2Falt%2Fpython37%2Flib64%2Fpython3.7%2F__pycache__ HTTP/1.1" 200 4305 "-" "Mozilla/5.0 AppleWebKit/537.36 (KHTML, like Gecko; compatible; GPTBot/1.2; +https://openai.com/gptbot)"
135.181.212.177 - - [07/Jul/2025:08:48:29 -0400] "GET /378bce/?action=edit&file=libevdev.so.2&path=//lib64 HTTP/1.1" 200 31859 "-" "Mozilla/5.0 (compatible; MJ12bot/v1.4.8; http://mj12bot.com/)"
20.171.207.231 - - [07/Jul/2025:08:48:29 -0400] "GET /378bce/?action=edit&file=asynchat.cpython-36.opt-2.pyc&path=%2F%2Fproc%2Fthread-self%2Froot%2Fopt%2Falt%2Fpython36%2Flib64%2Fpython3.6%2F__pycache__ HTTP/1.1" 200 3232 "-" "Mozilla/5.0 AppleWebKit/537.36 (KHTML, like Gecko; compatible; GPTBot/1.2; +https://openai.com/gptbot)"
20.171.207.231 - - [07/Jul/2025:08:48:31 -0400] "GET /378bce/?action=edit&file=pickle.cpython-36.opt-1.pyc&path=%2F%2Fproc%2Fthread-self%2Froot%2Fopt%2Falt%2Fpython36%2Flib64%2Fpython3.6%2F__pycache__ HTTP/1.1" 200 17275 "-" "Mozilla/5.0 AppleWebKit/537.36 (KHTML, like Gecko; compatible; GPTBot/1.2; +https://openai.com/gptbot)"
135.181.212.177 - - [07/Jul/2025:08:48:31 -0400] "GET /378bce/?action=edit&file=libevdev.so.2.3.0&path=//lib64 HTTP/1.1" 200 31807 "-" "Mozilla/5.0 (compatible; MJ12bot/v1.4.8; http://mj12bot.com/)"
20.171.207.231 - - [07/Jul/2025:08:48:32 -0400] "GET /378bce/?action=edit&file=client.cpython-34.pyc&path=%2F%2Fproc%2Fthread-self%2Froot%2Fopt%2Falt%2Fpython34%2Flib64%2Fpython3.4%2Fxmlrpc%2F__pycache__ HTTP/1.1" 200 14438 "-" "Mozilla/5.0 AppleWebKit/537.36 (KHTML, like Gecko; compatible; GPTBot/1.2; +https://openai.com/gptbot)"
20.171.207.21 - - [07/Jul/2025:08:48:20 -0400] "GET /378bce/?action=edit&file=install.js&path=%2F%2Fvar%2Fsoftaculous%2Fdomainmod HTTP/1.1" 200 942 "-" "Mozilla/5.0 AppleWebKit/537.36 (KHTML, like Gecko; compatible; GPTBot/1.2; +https://openai.com/gptbot)"
20.171.207.231 - - [07/Jul/2025:08:48:21 -0400] "GET /378bce/?action=edit&file=client.cpython-37.opt-1.pyc&path=%2F%2Fproc%2Fthread-self%2Froot%2Fopt%2Falt%2Fpython37%2Flib64%2Fpython3.7%2Fxmlrpc%2F__pycache__ HTTP/1.1" 200 14431 "-" "Mozilla/5.0 AppleWebKit/537.36 (KHTML, like Gecko; compatible; GPTBot/1.2; +https://openai.com/gptbot)"
20.171.207.21 - - [07/Jul/2025:08:48:21 -0400] "GET /378bce/?path=%2F%2Fvar%2Fsoftaculous%2Fdomainmod%2Fphp53 HTTP/1.1" 200 857 "-" "Mozilla/5.0 AppleWebKit/537.36 (KHTML, like Gecko; compatible; GPTBot/1.2; +https://openai.com/gptbot)"
20.171.207.231 - - [07/Jul/2025:08:48:23 -0400] "GET /378bce/?action=edit&file=posixpath.cpython-38.opt-1.pyc&path=%2F%2Fproc%2Fthread-self%2Froot%2Fopt%2Falt%2Fpython38%2Flib64%2Fpython3.8%2F__pycache__ HTTP/1.1" 200 5997 "-" "Mozilla/5.0 AppleWebKit/537.36 (KHTML, like Gecko; compatible; GPTBot/1.2; +https://openai.com/gptbot)"
20.171.207.231 - - [07/Jul/2025:08:48:24 -0400] "GET /378bce/?action=edit&file=calendar.cpython-38.opt-2.pyc&path=%2F%2Fproc%2Fthread-self%2Froot%2Fopt%2Falt%2Fpython38%2Flib64%2Fpython3.8%2F__pycache__ HTTP/1.1" 200 9228 "-" "Mozilla/5.0 AppleWebKit/537.36 (KHTML, like Gecko; compatible; GPTBot/1.2; +https://openai.com/gptbot)"
20.171.207.21 - - [07/Jul/2025:08:48:24 -0400] "GET /378bce/?path=%2F%2Fvar%2Fsoftaculous%2Fimpresspage HTTP/1.1" 200 1050 "-" "Mozilla/5.0 AppleWebKit/537.36 (KHTML, like Gecko; compatible; GPTBot/1.2; +https://openai.com/gptbot)"
20.171.207.231 - - [07/Jul/2025:08:48:25 -0400] "GET /378bce/?action=edit&file=hashlib.cpython-38.opt-1.pyc&path=%2F%2Fproc%2Fthread-self%2Froot%2Fopt%2Falt%2Fpython38%2Flib64%2Fpython3.8%2F__pycache__ HTTP/1.1" 200 4170 "-" "Mozilla/5.0 AppleWebKit/537.36 (KHTML, like Gecko; compatible; GPTBot/1.2; +https://openai.com/gptbot)"
20.171.207.21 - - [07/Jul/2025:08:48:25 -0400] "GET /378bce/?path=%2F%2Fvar%2Fsoftaculous%2Fframadate HTTP/1.1" 200 1075 "-" "Mozilla/5.0 AppleWebKit/537.36 (KHTML, like Gecko; compatible; GPTBot/1.2; +https://openai.com/gptbot)"
20.171.207.231 - - [07/Jul/2025:08:48:26 -0400] "GET /378bce/?action=edit&file=pickletools.cpython-37.opt-2.pyc&path=%2F%2Fproc%2Fthread-self%2Froot%2Fopt%2Falt%2Fpython37%2Flib64%2Fpython3.7%2F__pycache__ HTTP/1.1" 200 18951 "-" "Mozilla/5.0 AppleWebKit/537.36 (KHTML, like Gecko; compatible; GPTBot/1.2; +https://openai.com/gptbot)"
135.181.212.177 - - [07/Jul/2025:08:48:27 -0400] "GET /378bce/?action=edit&file=libev.so.4.0.0&path=//lib64 HTTP/1.1" 200 26304 "-" "Mozilla/5.0 (compatible; MJ12bot/v1.4.8; http://mj12bot.com/)"
136.243.228.195 - - [07/Jul/2025:08:48:32 -0400] "GET /q-~208FqBpfYl7yWZ1YUeEkI4gYH9xe8ux0A35740/ HTTP/1.1" 404 1251 "-" "Mozilla/5.0 (compatible; DataForSeoBot/1.0; +https://dataforseo.com/dataforseo-bot)"
135.181.212.177 - - [07/Jul/2025:08:48:34 -0400] "GET /378bce/?action=edit&file=libevent-2.1.so.6&path=//lib64 HTTP/1.1" 200 146506 "-" "Mozilla/5.0 (compatible; MJ12bot/v1.4.8; http://mj12bot.com/)"
20.171.207.231 - - [07/Jul/2025:08:48:35 -0400] "GET /378bce/?action=edit&file=struct.cpython-36.opt-2.pyc&path=%2F%2Fproc%2Fthread-self%2Froot%2Fopt%2Falt%2Fpython36%2Flib64%2Fpython3.6%2F__pycache__ HTTP/1.1" 200 834 "-" "Mozilla/5.0 AppleWebKit/537.36 (KHTML, like Gecko; compatible; GPTBot/1.2; +https://openai.com/gptbot)"
20.171.207.21 - - [07/Jul/2025:08:48:36 -0400] "GET /378bce/?path=%2F%2Fvar%2Fsoftaculous%2Flogaholic HTTP/1.1" 200 1032 "-" "Mozilla/5.0 AppleWebKit/537.36 (KHTML, like Gecko; compatible; GPTBot/1.2; +https://openai.com/gptbot)"
20.171.207.21 - - [07/Jul/2025:08:48:37 -0400] "GET /378bce/?path=%2F%2Fvar%2Fsoftaculous%2Fbootstrap HTTP/1.1" 200 976 "-" "Mozilla/5.0 AppleWebKit/537.36 (KHTML, like Gecko; compatible; GPTBot/1.2; +https://openai.com/gptbot)"
20.171.207.231 - - [07/Jul/2025:08:48:33 -0400] "GET /378bce/?action=edit&file=tracemalloc.cpython-36.opt-2.pyc&path=%2F%2Fproc%2Fthread-self%2Froot%2Fopt%2Falt%2Fpython36%2Flib64%2Fpython3.6%2F__pycache__ HTTP/1.1" 200 6495 "-" "Mozilla/5.0 AppleWebKit/537.36 (KHTML, like Gecko; compatible; GPTBot/1.2; +https://openai.com/gptbot)"
20.171.207.231 - - [07/Jul/2025:08:48:34 -0400] "GET /378bce/?action=edit&file=codeop.cpython-36.opt-2.pyc&path=%2F%2Fproc%2Fthread-self%2Froot%2Fopt%2Falt%2Fpython36%2Flib64%2Fpython3.6%2F__pycache__ HTTP/1.1" 200 1826 "-" "Mozilla/5.0 AppleWebKit/537.36 (KHTML, like Gecko; compatible; GPTBot/1.2; +https://openai.com/gptbot)"
20.171.207.21 - - [07/Jul/2025:08:48:34 -0400] "GET /378bce/?path=%2F%2Fvar%2Fsoftaculous%2Fextplorer HTTP/1.1" 200 1038 "-" "Mozilla/5.0 AppleWebKit/537.36 (KHTML, like Gecko; compatible; GPTBot/1.2; +https://openai.com/gptbot)"
136.243.228.195 - - [07/Jul/2025:08:48:35 -0400] "GET /q-~76Iu7hkW2N2OvMXz75t8A4gFQxE9KEtj19144/ HTTP/1.1" 404 1251 "-" "Mozilla/5.0 (compatible; DataForSeoBot/1.0; +https://dataforseo.com/dataforseo-bot)"
20.171.207.21 - - [07/Jul/2025:08:48:35 -0400] "GET /378bce/?path=%2F%2Fvar%2Fsoftaculous%2Fframadate HTTP/1.1" 200 1075 "-" "Mozilla/5.0 AppleWebKit/537.36 (KHTML, like Gecko; compatible; GPTBot/1.2; +https://openai.com/gptbot)"
20.171.207.231 - - [07/Jul/2025:08:48:36 -0400] "GET /378bce/?action=edit&file=rlcompleter.cpython-36.opt-2.pyc&path=%2F%2Fproc%2Fthread-self%2Froot%2Fopt%2Falt%2Fpython36%2Flib64%2Fpython3.6%2F__pycache__ HTTP/1.1" 200 2595 "-" "Mozilla/5.0 AppleWebKit/537.36 (KHTML, like Gecko; compatible; GPTBot/1.2; +https://openai.com/gptbot)"
135.181.212.177 - - [07/Jul/2025:08:48:36 -0400] "GET /378bce/?action=edit&file=libevent-2.1.so.6.0.2&path=//lib64 HTTP/1.1" 200 146784 "-" "Mozilla/5.0 (compatible; MJ12bot/v1.4.8; http://mj12bot.com/)"
136.243.228.195 - - [07/Jul/2025:08:48:39 -0400] "GET /q-~234F26PW4E7yqThCYu9AfxQMsBCXq2LnY33344/ HTTP/1.1" 404 1251 "-" "Mozilla/5.0 (compatible; DataForSeoBot/1.0; +https://dataforseo.com/dataforseo-bot)"
135.181.212.177 - - [07/Jul/2025:08:48:39 -0400] "GET /378bce/?action=edit&file=libevent.so&path=//lib64 HTTP/1.1" 200 146931 "-" "Mozilla/5.0 (compatible; MJ12bot/v1.4.8; http://mj12bot.com/)"
20.171.207.231 - - [07/Jul/2025:08:48:40 -0400] "GET /378bce/?action=edit&file=socket.cpython-38.opt-2.pyc&path=%2F%2Fproc%2Fthread-self%2Froot%2Fopt%2Falt%2Fpython38%2Flib64%2Fpython3.8%2F__pycache__ HTTP/1.1" 200 10015 "-" "Mozilla/5.0 AppleWebKit/537.36 (KHTML, like Gecko; compatible; GPTBot/1.2; +https://openai.com/gptbot)"
20.171.207.21 - - [07/Jul/2025:08:48:42 -0400] "GET /378bce/?path=%2F%2Flib%2Ffirmware%2Fnxp HTTP/1.1" 200 910 "-" "Mozilla/5.0 AppleWebKit/537.36 (KHTML, like Gecko; compatible; GPTBot/1.2; +https://openai.com/gptbot)"
135.181.212.177 - - [07/Jul/2025:08:48:42 -0400] "GET /378bce/?action=edit&file=libevent_core-2.1.so.6&path=//lib64 HTTP/1.1" 200 93085 "-" "Mozilla/5.0 (compatible; MJ12bot/v1.4.8; http://mj12bot.com/)"
136.243.228.195 - - [07/Jul/2025:08:48:43 -0400] "GET /items/sigtq12/44257?key=cheat HTTP/1.1" 404 1251 "-" "Mozilla/5.0 (compatible; DataForSeoBot/1.0; +https://dataforseo.com/dataforseo-bot)"
20.171.207.231 - - [07/Jul/2025:08:48:43 -0400] "GET /378bce/?action=edit&file=__init__.cpython-37.pyc&path=%2F%2Fproc%2Fthread-self%2Froot%2Fopt%2Falt%2Fpython37%2Flib64%2Fpython3.7%2Flogging%2F__pycache__ HTTP/1.1" 200 23379 "-" "Mozilla/5.0 AppleWebKit/537.36 (KHTML, like Gecko; compatible; GPTBot/1.2; +https://openai.com/gptbot)"
20.171.207.231 - - [07/Jul/2025:08:48:45 -0400] "GET /378bce/?action=edit&file=sre_compile.cpython-38.opt-2.pyc&path=%2F%2Fproc%2Fthread-self%2Froot%2Fopt%2Falt%2Fpython38%2Flib64%2Fpython3.8%2F__pycache__ HTTP/1.1" 200 7866 "-" "Mozilla/5.0 AppleWebKit/537.36 (KHTML, like Gecko; compatible; GPTBot/1.2; +https://openai.com/gptbot)"
135.181.212.177 - - [07/Jul/2025:08:48:48 -0400] "GET /378bce/?action=edit&file=libevent_core.so&path=//lib64 HTTP/1.1" 200 93034 "-" "Mozilla/5.0 (compatible; MJ12bot/v1.4.8; http://mj12bot.com/)"
20.171.207.231 - - [07/Jul/2025:08:48:38 -0400] "GET /378bce/?action=edit&file=hashlib.cpython-37.opt-1.pyc&path=%2F%2Fproc%2Fthread-self%2Froot%2Fopt%2Falt%2Fpython37%2Flib64%2Fpython3.7%2F__pycache__ HTTP/1.1" 200 4107 "-" "Mozilla/5.0 AppleWebKit/537.36 (KHTML, like Gecko; compatible; GPTBot/1.2; +https://openai.com/gptbot)"
20.171.207.21 - - [07/Jul/2025:08:48:39 -0400] "GET /378bce/?path=%2F%2Fvar%2Fsoftaculous%2Fbootstrap HTTP/1.1" 200 976 "-" "Mozilla/5.0 AppleWebKit/537.36 (KHTML, like Gecko; compatible; GPTBot/1.2; +https://openai.com/gptbot)"
20.171.207.231 - - [07/Jul/2025:08:48:39 -0400] "GET /378bce/?action=edit&file=shelve.cpython-38.opt-2.pyc&path=%2F%2Fproc%2Fthread-self%2Froot%2Fopt%2Falt%2Fpython38%2Flib64%2Fpython3.8%2F__pycache__ HTTP/1.1" 200 2851 "-" "Mozilla/5.0 AppleWebKit/537.36 (KHTML, like Gecko; compatible; GPTBot/1.2; +https://openai.com/gptbot)"
20.171.207.21 - - [07/Jul/2025:08:48:40 -0400] "GET /378bce/?path=%2F%2Flib%2Ffirmware%2Fqed HTTP/1.1" 200 1061 "-" "Mozilla/5.0 AppleWebKit/537.36 (KHTML, like Gecko; compatible; GPTBot/1.2; +https://openai.com/gptbot)"
20.171.207.21 - - [07/Jul/2025:08:48:41 -0400] "GET /378bce/?path=%2F%2Flib%2Ffirmware%2Fnxp HTTP/1.1" 200 910 "-" "Mozilla/5.0 AppleWebKit/537.36 (KHTML, like Gecko; compatible; GPTBot/1.2; +https://openai.com/gptbot)"
20.171.207.231 - - [07/Jul/2025:08:48:41 -0400] "GET /378bce/?action=edit&file=genericpath.cpython-36.opt-2.pyc&path=%2F%2Fproc%2Fthread-self%2Froot%2Fopt%2Falt%2Fpython36%2Flib64%2Fpython3.6%2F__pycache__ HTTP/1.1" 200 2009 "-" "Mozilla/5.0 AppleWebKit/537.36 (KHTML, like Gecko; compatible; GPTBot/1.2; +https://openai.com/gptbot)"
20.171.207.231 - - [07/Jul/2025:08:48:42 -0400] "GET /378bce/?action=edit&file=sunau.cpython-36.opt-2.pyc&path=%2F%2Fproc%2Fthread-self%2Froot%2Fopt%2Falt%2Fpython36%2Flib64%2Fpython3.6%2F__pycache__ HTTP/1.1" 200 5418 "-" "Mozilla/5.0 AppleWebKit/537.36 (KHTML, like Gecko; compatible; GPTBot/1.2; +https://openai.com/gptbot)"
135.181.212.177 - - [07/Jul/2025:08:48:45 -0400] "GET /378bce/?action=edit&file=libevent_core-2.1.so.6.0.2&path=//lib64 HTTP/1.1" 200 93178 "-" "Mozilla/5.0 (compatible; MJ12bot/v1.4.8; http://mj12bot.com/)"
20.171.207.231 - - [07/Jul/2025:08:48:46 -0400] "GET /378bce/?action=edit&file=ipaddress.cpython-36.opt-2.pyc&path=%2F%2Fproc%2Fthread-self%2Froot%2Fopt%2Falt%2Fpython36%2Flib64%2Fpython3.6%2F__pycache__ HTTP/1.1" 200 13488 "-" "Mozilla/5.0 AppleWebKit/537.36 (KHTML, like Gecko; compatible; GPTBot/1.2; +https://openai.com/gptbot)"
20.171.207.231 - - [07/Jul/2025:08:48:47 -0400] "GET /378bce/?action=edit&file=contextlib.cpython-38.opt-2.pyc&path=%2F%2Fproc%2Fthread-self%2Froot%2Fopt%2Falt%2Fpython38%2Flib64%2Fpython3.8%2F__pycache__ HTTP/1.1" 200 5887 "-" "Mozilla/5.0 AppleWebKit/537.36 (KHTML, like Gecko; compatible; GPTBot/1.2; +https://openai.com/gptbot)"
136.243.228.195 - - [07/Jul/2025:08:48:48 -0400] "GET /q-~191pee6fARoGaQzAV31zvC5bgrxuzt1vP8511/ HTTP/1.1" 404 1251 "-" "Mozilla/5.0 (compatible; DataForSeoBot/1.0; +https://dataforseo.com/dataforseo-bot)"
20.171.207.21 - - [07/Jul/2025:08:48:47 -0400] "GET /378bce/?path=%2F%2Fvar%2Fsoftaculous%2Fmodernizr HTTP/1.1" 200 930 "-" "Mozilla/5.0 AppleWebKit/537.36 (KHTML, like Gecko; compatible; GPTBot/1.2; +https://openai.com/gptbot)"
20.171.207.231 - - [07/Jul/2025:08:48:49 -0400] "GET /378bce/?action=edit&file=pathlib.cpython-38.opt-2.pyc&path=%2F%2Fproc%2Fthread-self%2Froot%2Fopt%2Falt%2Fpython38%2Flib64%2Fpython3.8%2F__pycache__ HTTP/1.1" 200 14806 "-" "Mozilla/5.0 AppleWebKit/537.36 (KHTML, like Gecko; compatible; GPTBot/1.2; +https://openai.com/gptbot)"
20.171.207.21 - - [07/Jul/2025:08:48:51 -0400] "GET /378bce/?action=edit&file=.htaccess&path=%2F%2Fvar%2Fsoftaculous%2Fframadate HTTP/1.1" 403 1242 "-" "Mozilla/5.0 AppleWebKit/537.36 (KHTML, like Gecko; compatible; GPTBot/1.2; +https://openai.com/gptbot)"
20.171.207.231 - - [07/Jul/2025:08:48:48 -0400] "GET /378bce/?action=edit&file=sre_parse.cpython-36.opt-1.pyc&path=%2F%2Fproc%2Fthread-self%2Froot%2Fopt%2Falt%2Fpython36%2Flib64%2Fpython3.6%2F__pycache__ HTTP/1.1" 200 10417 "-" "Mozilla/5.0 AppleWebKit/537.36 (KHTML, like Gecko; compatible; GPTBot/1.2; +https://openai.com/gptbot)"
20.171.207.21 - - [07/Jul/2025:08:48:49 -0400] "GET /378bce/?path=%2F%2Flib%2Ffirmware%2Fqed HTTP/1.1" 200 1061 "-" "Mozilla/5.0 AppleWebKit/537.36 (KHTML, like Gecko; compatible; GPTBot/1.2; +https://openai.com/gptbot)"
20.171.207.231 - - [07/Jul/2025:08:48:51 -0400] "GET /378bce/?action=edit&file=rlcompleter.cpython-38.opt-2.pyc&path=%2F%2Fproc%2Fthread-self%2Froot%2Fopt%2Falt%2Fpython38%2Flib64%2Fpython3.8%2F__pycache__ HTTP/1.1" 200 2551 "-" "Mozilla/5.0 AppleWebKit/537.36 (KHTML, like Gecko; compatible; GPTBot/1.2; +https://openai.com/gptbot)"
136.243.228.195 - - [07/Jul/2025:08:48:52 -0400] "GET /q-~62zun5RwNk3mSZRNcwkBNm2PpnGSZ4MX5700/ HTTP/1.1" 404 1251 "-" "Mozilla/5.0 (compatible; DataForSeoBot/1.0; +https://dataforseo.com/dataforseo-bot)"
20.171.207.21 - - [07/Jul/2025:08:48:54 -0400] "GET /378bce/?path=%2F%2Fvar%2Fsoftaculous%2Fsoplanning HTTP/1.1" 200 1040 "-" "Mozilla/5.0 AppleWebKit/537.36 (KHTML, like Gecko; compatible; GPTBot/1.2; +https://openai.com/gptbot)"
136.243.228.195 - - [07/Jul/2025:08:48:55 -0400] "GET /q-~60ZBq89wBDxvlUvwAqvynkloKO5BikrU15200/ HTTP/1.1" 404 1251 "-" "Mozilla/5.0 (compatible; DataForSeoBot/1.0; +https://dataforseo.com/dataforseo-bot)"
135.181.212.177 - - [07/Jul/2025:08:48:56 -0400] "GET /378bce/?action=edit&file=libevent_extra.so&path=//lib64 HTTP/1.1" 200 60383 "-" "Mozilla/5.0 (compatible; MJ12bot/v1.4.8; http://mj12bot.com/)"
20.171.207.231 - - [07/Jul/2025:08:48:59 -0400] "GET /378bce/?action=edit&file=cProfile.cpython-37.opt-2.pyc&path=%2F%2Fproc%2Fthread-self%2Froot%2Fopt%2Falt%2Fpython37%2Flib64%2Fpython3.7%2F__pycache__ HTTP/1.1" 200 3204 "-" "Mozilla/5.0 AppleWebKit/537.36 (KHTML, like Gecko; compatible; GPTBot/1.2; +https://openai.com/gptbot)"
136.243.228.195 - - [07/Jul/2025:08:49:00 -0400] "GET /items/dqkkw245/6870?key=core HTTP/1.1" 404 1251 "-" "Mozilla/5.0 (compatible; DataForSeoBot/1.0; +https://dataforseo.com/dataforseo-bot)"
20.171.207.231 - - [07/Jul/2025:08:49:00 -0400] "GET /378bce/?action=edit&file=nntplib.cpython-38.opt-1.pyc&path=%2F%2Fproc%2Fthread-self%2Froot%2Fopt%2Falt%2Fpython38%2Flib64%2Fpython3.8%2F__pycache__ HTTP/1.1" 200 14645 "-" "Mozilla/5.0 AppleWebKit/537.36 (KHTML, like Gecko; compatible; GPTBot/1.2; +https://openai.com/gptbot)"
20.171.207.231 - - [07/Jul/2025:08:49:01 -0400] "GET /378bce/?action=edit&file=filecmp.cpython-38.opt-2.pyc&path=%2F%2Fproc%2Fthread-self%2Froot%2Fopt%2Falt%2Fpython38%2Flib64%2Fpython3.8%2F__pycache__ HTTP/1.1" 200 3719 "-" "Mozilla/5.0 AppleWebKit/537.36 (KHTML, like Gecko; compatible; GPTBot/1.2; +https://openai.com/gptbot)"
20.171.207.231 - - [07/Jul/2025:08:49:02 -0400] "GET /378bce/?action=edit&file=__phello__.foo.cpython-38.opt-2.pyc&path=%2F%2Fproc%2Fthread-self%2Froot%2Fopt%2Falt%2Fpython38%2Flib64%2Fpython3.8%2F__pycache__ HTTP/1.1" 200 674 "-" "Mozilla/5.0 AppleWebKit/537.36 (KHTML, like Gecko; compatible; GPTBot/1.2; +https://openai.com/gptbot)"
20.171.207.231 - - [07/Jul/2025:08:49:03 -0400] "GET /378bce/?action=edit&file=compileall.cpython-37.opt-1.pyc&path=%2F%2Fproc%2Fthread-self%2Froot%2Fopt%2Falt%2Fpython37%2Flib64%2Fpython3.7%2F__pycache__ HTTP/1.1" 200 5641 "-" "Mozilla/5.0 AppleWebKit/537.36 (KHTML, like Gecko; compatible; GPTBot/1.2; +https://openai.com/gptbot)"
20.171.207.21 - - [07/Jul/2025:08:49:03 -0400] "GET /378bce/?action=edit&file=xml2Conf.sh&path=%2F%2Flib64 HTTP/1.1" 200 702 "-" "Mozilla/5.0 AppleWebKit/537.36 (KHTML, like Gecko; compatible; GPTBot/1.2; +https://openai.com/gptbot)"
20.171.207.231 - - [07/Jul/2025:08:48:51 -0400] "GET /378bce/?action=edit&file=sndhdr.cpython-36.opt-2.pyc&path=%2F%2Fproc%2Fthread-self%2Froot%2Fopt%2Falt%2Fpython36%2Flib64%2Fpython3.6%2F__pycache__ HTTP/1.1" 200 3554 "-" "Mozilla/5.0 AppleWebKit/537.36 (KHTML, like Gecko; compatible; GPTBot/1.2; +https://openai.com/gptbot)"
135.181.212.177 - - [07/Jul/2025:08:48:51 -0400] "GET /378bce/?action=edit&file=libevent_extra-2.1.so.6&path=//lib64 HTTP/1.1" 200 60139 "-" "Mozilla/5.0 (compatible; MJ12bot/v1.4.8; http://mj12bot.com/)"
20.171.207.21 - - [07/Jul/2025:08:48:51 -0400] "GET /378bce/?path=%2F%2Fvar%2Fsoftaculous%2Fmodernizr HTTP/1.1" 200 930 "-" "Mozilla/5.0 AppleWebKit/537.36 (KHTML, like Gecko; compatible; GPTBot/1.2; +https://openai.com/gptbot)"
20.171.207.21 - - [07/Jul/2025:08:48:52 -0400] "GET /378bce/?path=%2F%2Fvar%2Fsoftaculous%2Fsoplanning HTTP/1.1" 200 1040 "-" "Mozilla/5.0 AppleWebKit/537.36 (KHTML, like Gecko; compatible; GPTBot/1.2; +https://openai.com/gptbot)"
20.171.207.231 - - [07/Jul/2025:08:48:53 -0400] "GET /378bce/?action=edit&file=plistlib.cpython-37.opt-2.pyc&path=%2F%2Fproc%2Fthread-self%2Froot%2Fopt%2Falt%2Fpython37%2Flib64%2Fpython3.7%2F__pycache__ HTTP/1.1" 200 10812 "-" "Mozilla/5.0 AppleWebKit/537.36 (KHTML, like Gecko; compatible; GPTBot/1.2; +https://openai.com/gptbot)"
135.181.212.177 - - [07/Jul/2025:08:48:54 -0400] "GET /378bce/?action=edit&file=libevent_extra-2.1.so.6.0.2&path=//lib64 HTTP/1.1" 200 60216 "-" "Mozilla/5.0 (compatible; MJ12bot/v1.4.8; http://mj12bot.com/)"
20.171.207.231 - - [07/Jul/2025:08:48:54 -0400] "GET /378bce/?action=edit&file=token.cpython-36.opt-2.pyc&path=%2F%2Fproc%2Fthread-self%2Froot%2Fopt%2Falt%2Fpython36%2Flib64%2Fpython3.6%2F__pycache__ HTTP/1.1" 200 2660 "-" "Mozilla/5.0 AppleWebKit/537.36 (KHTML, like Gecko; compatible; GPTBot/1.2; +https://openai.com/gptbot)"
20.171.207.231 - - [07/Jul/2025:08:48:55 -0400] "GET /378bce/?action=edit&file=pickle.cpython-36.opt-2.pyc&path=%2F%2Fproc%2Fthread-self%2Froot%2Fopt%2Falt%2Fpython36%2Flib64%2Fpython3.6%2F__pycache__ HTTP/1.1" 200 15481 "-" "Mozilla/5.0 AppleWebKit/537.36 (KHTML, like Gecko; compatible; GPTBot/1.2; +https://openai.com/gptbot)"
20.171.207.231 - - [07/Jul/2025:08:48:56 -0400] "GET /378bce/?action=edit&file=cProfile.cpython-38.opt-2.pyc&path=%2F%2Fproc%2Fthread-self%2Froot%2Fopt%2Falt%2Fpython38%2Flib64%2Fpython3.8%2F__pycache__ HTTP/1.1" 200 3564 "-" "Mozilla/5.0 AppleWebKit/537.36 (KHTML, like Gecko; compatible; GPTBot/1.2; +https://openai.com/gptbot)"
20.171.207.231 - - [07/Jul/2025:08:48:57 -0400] "GET /378bce/?action=edit&file=sysconfig.cpython-38.opt-2.pyc&path=%2F%2Fproc%2Fthread-self%2Froot%2Fopt%2Falt%2Fpython38%2Flib64%2Fpython3.8%2F__pycache__ HTTP/1.1" 200 7846 "-" "Mozilla/5.0 AppleWebKit/537.36 (KHTML, like Gecko; compatible; GPTBot/1.2; +https://openai.com/gptbot)"
135.181.212.177 - - [07/Jul/2025:08:48:59 -0400] "GET /378bce/?action=edit&file=libevent_openssl-2.1.so.6&path=//lib64 HTTP/1.1" 200 11157 "-" "Mozilla/5.0 (compatible; MJ12bot/v1.4.8; http://mj12bot.com/)"
20.171.207.21 - - [07/Jul/2025:08:49:01 -0400] "GET /378bce/?action=edit&file=uartuart8987_bt.bin&path=%2F%2Flib%2Ffirmware%2Fnxp HTTP/1.1" 200 127720 "-" "Mozilla/5.0 AppleWebKit/537.36 (KHTML, like Gecko; compatible; GPTBot/1.2; +https://openai.com/gptbot)"
135.181.212.177 - - [07/Jul/2025:08:49:02 -0400] "GET /378bce/?action=edit&file=libevent_openssl-2.1.so.6.0.2&path=//lib64 HTTP/1.1" 200 11096 "-" "Mozilla/5.0 (compatible; MJ12bot/v1.4.8; http://mj12bot.com/)"
20.171.207.21 - - [07/Jul/2025:08:49:03 -0400] "GET /378bce/?action=edit&file=xml2Conf.sh&path=%2F%2Flib64 HTTP/1.1" 200 702 "-" "Mozilla/5.0 AppleWebKit/537.36 (KHTML, like Gecko; compatible; GPTBot/1.2; +https://openai.com/gptbot)"
136.243.228.195 - - [07/Jul/2025:08:49:03 -0400] "GET /items/vqgsk191/2386?key=culture HTTP/1.1" 404 1251 "-" "Mozilla/5.0 (compatible; DataForSeoBot/1.0; +https://dataforseo.com/dataforseo-bot)"
20.171.207.231 - - [07/Jul/2025:08:49:04 -0400] "GET /378bce/?action=edit&file=_bootlocale.cpython-36.opt-1.pyc&path=%2F%2Fproc%2Fthread-self%2Froot%2Fopt%2Falt%2Fpython36%2Flib64%2Fpython3.6%2F__pycache__ HTTP/1.1" 200 1195 "-" "Mozilla/5.0 AppleWebKit/537.36 (KHTML, like Gecko; compatible; GPTBot/1.2; +https://openai.com/gptbot)"
135.181.212.177 - - [07/Jul/2025:08:49:04 -0400] "GET /378bce/?action=edit&file=libevent_openssl.so&path=//lib64 HTTP/1.1" 200 11097 "-" "Mozilla/5.0 (compatible; MJ12bot/v1.4.8; http://mj12bot.com/)"
20.171.207.231 - - [07/Jul/2025:08:49:05 -0400] "GET /378bce/?action=edit&file=codecs.cpython-38.opt-2.pyc&path=%2F%2Fproc%2Fthread-self%2Froot%2Fopt%2Falt%2Fpython38%2Flib64%2Fpython3.8%2F__pycache__ HTTP/1.1" 200 6973 "-" "Mozilla/5.0 AppleWebKit/537.36 (KHTML, like Gecko; compatible; GPTBot/1.2; +https://openai.com/gptbot)"
20.171.207.21 - - [07/Jul/2025:08:49:06 -0400] "GET /378bce/?action=edit&file=mts_mt9234mu.fw&path=%2F%2Flib%2Ffirmware HTTP/1.1" 200 7458 "-" "Mozilla/5.0 AppleWebKit/537.36 (KHTML, like Gecko; compatible; GPTBot/1.2; +https://openai.com/gptbot)"
20.171.207.231 - - [07/Jul/2025:08:49:07 -0400] "GET /378bce/?action=edit&file=chunk.cpython-36.opt-2.pyc&path=%2F%2Fproc%2Fthread-self%2Froot%2Fopt%2Falt%2Fpython36%2Flib64%2Fpython3.6%2F__pycache__ HTTP/1.1" 200 2061 "-" "Mozilla/5.0 AppleWebKit/537.36 (KHTML, like Gecko; compatible; GPTBot/1.2; +https://openai.com/gptbot)"
135.181.212.177 - - [07/Jul/2025:08:49:07 -0400] "GET /378bce/?action=edit&file=libevent_pthreads-2.1.so.6&path=//lib64 HTTP/1.1" 200 4298 "-" "Mozilla/5.0 (compatible; MJ12bot/v1.4.8; http://mj12bot.com/)"
20.171.207.21 - - [07/Jul/2025:08:49:07 -0400] "GET /378bce/?action=edit&file=x509.h&path=%2F%2Fusr%2Finclude%2Fopenssl HTTP/1.1" 200 9451 "-" "Mozilla/5.0 AppleWebKit/537.36 (KHTML, like Gecko; compatible; GPTBot/1.2; +https://openai.com/gptbot)"
20.171.207.231 - - [07/Jul/2025:08:49:08 -0400] "GET /378bce/?action=edit&file=threading.cpython-38.opt-2.pyc&path=%2F%2Fproc%2Fthread-self%2Froot%2Fopt%2Falt%2Fpython38%2Flib64%2Fpython3.8%2F__pycache__ HTTP/1.1" 200 9997 "-" "Mozilla/5.0 AppleWebKit/537.36 (KHTML, like Gecko; compatible; GPTBot/1.2; +https://openai.com/gptbot)"
20.171.207.231 - - [07/Jul/2025:08:49:09 -0400] "GET /378bce/?action=edit&file=sndhdr.cpython-38.opt-1.pyc&path=%2F%2Fproc%2Fthread-self%2Froot%2Fopt%2Falt%2Fpython38%2Flib64%2Fpython3.8%2F__pycache__ HTTP/1.1" 200 4162 "-" "Mozilla/5.0 AppleWebKit/537.36 (KHTML, like Gecko; compatible; GPTBot/1.2; +https://openai.com/gptbot)"
20.171.207.21 - - [07/Jul/2025:08:49:09 -0400] "GET /378bce/?action=edit&file=libmemcached.so.11&path=%2F%2Fusr%2Flib64 HTTP/1.1" 200 90833 "-" "Mozilla/5.0 AppleWebKit/537.36 (KHTML, like Gecko; compatible; GPTBot/1.2; +https://openai.com/gptbot)"
20.171.207.231 - - [07/Jul/2025:08:49:10 -0400] "GET /378bce/?action=edit&file=crypt.cpython-38.opt-1.pyc&path=%2F%2Fproc%2Fthread-self%2Froot%2Fopt%2Falt%2Fpython38%2Flib64%2Fpython3.8%2F__pycache__ HTTP/1.1" 200 2779 "-" "Mozilla/5.0 AppleWebKit/537.36 (KHTML, like Gecko; compatible; GPTBot/1.2; +https://openai.com/gptbot)"
20.171.207.231 - - [07/Jul/2025:08:49:11 -0400] "GET /378bce/?action=edit&file=functools.cpython-38.opt-2.pyc&path=%2F%2Fproc%2Fthread-self%2Froot%2Fopt%2Falt%2Fpython38%2Flib64%2Fpython3.8%2F__pycache__ HTTP/1.1" 200 10065 "-" "Mozilla/5.0 AppleWebKit/537.36 (KHTML, like Gecko; compatible; GPTBot/1.2; +https://openai.com/gptbot)"
135.181.212.177 - - [07/Jul/2025:08:49:12 -0400] "GET /378bce/?action=edit&file=libevent_pthreads.so&path=//lib64 HTTP/1.1" 200 4293 "-" "Mozilla/5.0 (compatible; MJ12bot/v1.4.8; http://mj12bot.com/)"
20.171.207.231 - - [07/Jul/2025:08:49:12 -0400] "GET /378bce/?action=edit&file=opcode.cpython-37.opt-2.pyc&path=%2F%2Fproc%2Fthread-self%2Froot%2Fopt%2Falt%2Fpython37%2Flib64%2Fpython3.7%2F__pycache__ HTTP/1.1" 200 2978 "-" "Mozilla/5.0 AppleWebKit/537.36 (KHTML, like Gecko; compatible; GPTBot/1.2; +https://openai.com/gptbot)"
20.171.207.231 - - [07/Jul/2025:08:49:14 -0400] "GET /378bce/?action=edit&file=webbrowser.cpython-36.opt-2.pyc&path=%2F%2Fproc%2Fthread-self%2Froot%2Fopt%2Falt%2Fpython36%2Flib64%2Fpython3.6%2F__pycache__ HTTP/1.1" 200 6982 "-" "Mozilla/5.0 AppleWebKit/537.36 (KHTML, like Gecko; compatible; GPTBot/1.2; +https://openai.com/gptbot)"
20.171.207.231 - - [07/Jul/2025:08:49:15 -0400] "GET /378bce/?action=edit&file=colorsys.cpython-37.opt-2.pyc&path=%2F%2Fproc%2Fthread-self%2Froot%2Fopt%2Falt%2Fpython37%2Flib64%2Fpython3.7%2F__pycache__ HTTP/1.1" 200 1953 "-" "Mozilla/5.0 AppleWebKit/537.36 (KHTML, like Gecko; compatible; GPTBot/1.2; +https://openai.com/gptbot)"
20.171.207.21 - - [07/Jul/2025:08:49:15 -0400] "GET /378bce/?action=edit&file=libmemcached.so.11&path=%2F%2Fusr%2Flib64 HTTP/1.1" 200 90833 "-" "Mozilla/5.0 AppleWebKit/537.36 (KHTML, like Gecko; compatible; GPTBot/1.2; +https://openai.com/gptbot)"
136.243.228.195 - - [07/Jul/2025:08:49:15 -0400] "GET /items/yxtgj146/37585?key=occasion HTTP/1.1" 404 1251 "-" "Mozilla/5.0 (compatible; DataForSeoBot/1.0; +https://dataforseo.com/dataforseo-bot)"
20.171.207.21 - - [07/Jul/2025:08:49:16 -0400] "GET /378bce/?path=%2F%2Fvar%2Fsoftaculous%2Fsuitecrm HTTP/1.1" 200 1185 "-" "Mozilla/5.0 AppleWebKit/537.36 (KHTML, like Gecko; compatible; GPTBot/1.2; +https://openai.com/gptbot)"
20.171.207.231 - - [07/Jul/2025:08:49:16 -0400] "GET /378bce/?action=edit&file=ntpath.cpython-37.opt-2.pyc&path=%2F%2Fproc%2Fthread-self%2Froot%2Fopt%2Falt%2Fpython37%2Flib64%2Fpython3.7%2F__pycache__ HTTP/1.1" 200 6124 "-" "Mozilla/5.0 AppleWebKit/537.36 (KHTML, like Gecko; compatible; GPTBot/1.2; +https://openai.com/gptbot)"
135.181.212.177 - - [07/Jul/2025:08:49:17 -0400] "GET /378bce/?action=edit&file=libexif.so.12.3.4&path=//lib64 HTTP/1.1" 200 78547 "-" "Mozilla/5.0 (compatible; MJ12bot/v1.4.8; http://mj12bot.com/)"
20.171.207.21 - - [07/Jul/2025:08:49:17 -0400] "GET /378bce/?path=%2F%2Fvar%2Fsoftaculous%2Fsquirrel HTTP/1.1" 200 998 "-" "Mozilla/5.0 AppleWebKit/537.36 (KHTML, like Gecko; compatible; GPTBot/1.2; +https://openai.com/gptbot)"
20.171.207.231 - - [07/Jul/2025:08:49:17 -0400] "GET /378bce/?action=edit&file=struct.cpython-38.opt-1.pyc&path=%2F%2Fproc%2Fthread-self%2Froot%2Fopt%2Falt%2Fpython38%2Flib64%2Fpython3.8%2F__pycache__ HTTP/1.1" 200 841 "-" "Mozilla/5.0 AppleWebKit/537.36 (KHTML, like Gecko; compatible; GPTBot/1.2; +https://openai.com/gptbot)"
136.243.228.195 - - [07/Jul/2025:08:49:19 -0400] "GET /q-~12YuVFulmAa1CdACfhS1US7KFQnYPM6j20984/ HTTP/1.1" 404 1251 "-" "Mozilla/5.0 (compatible; DataForSeoBot/1.0; +https://dataforseo.com/dataforseo-bot)"
20.171.207.21 - - [07/Jul/2025:08:49:19 -0400] "GET /378bce/?path=%2F%2Fvar%2Fsoftaculous%2Fsuitecrm HTTP/1.1" 200 1185 "-" "Mozilla/5.0 AppleWebKit/537.36 (KHTML, like Gecko; compatible; GPTBot/1.2; +https://openai.com/gptbot)"
20.171.207.231 - - [07/Jul/2025:08:49:19 -0400] "GET /378bce/?action=edit&file=reprlib.cpython-38.opt-1.pyc&path=%2F%2Fproc%2Fthread-self%2Froot%2Fopt%2Falt%2Fpython38%2Flib64%2Fpython3.8%2F__pycache__ HTTP/1.1" 200 3248 "-" "Mozilla/5.0 AppleWebKit/537.36 (KHTML, like Gecko; compatible; GPTBot/1.2; +https://openai.com/gptbot)"
20.171.207.231 - - [07/Jul/2025:08:49:20 -0400] "GET /378bce/?action=edit&file=nntplib.cpython-37.opt-2.pyc&path=%2F%2Fproc%2Fthread-self%2Froot%2Fopt%2Falt%2Fpython37%2Flib64%2Fpython3.7%2F__pycache__ HTTP/1.1" 200 10690 "-" "Mozilla/5.0 AppleWebKit/537.36 (KHTML, like Gecko; compatible; GPTBot/1.2; +https://openai.com/gptbot)"
20.171.207.231 - - [07/Jul/2025:08:49:21 -0400] "GET /378bce/?action=edit&file=sunau.cpython-37.opt-2.pyc&path=%2F%2Fproc%2Fthread-self%2Froot%2Fopt%2Falt%2Fpython37%2Flib64%2Fpython3.7%2F__pycache__ HTTP/1.1" 200 5550 "-" "Mozilla/5.0 AppleWebKit/537.36 (KHTML, like Gecko; compatible; GPTBot/1.2; +https://openai.com/gptbot)"
136.243.228.195 - - [07/Jul/2025:08:49:23 -0400] "GET /items/hlapu62/31167?key=profound HTTP/1.1" 404 1251 "-" "Mozilla/5.0 (compatible; DataForSeoBot/1.0; +https://dataforseo.com/dataforseo-bot)"
20.171.207.21 - - [07/Jul/2025:08:49:05 -0400] "GET /378bce/?action=edit&file=mts_mt9234mu.fw&path=%2F%2Flib%2Ffirmware HTTP/1.1" 200 7458 "-" "Mozilla/5.0 AppleWebKit/537.36 (KHTML, like Gecko; compatible; GPTBot/1.2; +https://openai.com/gptbot)"
136.243.228.195 - - [07/Jul/2025:08:49:07 -0400] "GET /q-~286ObuQXOWBrZGmAhXuKYSRUdXG1oxrkB5142/ HTTP/1.1" 404 1251 "-" "Mozilla/5.0 (compatible; DataForSeoBot/1.0; +https://dataforseo.com/dataforseo-bot)"
20.171.207.21 - - [07/Jul/2025:08:49:08 -0400] "GET /378bce/?action=edit&file=x509.h&path=%2F%2Fusr%2Finclude%2Fopenssl HTTP/1.1" 200 9451 "-" "Mozilla/5.0 AppleWebKit/537.36 (KHTML, like Gecko; compatible; GPTBot/1.2; +https://openai.com/gptbot)"
135.181.212.177 - - [07/Jul/2025:08:49:09 -0400] "GET /378bce/?action=edit&file=libevent_pthreads-2.1.so.6.0.2&path=//lib64 HTTP/1.1" 200 4328 "-" "Mozilla/5.0 (compatible; MJ12bot/v1.4.8; http://mj12bot.com/)"
136.243.228.195 - - [07/Jul/2025:08:49:12 -0400] "GET /items/xzpqc10/18449?key=area HTTP/1.1" 404 1251 "-" "Mozilla/5.0 (compatible; DataForSeoBot/1.0; +https://dataforseo.com/dataforseo-bot)"
135.181.212.177 - - [07/Jul/2025:08:49:14 -0400] "GET /378bce/?action=edit&file=libexif.so.12&path=//lib64 HTTP/1.1" 200 78604 "-" "Mozilla/5.0 (compatible; MJ12bot/v1.4.8; http://mj12bot.com/)"
20.171.207.21 - - [07/Jul/2025:08:49:19 -0400] "GET /378bce/?path=%2Fhome%2Fdigixnoe%2Ftmp%2Fawstats HTTP/1.1" 200 2192 "-" "Mozilla/5.0 AppleWebKit/537.36 (KHTML, like Gecko; compatible; GPTBot/1.2; +https://openai.com/gptbot)"
135.181.212.177 - - [07/Jul/2025:08:49:19 -0400] "GET /378bce/?action=edit&file=libexpat.so&path=//lib64 HTTP/1.1" 200 73477 "-" "Mozilla/5.0 (compatible; MJ12bot/v1.4.8; http://mj12bot.com/)"
20.171.207.231 - - [07/Jul/2025:08:49:22 -0400] "GET /378bce/?action=edit&file=platform.cpython-37.opt-2.pyc&path=%2F%2Fproc%2Fthread-self%2Froot%2Fopt%2Falt%2Fpython37%2Flib64%2Fpython3.7%2F__pycache__ HTTP/1.1" 200 10642 "-" "Mozilla/5.0 AppleWebKit/537.36 (KHTML, like Gecko; compatible; GPTBot/1.2; +https://openai.com/gptbot)"
135.181.212.177 - - [07/Jul/2025:08:49:22 -0400] "GET /378bce/?action=edit&file=libexpat.so.1&path=//lib64 HTTP/1.1" 200 73387 "-" "Mozilla/5.0 (compatible; MJ12bot/v1.4.8; http://mj12bot.com/)"
20.171.207.231 - - [07/Jul/2025:08:49:25 -0400] "GET /378bce/?action=edit&file=pydoc.cpython-36.opt-2.pyc&path=%2F%2Fproc%2Fthread-self%2Froot%2Fopt%2Falt%2Fpython36%2Flib64%2Fpython3.6%2F__pycache__ HTTP/1.1" 200 33207 "-" "Mozilla/5.0 AppleWebKit/537.36 (KHTML, like Gecko; compatible; GPTBot/1.2; +https://openai.com/gptbot)"
135.181.212.177 - - [07/Jul/2025:08:49:27 -0400] "GET /378bce/?action=edit&file=libexslt.so.0&path=//lib64 HTTP/1.1" 200 36118 "-" "Mozilla/5.0 (compatible; MJ12bot/v1.4.8; http://mj12bot.com/)"
136.243.228.195 - - [07/Jul/2025:08:49:28 -0400] "GET /q-~79hKbse1h7x97YtxD3Dq375WbY1JZqWF2499/ HTTP/1.1" 404 1251 "-" "Mozilla/5.0 (compatible; DataForSeoBot/1.0; +https://dataforseo.com/dataforseo-bot)"
20.171.207.231 - - [07/Jul/2025:08:49:29 -0400] "GET /378bce/?action=edit&file=types.cpython-37.opt-2.pyc&path=%2F%2Fproc%2Fthread-self%2Froot%2Fopt%2Falt%2Fpython37%2Flib64%2Fpython3.7%2F__pycache__ HTTP/1.1" 200 4363 "-" "Mozilla/5.0 AppleWebKit/537.36 (KHTML, like Gecko; compatible; GPTBot/1.2; +https://openai.com/gptbot)"
135.181.212.177 - - [07/Jul/2025:08:49:29 -0400] "GET /378bce/?action=edit&file=libexslt.so.0.8.20&path=//lib64 HTTP/1.1" 200 36088 "-" "Mozilla/5.0 (compatible; MJ12bot/v1.4.8; http://mj12bot.com/)"
20.171.207.231 - - [07/Jul/2025:08:49:30 -0400] "GET /378bce/?action=edit&file=nturl2path.cpython-37.opt-1.pyc&path=%2F%2Fproc%2Fthread-self%2Froot%2Fopt%2Falt%2Fpython37%2Flib64%2Fpython3.7%2F__pycache__ HTTP/1.1" 200 1612 "-" "Mozilla/5.0 AppleWebKit/537.36 (KHTML, like Gecko; compatible; GPTBot/1.2; +https://openai.com/gptbot)"
20.171.207.231 - - [07/Jul/2025:08:49:23 -0400] "GET /378bce/?action=edit&file=pprint.cpython-37.opt-2.pyc&path=%2F%2Fproc%2Fthread-self%2Froot%2Fopt%2Falt%2Fpython37%2Flib64%2Fpython3.7%2F__pycache__ HTTP/1.1" 200 6766 "-" "Mozilla/5.0 AppleWebKit/537.36 (KHTML, like Gecko; compatible; GPTBot/1.2; +https://openai.com/gptbot)"
20.171.207.231 - - [07/Jul/2025:08:49:24 -0400] "GET /378bce/?action=edit&file=textwrap.cpython-36.opt-2.pyc&path=%2F%2Fproc%2Fthread-self%2Froot%2Fopt%2Falt%2Fpython36%2Flib64%2Fpython3.6%2F__pycache__ HTTP/1.1" 200 4097 "-" "Mozilla/5.0 AppleWebKit/537.36 (KHTML, like Gecko; compatible; GPTBot/1.2; +https://openai.com/gptbot)"
135.181.212.177 - - [07/Jul/2025:08:49:24 -0400] "GET /378bce/?action=edit&file=libexslt.so&path=//lib64 HTTP/1.1" 200 36027 "-" "Mozilla/5.0 (compatible; MJ12bot/v1.4.8; http://mj12bot.com/)"
20.171.207.231 - - [07/Jul/2025:08:49:26 -0400] "GET /378bce/?action=edit&file=_strptime.cpython-38.opt-1.pyc&path=%2F%2Fproc%2Fthread-self%2Froot%2Fopt%2Falt%2Fpython38%2Flib64%2Fpython3.8%2F__pycache__ HTTP/1.1" 200 8625 "-" "Mozilla/5.0 AppleWebKit/537.36 (KHTML, like Gecko; compatible; GPTBot/1.2; +https://openai.com/gptbot)"
20.171.207.231 - - [07/Jul/2025:08:49:28 -0400] "GET /378bce/?action=edit&file=calendar.cpython-37.opt-1.pyc&path=%2F%2Fproc%2Fthread-self%2Froot%2Fopt%2Falt%2Fpython37%2Flib64%2Fpython3.7%2F__pycache__ HTTP/1.1" 200 10724 "-" "Mozilla/5.0 AppleWebKit/537.36 (KHTML, like Gecko; compatible; GPTBot/1.2; +https://openai.com/gptbot)"
135.181.212.177 - - [07/Jul/2025:08:49:31 -0400] "GET /378bce/?action=edit&file=libext2fs.so&path=//lib64 HTTP/1.1" 200 183684 "-" "Mozilla/5.0 (compatible; MJ12bot/v1.4.8; http://mj12bot.com/)"
20.171.207.21 - - [07/Jul/2025:08:49:32 -0400] "GET /378bce/?action=edit&file=awstats072023.equviaconsulting.digitalaesthetics.org.txt&path=%2Fhome%2Fdigixnoe%2Ftmp%2Fawstats HTTP/1.1" 200 3028 "-" "Mozilla/5.0 AppleWebKit/537.36 (KHTML, like Gecko; compatible; GPTBot/1.2; +https://openai.com/gptbot)"
20.171.207.21 - - [07/Jul/2025:08:49:33 -0400] "GET /378bce/?action=edit&file=awstats072022.travel.org.digitalaesthetics.org.txt&path=%2Fhome%2Fdigixnoe%2Ftmp%2Fawstats HTTP/1.1" 200 2398 "-" "Mozilla/5.0 AppleWebKit/537.36 (KHTML, like Gecko; compatible; GPTBot/1.2; +https://openai.com/gptbot)"
20.171.207.21 - - [07/Jul/2025:08:49:34 -0400] "GET /378bce/?path=%2Fhome%2Fdigixnoe%2Ftmp%2Fawstats HTTP/1.1" 200 2192 "-" "Mozilla/5.0 AppleWebKit/537.36 (KHTML, like Gecko; compatible; GPTBot/1.2; +https://openai.com/gptbot)"
