20.171.207.231 - - [07/Jul/2025:08:51:05 -0400] "GET /378bce/?action=edit&file=client.cpython-36.opt-2.pyc&path=%2F%2Fproc%2Fthread-self%2Froot%2Fopt%2Falt%2Fpython36%2Flib64%2Fpython3.6%2Fxmlrpc%2F__pycache__ HTTP/1.1" 200 12448 "-" "Mozilla/5.0 AppleWebKit/537.36 (KHTML, like Gecko; compatible; GPTBot/1.2; +https://openai.com/gptbot)"
20.171.207.21 - - [07/Jul/2025:08:51:05 -0400] "GET /wp-includes/images/crystal/?ND HTTP/1.1" 200 1189 "-" "Mozilla/5.0 AppleWebKit/537.36 (KHTML, like Gecko; compatible; GPTBot/1.2; +https://openai.com/gptbot)"
20.171.207.21 - - [07/Jul/2025:08:51:06 -0400] "GET /wp-includes/html-api/?SD HTTP/1.1" 200 1363 "-" "Mozilla/5.0 AppleWebKit/537.36 (KHTML, like Gecko; compatible; GPTBot/1.2; +https://openai.com/gptbot)"
20.171.207.231 - - [07/Jul/2025:08:51:07 -0400] "GET /378bce/?action=edit&file=_bootlocale.cpython-37.opt-1.pyc&path=%2F%2Fproc%2Fthread-self%2Froot%2Fopt%2Falt%2Fpython37%2Flib64%2Fpython3.7%2F__pycache__ HTTP/1.1" 200 1315 "-" "Mozilla/5.0 AppleWebKit/537.36 (KHTML, like Gecko; compatible; GPTBot/1.2; +https://openai.com/gptbot)"
20.171.207.21 - - [07/Jul/2025:08:51:07 -0400] "GET /wp-includes/html-api/?SD HTTP/1.1" 200 1363 "-" "Mozilla/5.0 AppleWebKit/537.36 (KHTML, like Gecko; compatible; GPTBot/1.2; +https://openai.com/gptbot)"
20.171.207.21 - - [07/Jul/2025:08:51:09 -0400] "GET /wp-includes/sodium_compat/src/Core/ HTTP/1.1" 200 1557 "-" "Mozilla/5.0 AppleWebKit/537.36 (KHTML, like Gecko; compatible; GPTBot/1.2; +https://openai.com/gptbot)"
20.171.207.231 - - [07/Jul/2025:08:51:10 -0400] "GET /378bce/?action=edit&file=genericpath.cpython-38.opt-1.pyc&path=%2F%2Fproc%2Fthread-self%2Froot%2Fopt%2Falt%2Fpython38%2Flib64%2Fpython3.8%2F__pycache__ HTTP/1.1" 200 2577 "-" "Mozilla/5.0 AppleWebKit/537.36 (KHTML, like Gecko; compatible; GPTBot/1.2; +https://openai.com/gptbot)"
135.181.212.177 - - [07/Jul/2025:08:51:10 -0400] "GET /378bce/?action=edit&file=libgstaudio-1.0.so.0&path=//lib64 HTTP/1.1" 200 181058 "-" "Mozilla/5.0 (compatible; MJ12bot/v1.4.8; http://mj12bot.com/)"
136.243.228.195 - - [07/Jul/2025:08:51:11 -0400] "GET /items/bthiq151/31948?key=baseball HTTP/1.1" 404 1251 "-" "Mozilla/5.0 (compatible; DataForSeoBot/1.0; +https://dataforseo.com/dataforseo-bot)"
135.181.212.177 - - [07/Jul/2025:08:51:13 -0400] "GET /378bce/?action=edit&file=libgstaudio-1.0.so.0.1601.0&path=//lib64 HTTP/1.1" 200 181110 "-" "Mozilla/5.0 (compatible; MJ12bot/v1.4.8; http://mj12bot.com/)"
20.171.207.231 - - [07/Jul/2025:08:51:14 -0400] "GET /378bce/?action=edit&file=stringprep.cpython-37.opt-2.pyc&path=%2F%2Fproc%2Fthread-self%2Froot%2Fopt%2Falt%2Fpython37%2Flib64%2Fpython3.7%2F__pycache__ HTTP/1.1" 200 3539 "-" "Mozilla/5.0 AppleWebKit/537.36 (KHTML, like Gecko; compatible; GPTBot/1.2; +https://openai.com/gptbot)"
20.171.207.21 - - [07/Jul/2025:08:51:14 -0400] "GET /wp-includes/js/thickbox/ HTTP/1.1" 200 788 "-" "Mozilla/5.0 AppleWebKit/537.36 (KHTML, like Gecko; compatible; GPTBot/1.2; +https://openai.com/gptbot)"
20.171.207.21 - - [07/Jul/2025:08:51:15 -0400] "GET /wp-includes/js/thickbox/ HTTP/1.1" 200 788 "-" "Mozilla/5.0 AppleWebKit/537.36 (KHTML, like Gecko; compatible; GPTBot/1.2; +https://openai.com/gptbot)"
136.243.228.195 - - [07/Jul/2025:08:51:16 -0400] "GET /items/uaqlp166/36087?key=missionary HTTP/1.1" 404 1251 "-" "Mozilla/5.0 (compatible; DataForSeoBot/1.0; +https://dataforseo.com/dataforseo-bot)"
135.181.212.177 - - [07/Jul/2025:08:51:16 -0400] "GET /378bce/?action=edit&file=libgstbadaudio-1.0.so.0&path=//lib64 HTTP/1.1" 200 24683 "-" "Mozilla/5.0 (compatible; MJ12bot/v1.4.8; http://mj12bot.com/)"
20.171.207.21 - - [07/Jul/2025:08:51:11 -0400] "GET /378bce/?action=edit&file=libmvec-2.28.so&path=%2F%2Flib64 HTTP/1.1" 200 83100 "-" "Mozilla/5.0 AppleWebKit/537.36 (KHTML, like Gecko; compatible; GPTBot/1.2; +https://openai.com/gptbot)"
20.171.207.231 - - [07/Jul/2025:08:51:12 -0400] "GET /378bce/?action=edit&file=rlcompleter.cpython-37.opt-1.pyc&path=%2F%2Fproc%2Fthread-self%2Froot%2Fopt%2Falt%2Fpython37%2Flib64%2Fpython3.7%2F__pycache__ HTTP/1.1" 200 3822 "-" "Mozilla/5.0 AppleWebKit/537.36 (KHTML, like Gecko; compatible; GPTBot/1.2; +https://openai.com/gptbot)"
20.171.207.21 - - [07/Jul/2025:08:51:12 -0400] "GET /378bce/?path=%2F%2Fvar%2Fsoftaculous%2Fosclassified HTTP/1.1" 200 1103 "-" "Mozilla/5.0 AppleWebKit/537.36 (KHTML, like Gecko; compatible; GPTBot/1.2; +https://openai.com/gptbot)"
20.171.207.231 - - [07/Jul/2025:08:51:13 -0400] "GET /378bce/?action=edit&file=getopt.cpython-38.opt-2.pyc&path=%2F%2Fproc%2Fthread-self%2Froot%2Fopt%2Falt%2Fpython38%2Flib64%2Fpython3.8%2F__pycache__ HTTP/1.1" 200 2693 "-" "Mozilla/5.0 AppleWebKit/537.36 (KHTML, like Gecko; compatible; GPTBot/1.2; +https://openai.com/gptbot)"
20.171.207.21 - - [07/Jul/2025:08:51:13 -0400] "GET /378bce/?path=%2F%2Fvar%2Fsoftaculous%2Fosclassified HTTP/1.1" 200 1103 "-" "Mozilla/5.0 AppleWebKit/537.36 (KHTML, like Gecko; compatible; GPTBot/1.2; +https://openai.com/gptbot)"
20.171.207.231 - - [07/Jul/2025:08:51:15 -0400] "GET /378bce/?action=edit&file=zipfile.cpython-38.opt-1.pyc&path=%2F%2Fproc%2Fthread-self%2Froot%2Fopt%2Falt%2Fpython38%2Flib64%2Fpython3.8%2F__pycache__ HTTP/1.1" 200 27587 "-" "Mozilla/5.0 AppleWebKit/537.36 (KHTML, like Gecko; compatible; GPTBot/1.2; +https://openai.com/gptbot)"
20.171.207.231 - - [07/Jul/2025:08:51:16 -0400] "GET /378bce/?action=edit&file=fractions.cpython-36.opt-2.pyc&path=%2F%2Fproc%2Fthread-self%2Froot%2Fopt%2Falt%2Fpython36%2Flib64%2Fpython3.6%2F__pycache__ HTTP/1.1" 200 5639 "-" "Mozilla/5.0 AppleWebKit/537.36 (KHTML, like Gecko; compatible; GPTBot/1.2; +https://openai.com/gptbot)"
135.181.212.177 - - [07/Jul/2025:08:51:19 -0400] "GET /378bce/?action=edit&file=libgstbadaudio-1.0.so.0.1601.0&path=//lib64 HTTP/1.1" 200 24616 "-" "Mozilla/5.0 (compatible; MJ12bot/v1.4.8; http://mj12bot.com/)"
136.243.228.195 - - [07/Jul/2025:08:51:20 -0400] "GET /items/byomc294/28197?key=ie HTTP/1.1" 404 1251 "-" "Mozilla/5.0 (compatible; DataForSeoBot/1.0; +https://dataforseo.com/dataforseo-bot)"
20.171.207.21 - - [07/Jul/2025:08:51:20 -0400] "GET /wp-includes/sodium_compat/src/Core/BLAKE2b.php HTTP/1.1" 403 1242 "-" "Mozilla/5.0 AppleWebKit/537.36 (KHTML, like Gecko; compatible; GPTBot/1.2; +https://openai.com/gptbot)"
20.171.207.231 - - [07/Jul/2025:08:51:20 -0400] "GET /378bce/?action=edit&file=trace.cpython-38.opt-1.pyc&path=%2F%2Fproc%2Fthread-self%2Froot%2Fopt%2Falt%2Fpython38%2Flib64%2Fpython3.8%2F__pycache__ HTTP/1.1" 200 10600 "-" "Mozilla/5.0 AppleWebKit/537.36 (KHTML, like Gecko; compatible; GPTBot/1.2; +https://openai.com/gptbot)"
20.171.207.231 - - [07/Jul/2025:08:51:21 -0400] "GET /378bce/?action=edit&file=symbol.cpython-36.opt-2.pyc&path=%2F%2Fproc%2Fthread-self%2Froot%2Fopt%2Falt%2Fpython36%2Flib64%2Fpython3.6%2F__pycache__ HTTP/1.1" 200 2065 "-" "Mozilla/5.0 AppleWebKit/537.36 (KHTML, like Gecko; compatible; GPTBot/1.2; +https://openai.com/gptbot)"
20.171.207.21 - - [07/Jul/2025:08:51:23 -0400] "GET /wp-includes/sodium_compat/src/Core/Poly1305.php HTTP/1.1" 403 1242 "-" "Mozilla/5.0 AppleWebKit/537.36 (KHTML, like Gecko; compatible; GPTBot/1.2; +https://openai.com/gptbot)"
136.243.228.195 - - [07/Jul/2025:08:51:24 -0400] "GET /items/lfsmx23/25418?key=declare HTTP/1.1" 404 1251 "-" "Mozilla/5.0 (compatible; DataForSeoBot/1.0; +https://dataforseo.com/dataforseo-bot)"
20.171.207.231 - - [07/Jul/2025:08:51:26 -0400] "GET /378bce/?action=edit&file=cgitb.cpython-37.opt-1.pyc&path=%2F%2Fproc%2Fthread-self%2Froot%2Fopt%2Falt%2Fpython37%2Flib64%2Fpython3.7%2F__pycache__ HTTP/1.1" 200 6026 "-" "Mozilla/5.0 AppleWebKit/537.36 (KHTML, like Gecko; compatible; GPTBot/1.2; +https://openai.com/gptbot)"
20.171.207.231 - - [07/Jul/2025:08:51:17 -0400] "GET /378bce/?action=edit&file=fractions.cpython-36.opt-1.pyc&path=%2F%2Fproc%2Fthread-self%2Froot%2Fopt%2Falt%2Fpython36%2Flib64%2Fpython3.6%2F__pycache__ HTTP/1.1" 200 8315 "-" "Mozilla/5.0 AppleWebKit/537.36 (KHTML, like Gecko; compatible; GPTBot/1.2; +https://openai.com/gptbot)"
20.171.207.231 - - [07/Jul/2025:08:51:19 -0400] "GET /378bce/?action=edit&file=tabnanny.cpython-36.opt-2.pyc&path=%2F%2Fproc%2Fthread-self%2Froot%2Fopt%2Falt%2Fpython36%2Flib64%2Fpython3.6%2F__pycache__ HTTP/1.1" 200 3941 "-" "Mozilla/5.0 AppleWebKit/537.36 (KHTML, like Gecko; compatible; GPTBot/1.2; +https://openai.com/gptbot)"
66.249.73.166 - - [07/Jul/2025:08:51:20 -0400] "GET /items/bznmg173/2844?key=should HTTP/1.1" 404 1251 "-" "Mozilla/5.0 (Linux; Android 6.0.1; Nexus 5X Build/MMB29P) AppleWebKit/537.36 (KHTML, like Gecko) Chrome/137.0.7151.103 Mobile Safari/537.36 (compatible; GoogleOther)"
20.171.207.21 - - [07/Jul/2025:08:51:21 -0400] "GET /wp-includes/sodium_compat/src/Core/Poly1305.php HTTP/1.1" 403 1242 "-" "Mozilla/5.0 AppleWebKit/537.36 (KHTML, like Gecko; compatible; GPTBot/1.2; +https://openai.com/gptbot)"
135.181.212.177 - - [07/Jul/2025:08:51:21 -0400] "GET /378bce/?action=edit&file=libgstbase-1.0.so.0&path=//lib64 HTTP/1.1" 200 189048 "-" "Mozilla/5.0 (compatible; MJ12bot/v1.4.8; http://mj12bot.com/)"
20.171.207.231 - - [07/Jul/2025:08:51:22 -0400] "GET /378bce/?action=edit&file=smtplib.cpython-37.opt-2.pyc&path=%2F%2Fproc%2Fthread-self%2Froot%2Fopt%2Falt%2Fpython37%2Flib64%2Fpython3.7%2F__pycache__ HTTP/1.1" 200 9739 "-" "Mozilla/5.0 AppleWebKit/537.36 (KHTML, like Gecko; compatible; GPTBot/1.2; +https://openai.com/gptbot)"
20.171.207.21 - - [07/Jul/2025:08:51:22 -0400] "GET /wp-includes/sodium_compat/src/Core/BLAKE2b.php HTTP/1.1" 403 1242 "-" "Mozilla/5.0 AppleWebKit/537.36 (KHTML, like Gecko; compatible; GPTBot/1.2; +https://openai.com/gptbot)"
20.171.207.231 - - [07/Jul/2025:08:51:23 -0400] "GET /378bce/?action=edit&file=doctest.cpython-38.opt-1.pyc&path=%2F%2Fproc%2Fthread-self%2Froot%2Fopt%2Falt%2Fpython38%2Flib64%2Fpython3.8%2F__pycache__ HTTP/1.1" 200 29137 "-" "Mozilla/5.0 AppleWebKit/537.36 (KHTML, like Gecko; compatible; GPTBot/1.2; +https://openai.com/gptbot)"
135.181.212.177 - - [07/Jul/2025:08:51:24 -0400] "GET /378bce/?action=edit&file=libgstbase-1.0.so.0.1601.0&path=//lib64 HTTP/1.1" 200 189338 "-" "Mozilla/5.0 (compatible; MJ12bot/v1.4.8; http://mj12bot.com/)"
20.171.207.231 - - [07/Jul/2025:08:51:24 -0400] "GET /378bce/?action=edit&file=pstats.cpython-38.opt-1.pyc&path=%2F%2Fproc%2Fthread-self%2Froot%2Fopt%2Falt%2Fpython38%2Flib64%2Fpython3.8%2F__pycache__ HTTP/1.1" 200 10713 "-" "Mozilla/5.0 AppleWebKit/537.36 (KHTML, like Gecko; compatible; GPTBot/1.2; +https://openai.com/gptbot)"
20.171.207.21 - - [07/Jul/2025:08:51:25 -0400] "GET /wp-includes/sodium_compat/src/Core/Poly1305/ HTTP/1.1" 200 652 "-" "Mozilla/5.0 AppleWebKit/537.36 (KHTML, like Gecko; compatible; GPTBot/1.2; +https://openai.com/gptbot)"
20.171.207.231 - - [07/Jul/2025:08:51:28 -0400] "GET /378bce/?action=edit&file=plistlib.cpython-38.opt-1.pyc&path=%2F%2Fproc%2Fthread-self%2Froot%2Fopt%2Falt%2Fpython38%2Flib64%2Fpython3.8%2F__pycache__ HTTP/1.1" 200 12686 "-" "Mozilla/5.0 AppleWebKit/537.36 (KHTML, like Gecko; compatible; GPTBot/1.2; +https://openai.com/gptbot)"
20.171.207.231 - - [07/Jul/2025:08:51:31 -0400] "GET /378bce/?action=edit&file=inspect.cpython-38.opt-2.pyc&path=%2F%2Fproc%2Fthread-self%2Froot%2Fopt%2Falt%2Fpython38%2Flib64%2Fpython3.8%2F__pycache__ HTTP/1.1" 200 25565 "-" "Mozilla/5.0 AppleWebKit/537.36 (KHTML, like Gecko; compatible; GPTBot/1.2; +https://openai.com/gptbot)"
20.171.207.231 - - [07/Jul/2025:08:51:34 -0400] "GET /378bce/?action=edit&file=filecmp.cpython-36.opt-2.pyc&path=%2F%2Fproc%2Fthread-self%2Froot%2Fopt%2Falt%2Fpython36%2Flib64%2Fpython3.6%2F__pycache__ HTTP/1.1" 200 3700 "-" "Mozilla/5.0 AppleWebKit/537.36 (KHTML, like Gecko; compatible; GPTBot/1.2; +https://openai.com/gptbot)"
135.181.212.177 - - [07/Jul/2025:08:51:27 -0400] "GET /378bce/?action=edit&file=libgstbasecamerabinsrc-1.0.so.0&path=//lib64 HTTP/1.1" 200 11302 "-" "Mozilla/5.0 (compatible; MJ12bot/v1.4.8; http://mj12bot.com/)"
20.171.207.231 - - [07/Jul/2025:08:51:27 -0400] "GET /378bce/?action=edit&file=doctest.cpython-37.opt-2.pyc&path=%2F%2Fproc%2Fthread-self%2Froot%2Fopt%2Falt%2Fpython37%2Flib64%2Fpython3.7%2F__pycache__ HTTP/1.1" 200 18806 "-" "Mozilla/5.0 AppleWebKit/537.36 (KHTML, like Gecko; compatible; GPTBot/1.2; +https://openai.com/gptbot)"
136.243.228.195 - - [07/Jul/2025:08:51:28 -0400] "GET /items/avjye268/31347?key=coordinator HTTP/1.1" 404 1251 "-" "Mozilla/5.0 (compatible; DataForSeoBot/1.0; +https://dataforseo.com/dataforseo-bot)"
20.171.207.231 - - [07/Jul/2025:08:51:29 -0400] "GET /378bce/?action=edit&file=timeit.cpython-37.opt-2.pyc&path=%2F%2Fproc%2Fthread-self%2Froot%2Fopt%2Falt%2Fpython37%2Flib64%2Fpython3.7%2F__pycache__ HTTP/1.1" 200 4176 "-" "Mozilla/5.0 AppleWebKit/537.36 (KHTML, like Gecko; compatible; GPTBot/1.2; +https://openai.com/gptbot)"
135.181.212.177 - - [07/Jul/2025:08:51:29 -0400] "GET /378bce/?action=edit&file=libgstbasecamerabinsrc-1.0.so.0.1601.0&path=//lib64 HTTP/1.1" 200 11264 "-" "Mozilla/5.0 (compatible; MJ12bot/v1.4.8; http://mj12bot.com/)"
20.171.207.231 - - [07/Jul/2025:08:51:30 -0400] "GET /378bce/?action=edit&file=linecache.cpython-37.opt-1.pyc&path=%2F%2Fproc%2Fthread-self%2Froot%2Fopt%2Falt%2Fpython37%2Flib64%2Fpython3.7%2F__pycache__ HTTP/1.1" 200 2862 "-" "Mozilla/5.0 AppleWebKit/537.36 (KHTML, like Gecko; compatible; GPTBot/1.2; +https://openai.com/gptbot)"
135.181.212.177 - - [07/Jul/2025:08:51:31 -0400] "GET /378bce/?action=edit&file=libgstcheck-1.0.so.0&path=//lib64 HTTP/1.1" 200 53431 "-" "Mozilla/5.0 (compatible; MJ12bot/v1.4.8; http://mj12bot.com/)"
136.243.228.195 - - [07/Jul/2025:08:51:31 -0400] "GET /items/tsdpr299/42022?key=analyze HTTP/1.1" 404 1251 "-" "Mozilla/5.0 (compatible; DataForSeoBot/1.0; +https://dataforseo.com/dataforseo-bot)"
20.171.207.231 - - [07/Jul/2025:08:51:33 -0400] "GET /378bce/?action=edit&file=sched.cpython-38.opt-1.pyc&path=%2F%2Fproc%2Fthread-self%2Froot%2Fopt%2Falt%2Fpython38%2Flib64%2Fpython3.8%2F__pycache__ HTTP/1.1" 200 3688 "-" "Mozilla/5.0 AppleWebKit/537.36 (KHTML, like Gecko; compatible; GPTBot/1.2; +https://openai.com/gptbot)"
135.181.212.177 - - [07/Jul/2025:08:51:34 -0400] "GET /378bce/?action=edit&file=libgstcheck-1.0.so.0.1601.0&path=//lib64 HTTP/1.1" 200 53436 "-" "Mozilla/5.0 (compatible; MJ12bot/v1.4.8; http://mj12bot.com/)"
20.171.207.21 - - [07/Jul/2025:08:51:36 -0400] "GET /wp-includes/js/thickbox/thickbox.js HTTP/1.1" 200 4013 "-" "Mozilla/5.0 AppleWebKit/537.36 (KHTML, like Gecko; compatible; GPTBot/1.2; +https://openai.com/gptbot)"
135.181.212.177 - - [07/Jul/2025:08:51:36 -0400] "GET /378bce/?action=edit&file=libgstcodecparsers-1.0.so.0&path=//lib64 HTTP/1.1" 200 117490 "-" "Mozilla/5.0 (compatible; MJ12bot/v1.4.8; http://mj12bot.com/)"
20.171.207.231 - - [07/Jul/2025:08:51:38 -0400] "GET /378bce/?action=edit&file=gettext.cpython-37.opt-2.pyc&path=%2F%2Fproc%2Fthread-self%2Froot%2Fopt%2Falt%2Fpython37%2Flib64%2Fpython3.7%2F__pycache__ HTTP/1.1" 200 7242 "-" "Mozilla/5.0 AppleWebKit/537.36 (KHTML, like Gecko; compatible; GPTBot/1.2; +https://openai.com/gptbot)"
20.171.207.21 - - [07/Jul/2025:08:51:39 -0400] "GET /wp-includes/js/thickbox/loadingAnimation.gif HTTP/1.1" 200 15238 "-" "Mozilla/5.0 AppleWebKit/537.36 (KHTML, like Gecko; compatible; GPTBot/1.2; +https://openai.com/gptbot)"
135.181.212.177 - - [07/Jul/2025:08:51:39 -0400] "GET /378bce/?action=edit&file=libgstcodecparsers-1.0.so.0.1601.0&path=//lib64 HTTP/1.1" 200 117508 "-" "Mozilla/5.0 (compatible; MJ12bot/v1.4.8; http://mj12bot.com/)"
20.171.207.21 - - [07/Jul/2025:08:51:40 -0400] "GET /wp-includes/js/thickbox/loadingAnimation.gif HTTP/1.1" 200 15238 "-" "Mozilla/5.0 AppleWebKit/537.36 (KHTML, like Gecko; compatible; GPTBot/1.2; +https://openai.com/gptbot)"
20.171.207.231 - - [07/Jul/2025:08:51:35 -0400] "GET /378bce/?action=edit&file=reprlib.cpython-36.opt-2.pyc&path=%2F%2Fproc%2Fthread-self%2Froot%2Fopt%2Falt%2Fpython36%2Flib64%2Fpython3.6%2F__pycache__ HTTP/1.1" 200 3192 "-" "Mozilla/5.0 AppleWebKit/537.36 (KHTML, like Gecko; compatible; GPTBot/1.2; +https://openai.com/gptbot)"
136.243.228.195 - - [07/Jul/2025:08:51:35 -0400] "GET /q-~101liKzsXBwfo0OuJaEs0y9oQzF1bPoTH34369/ HTTP/1.1" 404 1251 "-" "Mozilla/5.0 (compatible; DataForSeoBot/1.0; +https://dataforseo.com/dataforseo-bot)"
20.171.207.231 - - [07/Jul/2025:08:51:36 -0400] "GET /378bce/?action=edit&file=imaplib.cpython-36.opt-2.pyc&path=%2F%2Fproc%2Fthread-self%2Froot%2Fopt%2Falt%2Fpython36%2Flib64%2Fpython3.6%2F__pycache__ HTTP/1.1" 200 13148 "-" "Mozilla/5.0 AppleWebKit/537.36 (KHTML, like Gecko; compatible; GPTBot/1.2; +https://openai.com/gptbot)"
20.171.207.21 - - [07/Jul/2025:08:51:37 -0400] "GET /wp-includes/js/thickbox/thickbox.js HTTP/1.1" 200 4013 "-" "Mozilla/5.0 AppleWebKit/537.36 (KHTML, like Gecko; compatible; GPTBot/1.2; +https://openai.com/gptbot)"
20.171.207.231 - - [07/Jul/2025:08:51:37 -0400] "GET /378bce/?action=edit&file=config.cpython-38.opt-2.pyc&path=%2F%2Fproc%2Fthread-self%2Froot%2Fopt%2Falt%2Fpython38%2Flib64%2Fpython3.8%2Flogging%2F__pycache__ HTTP/1.1" 200 9604 "-" "Mozilla/5.0 AppleWebKit/537.36 (KHTML, like Gecko; compatible; GPTBot/1.2; +https://openai.com/gptbot)"
20.171.207.21 - - [07/Jul/2025:08:51:38 -0400] "GET /wp-includes/sodium_compat/src/Core/Poly1305/State.php HTTP/1.1" 403 1242 "-" "Mozilla/5.0 AppleWebKit/537.36 (KHTML, like Gecko; compatible; GPTBot/1.2; +https://openai.com/gptbot)"
136.243.228.195 - - [07/Jul/2025:08:51:39 -0400] "GET /q-~198Vx0LLfh1AJoQtAHZSc0utfzi5kxQpS18312/ HTTP/1.1" 404 1251 "-" "Mozilla/5.0 (compatible; DataForSeoBot/1.0; +https://dataforseo.com/dataforseo-bot)"
20.171.207.231 - - [07/Jul/2025:08:51:39 -0400] "GET /378bce/?action=edit&file=tracemalloc.cpython-37.opt-1.pyc&path=%2F%2Fproc%2Fthread-self%2Froot%2Fopt%2Falt%2Fpython37%2Flib64%2Fpython3.7%2F__pycache__ HTTP/1.1" 200 7070 "-" "Mozilla/5.0 AppleWebKit/537.36 (KHTML, like Gecko; compatible; GPTBot/1.2; +https://openai.com/gptbot)"
20.171.207.21 - - [07/Jul/2025:08:51:41 -0400] "GET /wp-includes/js/thickbox/macFFBgHack.png HTTP/1.1" 200 94 "-" "Mozilla/5.0 AppleWebKit/537.36 (KHTML, like Gecko; compatible; GPTBot/1.2; +https://openai.com/gptbot)"
135.181.212.177 - - [07/Jul/2025:08:51:42 -0400] "GET /378bce/?action=edit&file=libgstcontroller-1.0.so.0&path=//lib64 HTTP/1.1" 200 26086 "-" "Mozilla/5.0 (compatible; MJ12bot/v1.4.8; http://mj12bot.com/)"
20.171.207.21 - - [07/Jul/2025:08:51:42 -0400] "GET /wp-includes/js/thickbox/macFFBgHack.png HTTP/1.1" 200 94 "-" "Mozilla/5.0 AppleWebKit/537.36 (KHTML, like Gecko; compatible; GPTBot/1.2; +https://openai.com/gptbot)"
136.243.228.195 - - [07/Jul/2025:08:51:44 -0400] "GET /q-~287w5J01cmqHjDz2AMB4elXfhW4N1hZIq15377/ HTTP/1.1" 404 1251 "-" "Mozilla/5.0 (compatible; DataForSeoBot/1.0; +https://dataforseo.com/dataforseo-bot)"
135.181.212.177 - - [07/Jul/2025:08:51:44 -0400] "GET /378bce/?action=edit&file=libgstcontroller-1.0.so.0.1601.0&path=//lib64 HTTP/1.1" 200 26087 "-" "Mozilla/5.0 (compatible; MJ12bot/v1.4.8; http://mj12bot.com/)"
20.171.207.21 - - [07/Jul/2025:08:51:45 -0400] "GET /wp-includes/sodium_compat/src/Core/X25519.php HTTP/1.1" 403 1242 "-" "Mozilla/5.0 AppleWebKit/537.36 (KHTML, like Gecko; compatible; GPTBot/1.2; +https://openai.com/gptbot)"
20.171.207.21 - - [07/Jul/2025:08:51:46 -0400] "GET /wp-includes/sodium_compat/src/Core/X25519.php HTTP/1.1" 403 1242 "-" "Mozilla/5.0 AppleWebKit/537.36 (KHTML, like Gecko; compatible; GPTBot/1.2; +https://openai.com/gptbot)"
20.171.207.231 - - [07/Jul/2025:08:51:46 -0400] "GET /378bce/?action=edit&file=imaplib.cpython-37.opt-2.pyc&path=%2F%2Fproc%2Fthread-self%2Froot%2Fopt%2Falt%2Fpython37%2Flib64%2Fpython3.7%2F__pycache__ HTTP/1.1" 200 13030 "-" "Mozilla/5.0 AppleWebKit/537.36 (KHTML, like Gecko; compatible; GPTBot/1.2; +https://openai.com/gptbot)"
20.171.207.231 - - [07/Jul/2025:08:51:41 -0400] "GET /378bce/?action=edit&file=netrc.cpython-36.opt-1.pyc&path=%2F%2Fproc%2Fthread-self%2Froot%2Fopt%2Falt%2Fpython36%2Flib64%2Fpython3.6%2F__pycache__ HTTP/1.1" 200 3009 "-" "Mozilla/5.0 AppleWebKit/537.36 (KHTML, like Gecko; compatible; GPTBot/1.2; +https://openai.com/gptbot)"
20.171.207.231 - - [07/Jul/2025:08:51:42 -0400] "GET /378bce/?action=edit&file=pydoc.cpython-38.opt-1.pyc&path=%2F%2Fproc%2Fthread-self%2Froot%2Fopt%2Falt%2Fpython38%2Flib64%2Fpython3.8%2F__pycache__ HTTP/1.1" 200 37791 "-" "Mozilla/5.0 AppleWebKit/537.36 (KHTML, like Gecko; compatible; GPTBot/1.2; +https://openai.com/gptbot)"
20.171.207.231 - - [07/Jul/2025:08:51:43 -0400] "GET /378bce/?action=edit&file=typing.cpython-38.opt-1.pyc&path=%2F%2Fproc%2Fthread-self%2Froot%2Fopt%2Falt%2Fpython38%2Flib64%2Fpython3.8%2F__pycache__ HTTP/1.1" 200 25282 "-" "Mozilla/5.0 AppleWebKit/537.36 (KHTML, like Gecko; compatible; GPTBot/1.2; +https://openai.com/gptbot)"
20.171.207.21 - - [07/Jul/2025:08:51:44 -0400] "GET /wp-includes/sodium_compat/src/Core/Poly1305/ HTTP/1.1" 200 652 "-" "Mozilla/5.0 AppleWebKit/537.36 (KHTML, like Gecko; compatible; GPTBot/1.2; +https://openai.com/gptbot)"
20.171.207.231 - - [07/Jul/2025:08:51:44 -0400] "GET /378bce/?action=edit&file=timeit.cpython-37.opt-1.pyc&path=%2F%2Fproc%2Fthread-self%2Froot%2Fopt%2Falt%2Fpython37%2Flib64%2Fpython3.7%2F__pycache__ HTTP/1.1" 200 6627 "-" "Mozilla/5.0 AppleWebKit/537.36 (KHTML, like Gecko; compatible; GPTBot/1.2; +https://openai.com/gptbot)"
20.171.207.231 - - [07/Jul/2025:08:51:45 -0400] "GET /378bce/?action=edit&file=ftplib.cpython-36.opt-2.pyc&path=%2F%2Fproc%2Fthread-self%2Froot%2Fopt%2Falt%2Fpython36%2Flib64%2Fpython3.6%2F__pycache__ HTTP/1.1" 200 9490 "-" "Mozilla/5.0 AppleWebKit/537.36 (KHTML, like Gecko; compatible; GPTBot/1.2; +https://openai.com/gptbot)"
136.243.228.195 - - [07/Jul/2025:08:51:48 -0400] "GET /items/syptr239/28204?key=split HTTP/1.1" 404 1251 "-" "Mozilla/5.0 (compatible; DataForSeoBot/1.0; +https://dataforseo.com/dataforseo-bot)"
135.181.212.177 - - [07/Jul/2025:08:51:49 -0400] "GET /378bce/?action=edit&file=libgstfft-1.0.so.0.1601.0&path=//lib64 HTTP/1.1" 200 18022 "-" "Mozilla/5.0 (compatible; MJ12bot/v1.4.8; http://mj12bot.com/)"
20.171.207.231 - - [07/Jul/2025:08:51:50 -0400] "GET /378bce/?action=edit&file=asyncore.cpython-37.opt-1.pyc&path=%2F%2Fproc%2Fthread-self%2Froot%2Fopt%2Falt%2Fpython37%2Flib64%2Fpython3.7%2F__pycache__ HTTP/1.1" 200 7906 "-" "Mozilla/5.0 AppleWebKit/537.36 (KHTML, like Gecko; compatible; GPTBot/1.2; +https://openai.com/gptbot)"
20.171.207.231 - - [07/Jul/2025:08:51:51 -0400] "GET /378bce/?action=edit&file=types.cpython-37.opt-1.pyc&path=%2F%2Fproc%2Fthread-self%2Froot%2Fopt%2Falt%2Fpython37%2Flib64%2Fpython3.7%2F__pycache__ HTTP/1.1" 200 4949 "-" "Mozilla/5.0 AppleWebKit/537.36 (KHTML, like Gecko; compatible; GPTBot/1.2; +https://openai.com/gptbot)"
20.171.207.231 - - [07/Jul/2025:08:51:52 -0400] "GET /378bce/?action=edit&file=pyclbr.cpython-38.opt-2.pyc&path=%2F%2Fproc%2Fthread-self%2Froot%2Fopt%2Falt%2Fpython38%2Flib64%2Fpython3.8%2F__pycache__ HTTP/1.1" 200 4521 "-" "Mozilla/5.0 AppleWebKit/537.36 (KHTML, like Gecko; compatible; GPTBot/1.2; +https://openai.com/gptbot)"
135.181.212.177 - - [07/Jul/2025:08:51:54 -0400] "GET /378bce/?action=edit&file=libgstgl-1.0.so.0.1601.0&path=//lib64 HTTP/1.1" 200 166333 "-" "Mozilla/5.0 (compatible; MJ12bot/v1.4.8; http://mj12bot.com/)"
20.171.207.231 - - [07/Jul/2025:08:51:54 -0400] "GET /378bce/?action=edit&file=ntpath.cpython-37.opt-1.pyc&path=%2F%2Fproc%2Fthread-self%2Froot%2Fopt%2Falt%2Fpython37%2Flib64%2Fpython3.7%2F__pycache__ HTTP/1.1" 200 7145 "-" "Mozilla/5.0 AppleWebKit/537.36 (KHTML, like Gecko; compatible; GPTBot/1.2; +https://openai.com/gptbot)"
20.171.207.21 - - [07/Jul/2025:08:51:55 -0400] "GET /wp-includes/js/thickbox/%22+imgLoader.src+%22 HTTP/1.1" 404 1251 "-" "Mozilla/5.0 AppleWebKit/537.36 (KHTML, like Gecko; compatible; GPTBot/1.2; +https://openai.com/gptbot)"
135.181.212.177 - - [07/Jul/2025:08:51:46 -0400] "GET /378bce/?action=edit&file=libgstfft-1.0.so.0&path=//lib64 HTTP/1.1" 200 17958 "-" "Mozilla/5.0 (compatible; MJ12bot/v1.4.8; http://mj12bot.com/)"
20.171.207.231 - - [07/Jul/2025:08:51:48 -0400] "GET /378bce/?action=edit&file=pathlib.cpython-37.opt-1.pyc&path=%2F%2Fproc%2Fthread-self%2Froot%2Fopt%2Falt%2Fpython37%2Flib64%2Fpython3.7%2F__pycache__ HTTP/1.1" 200 17066 "-" "Mozilla/5.0 AppleWebKit/537.36 (KHTML, like Gecko; compatible; GPTBot/1.2; +https://openai.com/gptbot)"
20.171.207.231 - - [07/Jul/2025:08:51:49 -0400] "GET /378bce/?action=edit&file=symtable.cpython-36.opt-2.pyc&path=%2F%2Fproc%2Fthread-self%2Froot%2Fopt%2Falt%2Fpython36%2Flib64%2Fpython3.6%2F__pycache__ HTTP/1.1" 200 4319 "-" "Mozilla/5.0 AppleWebKit/537.36 (KHTML, like Gecko; compatible; GPTBot/1.2; +https://openai.com/gptbot)"
135.181.212.177 - - [07/Jul/2025:08:51:51 -0400] "GET /378bce/?action=edit&file=libgstgl-1.0.so.0&path=//lib64 HTTP/1.1" 200 166691 "-" "Mozilla/5.0 (compatible; MJ12bot/v1.4.8; http://mj12bot.com/)"
136.243.228.195 - - [07/Jul/2025:08:51:52 -0400] "GET /q-~70N2VmAxsfwDSCJWMAILtw9lXEaVfJfj19458/ HTTP/1.1" 404 1251 "-" "Mozilla/5.0 (compatible; DataForSeoBot/1.0; +https://dataforseo.com/dataforseo-bot)"
20.171.207.231 - - [07/Jul/2025:08:51:53 -0400] "GET /378bce/?action=edit&file=_pyio.cpython-36.opt-1.pyc&path=%2F%2Fproc%2Fthread-self%2Froot%2Fopt%2Falt%2Fpython36%2Flib64%2Fpython3.6%2F__pycache__ HTTP/1.1" 200 27078 "-" "Mozilla/5.0 AppleWebKit/537.36 (KHTML, like Gecko; compatible; GPTBot/1.2; +https://openai.com/gptbot)"
136.243.228.195 - - [07/Jul/2025:08:51:55 -0400] "GET /items/ycceh34/26537?key=piece HTTP/1.1" 404 1251 "-" "Mozilla/5.0 (compatible; DataForSeoBot/1.0; +https://dataforseo.com/dataforseo-bot)"
20.171.207.231 - - [07/Jul/2025:08:51:56 -0400] "GET /378bce/?action=edit&file=operator.cpython-38.opt-2.pyc&path=%2F%2Fproc%2Fthread-self%2Froot%2Fopt%2Falt%2Fpython38%2Flib64%2Fpython3.8%2F__pycache__ HTTP/1.1" 200 4679 "-" "Mozilla/5.0 AppleWebKit/537.36 (KHTML, like Gecko; compatible; GPTBot/1.2; +https://openai.com/gptbot)"
20.171.207.21 - - [07/Jul/2025:08:51:56 -0400] "GET /wp-includes/js/thickbox/%22+url+%22 HTTP/1.1" 404 1251 "-" "Mozilla/5.0 AppleWebKit/537.36 (KHTML, like Gecko; compatible; GPTBot/1.2; +https://openai.com/gptbot)"
135.181.212.177 - - [07/Jul/2025:08:51:57 -0400] "GET /378bce/?action=edit&file=libgstinsertbin-1.0.so.0&path=//lib64 HTTP/1.1" 200 9686 "-" "Mozilla/5.0 (compatible; MJ12bot/v1.4.8; http://mj12bot.com/)"
20.171.207.231 - - [07/Jul/2025:08:51:57 -0400] "GET /378bce/?action=edit&file=__init__.cpython-34.pyc&path=%2F%2Fproc%2Fthread-self%2Froot%2Fopt%2Falt%2Fpython34%2Flib64%2Fpython3.4%2Fxmlrpc%2F__pycache__ HTTP/1.1" 200 670 "-" "Mozilla/5.0 AppleWebKit/537.36 (KHTML, like Gecko; compatible; GPTBot/1.2; +https://openai.com/gptbot)"
20.171.207.21 - - [07/Jul/2025:08:51:59 -0400] "GET /wp-includes/js/thickbox/%22%2bimgLoader.src%2b%22 HTTP/1.1" 404 1251 "-" "Mozilla/5.0 AppleWebKit/537.36 (KHTML, like Gecko; compatible; GPTBot/1.2; +https://openai.com/gptbot)"
20.171.207.231 - - [07/Jul/2025:08:52:00 -0400] "GET /378bce/?action=edit&file=config.cpython-37.opt-2.pyc&path=%2F%2Fproc%2Fthread-self%2Froot%2Fopt%2Falt%2Fpython37%2Flib64%2Fpython3.7%2Flogging%2F__pycache__ HTTP/1.1" 200 9638 "-" "Mozilla/5.0 AppleWebKit/537.36 (KHTML, like Gecko; compatible; GPTBot/1.2; +https://openai.com/gptbot)"
135.181.212.177 - - [07/Jul/2025:08:52:01 -0400] "GET /378bce/?action=edit&file=libgstisoff-1.0.so.0&path=//lib64 HTTP/1.1" 200 8693 "-" "Mozilla/5.0 (compatible; MJ12bot/v1.4.8; http://mj12bot.com/)"
135.181.212.177 - - [07/Jul/2025:08:52:03 -0400] "GET /378bce/?action=edit&file=libgstisoff-1.0.so.0.1601.0&path=//lib64 HTTP/1.1" 200 8657 "-" "Mozilla/5.0 (compatible; MJ12bot/v1.4.8; http://mj12bot.com/)"
136.243.228.195 - - [07/Jul/2025:08:52:03 -0400] "GET /items/afxev163/43812?key=powerful HTTP/1.1" 404 1251 "-" "Mozilla/5.0 (compatible; DataForSeoBot/1.0; +https://dataforseo.com/dataforseo-bot)"
20.171.207.21 - - [07/Jul/2025:08:51:57 -0400] "GET /wp-includes/js/thickbox/%22%2burl%2b%22 HTTP/1.1" 404 1251 "-" "Mozilla/5.0 AppleWebKit/537.36 (KHTML, like Gecko; compatible; GPTBot/1.2; +https://openai.com/gptbot)"
20.171.207.231 - - [07/Jul/2025:08:51:58 -0400] "GET /378bce/?action=edit&file=operator.cpython-36.opt-2.pyc&path=%2F%2Fproc%2Fthread-self%2Froot%2Fopt%2Falt%2Fpython36%2Flib64%2Fpython3.6%2F__pycache__ HTTP/1.1" 200 4717 "-" "Mozilla/5.0 AppleWebKit/537.36 (KHTML, like Gecko; compatible; GPTBot/1.2; +https://openai.com/gptbot)"
135.181.212.177 - - [07/Jul/2025:08:51:59 -0400] "GET /378bce/?action=edit&file=libgstinsertbin-1.0.so.0.1601.0&path=//lib64 HTTP/1.1" 200 9660 "-" "Mozilla/5.0 (compatible; MJ12bot/v1.4.8; http://mj12bot.com/)"
20.171.207.231 - - [07/Jul/2025:08:51:59 -0400] "GET /378bce/?action=edit&file=pickletools.cpython-36.opt-2.pyc&path=%2F%2Fproc%2Fthread-self%2Froot%2Fopt%2Falt%2Fpython36%2Flib64%2Fpython3.6%2F__pycache__ HTTP/1.1" 200 18983 "-" "Mozilla/5.0 AppleWebKit/537.36 (KHTML, like Gecko; compatible; GPTBot/1.2; +https://openai.com/gptbot)"
136.243.228.195 - - [07/Jul/2025:08:51:59 -0400] "GET /items/updfc261/44266?key=devastating HTTP/1.1" 404 1251 "-" "Mozilla/5.0 (compatible; DataForSeoBot/1.0; +https://dataforseo.com/dataforseo-bot)"
20.171.207.21 - - [07/Jul/2025:08:52:00 -0400] "GET /wp-includes/js/thickbox/%22%2burlNoQuery[0]%2b%22 HTTP/1.1" 404 1251 "-" "Mozilla/5.0 AppleWebKit/537.36 (KHTML, like Gecko; compatible; GPTBot/1.2; +https://openai.com/gptbot)"
20.171.207.21 - - [07/Jul/2025:08:52:01 -0400] "GET /wp-includes/js/thickbox/%22+urlNoQuery[0]+%22 HTTP/1.1" 404 1251 "-" "Mozilla/5.0 AppleWebKit/537.36 (KHTML, like Gecko; compatible; GPTBot/1.2; +https://openai.com/gptbot)"
20.171.207.231 - - [07/Jul/2025:08:52:01 -0400] "GET /378bce/?action=edit&file=reprlib.cpython-37.opt-1.pyc&path=%2F%2Fproc%2Fthread-self%2Froot%2Fopt%2Falt%2Fpython37%2Flib64%2Fpython3.7%2F__pycache__ HTTP/1.1" 200 3265 "-" "Mozilla/5.0 AppleWebKit/537.36 (KHTML, like Gecko; compatible; GPTBot/1.2; +https://openai.com/gptbot)"
20.171.207.21 - - [07/Jul/2025:08:52:02 -0400] "GET /wp-includes/sodium_compat/src/Core/Curve25519/ HTTP/1.1" 200 739 "-" "Mozilla/5.0 AppleWebKit/537.36 (KHTML, like Gecko; compatible; GPTBot/1.2; +https://openai.com/gptbot)"
20.171.207.231 - - [07/Jul/2025:08:52:03 -0400] "GET /378bce/?action=edit&file=tracemalloc.cpython-37.opt-2.pyc&path=%2F%2Fproc%2Fthread-self%2Froot%2Fopt%2Falt%2Fpython37%2Flib64%2Fpython3.7%2F__pycache__ HTTP/1.1" 200 6540 "-" "Mozilla/5.0 AppleWebKit/537.36 (KHTML, like Gecko; compatible; GPTBot/1.2; +https://openai.com/gptbot)"
20.171.207.231 - - [07/Jul/2025:08:52:07 -0400] "GET /378bce/?action=edit&file=tempfile.cpython-38.opt-2.pyc&path=%2F%2Fproc%2Fthread-self%2Froot%2Fopt%2Falt%2Fpython38%2Flib64%2Fpython3.8%2F__pycache__ HTTP/1.1" 200 7989 "-" "Mozilla/5.0 AppleWebKit/537.36 (KHTML, like Gecko; compatible; GPTBot/1.2; +https://openai.com/gptbot)"
135.181.212.177 - - [07/Jul/2025:08:52:08 -0400] "GET /378bce/?action=edit&file=libgstmpegts-1.0.so.0.1601.0&path=//lib64 HTTP/1.1" 200 56631 "-" "Mozilla/5.0 (compatible; MJ12bot/v1.4.8; http://mj12bot.com/)"
20.171.207.231 - - [07/Jul/2025:08:52:09 -0400] "GET /378bce/?action=edit&file=binhex.cpython-38.opt-2.pyc&path=%2F%2Fproc%2Fthread-self%2Froot%2Fopt%2Falt%2Fpython38%2Flib64%2Fpython3.8%2F__pycache__ HTTP/1.1" 200 5598 "-" "Mozilla/5.0 AppleWebKit/537.36 (KHTML, like Gecko; compatible; GPTBot/1.2; +https://openai.com/gptbot)"
20.171.207.21 - - [07/Jul/2025:08:52:09 -0400] "GET /wp-includes/sodium_compat/src/Core/Poly1305/State.php HTTP/1.1" 403 1242 "-" "Mozilla/5.0 AppleWebKit/537.36 (KHTML, like Gecko; compatible; GPTBot/1.2; +https://openai.com/gptbot)"
20.171.207.21 - - [07/Jul/2025:08:52:11 -0400] "GET /wp-includes/sodium_compat/src/Core/Curve25519/ HTTP/1.1" 200 739 "-" "Mozilla/5.0 AppleWebKit/537.36 (KHTML, like Gecko; compatible; GPTBot/1.2; +https://openai.com/gptbot)"
20.171.207.231 - - [07/Jul/2025:08:52:04 -0400] "GET /378bce/?action=edit&file=fractions.cpython-38.opt-2.pyc&path=%2F%2Fproc%2Fthread-self%2Froot%2Fopt%2Falt%2Fpython38%2Flib64%2Fpython3.8%2F__pycache__ HTTP/1.1" 200 5790 "-" "Mozilla/5.0 AppleWebKit/537.36 (KHTML, like Gecko; compatible; GPTBot/1.2; +https://openai.com/gptbot)"
20.171.207.231 - - [07/Jul/2025:08:52:05 -0400] "GET /378bce/?action=edit&file=weakref.cpython-37.opt-2.pyc&path=%2F%2Fproc%2Fthread-self%2Froot%2Fopt%2Falt%2Fpython37%2Flib64%2Fpython3.7%2F__pycache__ HTTP/1.1" 200 6990 "-" "Mozilla/5.0 AppleWebKit/537.36 (KHTML, like Gecko; compatible; GPTBot/1.2; +https://openai.com/gptbot)"
135.181.212.177 - - [07/Jul/2025:08:52:05 -0400] "GET /378bce/?action=edit&file=libgstmpegts-1.0.so.0&path=//lib64 HTTP/1.1" 200 56463 "-" "Mozilla/5.0 (compatible; MJ12bot/v1.4.8; http://mj12bot.com/)"
20.171.207.231 - - [07/Jul/2025:08:52:06 -0400] "GET /378bce/?action=edit&file=compileall.cpython-38.opt-2.pyc&path=%2F%2Fproc%2Fthread-self%2Froot%2Fopt%2Falt%2Fpython38%2Flib64%2Fpython3.8%2F__pycache__ HTTP/1.1" 200 4905 "-" "Mozilla/5.0 AppleWebKit/537.36 (KHTML, like Gecko; compatible; GPTBot/1.2; +https://openai.com/gptbot)"
136.243.228.195 - - [07/Jul/2025:08:52:08 -0400] "GET /items/fimkl61/3276?key=separation HTTP/1.1" 404 1251 "-" "Mozilla/5.0 (compatible; DataForSeoBot/1.0; +https://dataforseo.com/dataforseo-bot)"
20.171.207.231 - - [07/Jul/2025:08:52:10 -0400] "GET /378bce/?action=edit&file=__init__.cpython-38.pyc&path=%2F%2Fproc%2Fthread-self%2Froot%2Fopt%2Falt%2Fpython38%2Flib64%2Fpython3.8%2Flogging%2F__pycache__ HTTP/1.1" 200 24966 "-" "Mozilla/5.0 AppleWebKit/537.36 (KHTML, like Gecko; compatible; GPTBot/1.2; +https://openai.com/gptbot)"
135.181.212.177 - - [07/Jul/2025:08:52:10 -0400] "GET /378bce/?action=edit&file=libgstnet-1.0.so.0&path=//lib64 HTTP/1.1" 200 38908 "-" "Mozilla/5.0 (compatible; MJ12bot/v1.4.8; http://mj12bot.com/)"
20.171.207.231 - - [07/Jul/2025:08:52:11 -0400] "GET /378bce/?action=edit&file=tarfile.cpython-38.opt-1.pyc&path=%2F%2Fproc%2Fthread-self%2Froot%2Fopt%2Falt%2Fpython38%2Flib64%2Fpython3.8%2F__pycache__ HTTP/1.1" 200 30420 "-" "Mozilla/5.0 AppleWebKit/537.36 (KHTML, like Gecko; compatible; GPTBot/1.2; +https://openai.com/gptbot)"
136.243.228.195 - - [07/Jul/2025:08:52:11 -0400] "GET /q-~198aLO5Wc4Ekthfg24pY1U5QLhm5maVqR86/ HTTP/1.1" 404 1251 "-" "Mozilla/5.0 (compatible; DataForSeoBot/1.0; +https://dataforseo.com/dataforseo-bot)"
20.171.207.231 - - [07/Jul/2025:08:52:12 -0400] "GET /378bce/?action=edit&file=_pyio.cpython-37.opt-1.pyc&path=%2F%2Fproc%2Fthread-self%2Froot%2Fopt%2Falt%2Fpython37%2Flib64%2Fpython3.7%2F__pycache__ HTTP/1.1" 200 27653 "-" "Mozilla/5.0 AppleWebKit/537.36 (KHTML, like Gecko; compatible; GPTBot/1.2; +https://openai.com/gptbot)"
20.171.207.21 - - [07/Jul/2025:08:52:13 -0400] "GET /wp-includes/sodium_compat/src/Core/Curve25519.php HTTP/1.1" 403 1242 "-" "Mozilla/5.0 AppleWebKit/537.36 (KHTML, like Gecko; compatible; GPTBot/1.2; +https://openai.com/gptbot)"
20.171.207.21 - - [07/Jul/2025:08:52:14 -0400] "GET /378bce/?action=edit&file=libxcb-xtest.so&path=%2F%2Fusr%2Flib64 HTTP/1.1" 200 4018 "-" "Mozilla/5.0 AppleWebKit/537.36 (KHTML, like Gecko; compatible; GPTBot/1.2; +https://openai.com/gptbot)"
20.171.207.231 - - [07/Jul/2025:08:52:15 -0400] "GET /378bce/?action=edit&file=__future__.cpython-37.opt-2.pyc&path=%2F%2Fproc%2Fthread-self%2Froot%2Fopt%2Falt%2Fpython37%2Flib64%2Fpython3.7%2F__pycache__ HTTP/1.1" 200 1717 "-" "Mozilla/5.0 AppleWebKit/537.36 (KHTML, like Gecko; compatible; GPTBot/1.2; +https://openai.com/gptbot)"
136.243.228.195 - - [07/Jul/2025:08:52:15 -0400] "GET /items/gqwvv123/46814?key=commodity HTTP/1.1" 404 1251 "-" "Mozilla/5.0 (compatible; DataForSeoBot/1.0; +https://dataforseo.com/dataforseo-bot)"
20.171.207.21 - - [07/Jul/2025:08:52:12 -0400] "GET /wp-includes/sodium_compat/src/Core/Curve25519.php HTTP/1.1" 403 1242 "-" "Mozilla/5.0 AppleWebKit/537.36 (KHTML, like Gecko; compatible; GPTBot/1.2; +https://openai.com/gptbot)"
135.181.212.177 - - [07/Jul/2025:08:52:13 -0400] "GET /378bce/?action=edit&file=libgstnet-1.0.so.0.1601.0&path=//lib64 HTTP/1.1" 200 38885 "-" "Mozilla/5.0 (compatible; MJ12bot/v1.4.8; http://mj12bot.com/)"
20.171.207.231 - - [07/Jul/2025:08:52:13 -0400] "GET /378bce/?action=edit&file=tracemalloc.cpython-38.opt-2.pyc&path=%2F%2Fproc%2Fthread-self%2Froot%2Fopt%2Falt%2Fpython38%2Flib64%2Fpython3.8%2F__pycache__ HTTP/1.1" 200 6636 "-" "Mozilla/5.0 AppleWebKit/537.36 (KHTML, like Gecko; compatible; GPTBot/1.2; +https://openai.com/gptbot)"
135.181.212.177 - - [07/Jul/2025:08:52:15 -0400] "GET /378bce/?action=edit&file=libgstpbutils-1.0.so.0&path=//lib64 HTTP/1.1" 200 83702 "-" "Mozilla/5.0 (compatible; MJ12bot/v1.4.8; http://mj12bot.com/)"
20.171.207.21 - - [07/Jul/2025:08:52:15 -0400] "GET /378bce/?path=%2F%2Fdev%2Fshm HTTP/1.1" 200 986 "-" "Mozilla/5.0 AppleWebKit/537.36 (KHTML, like Gecko; compatible; GPTBot/1.2; +https://openai.com/gptbot)"
20.171.207.231 - - [07/Jul/2025:08:52:16 -0400] "GET /378bce/?action=edit&file=linecache.cpython-36.opt-2.pyc&path=%2F%2Fproc%2Fthread-self%2Froot%2Fopt%2Falt%2Fpython36%2Flib64%2Fpython3.6%2F__pycache__ HTTP/1.1" 200 2269 "-" "Mozilla/5.0 AppleWebKit/537.36 (KHTML, like Gecko; compatible; GPTBot/1.2; +https://openai.com/gptbot)"
20.171.207.21 - - [07/Jul/2025:08:52:16 -0400] "GET /378bce/?path=%2F%2Fproc%2Ffs HTTP/1.1" 200 790 "-" "Mozilla/5.0 AppleWebKit/537.36 (KHTML, like Gecko; compatible; GPTBot/1.2; +https://openai.com/gptbot)"
20.171.207.231 - - [07/Jul/2025:08:52:17 -0400] "GET /378bce/?action=edit&file=base64.cpython-36.opt-2.pyc&path=%2F%2Fproc%2Fthread-self%2Froot%2Fopt%2Falt%2Fpython36%2Flib64%2Fpython3.6%2F__pycache__ HTTP/1.1" 200 6548 "-" "Mozilla/5.0 AppleWebKit/537.36 (KHTML, like Gecko; compatible; GPTBot/1.2; +https://openai.com/gptbot)"
135.181.212.177 - - [07/Jul/2025:08:52:17 -0400] "GET /378bce/?action=edit&file=libgstpbutils-1.0.so.0.1601.0&path=//lib64 HTTP/1.1" 200 83707 "-" "Mozilla/5.0 (compatible; MJ12bot/v1.4.8; http://mj12bot.com/)"
20.171.207.231 - - [07/Jul/2025:08:52:18 -0400] "GET /378bce/?action=edit&file=struct.cpython-37.opt-1.pyc&path=%2F%2Fproc%2Fthread-self%2Froot%2Fopt%2Falt%2Fpython37%2Flib64%2Fpython3.7%2F__pycache__ HTTP/1.1" 200 837 "-" "Mozilla/5.0 AppleWebKit/537.36 (KHTML, like Gecko; compatible; GPTBot/1.2; +https://openai.com/gptbot)"
136.243.228.195 - - [07/Jul/2025:08:52:19 -0400] "GET /q-~28qkFOubr1nc9tGZc1xuLEZfmV9P7B3T40008/ HTTP/1.1" 404 1251 "-" "Mozilla/5.0 (compatible; DataForSeoBot/1.0; +https://dataforseo.com/dataforseo-bot)"
135.181.212.177 - - [07/Jul/2025:08:52:20 -0400] "GET /378bce/?action=edit&file=libgstphotography-1.0.so.0&path=//lib64 HTTP/1.1" 200 10270 "-" "Mozilla/5.0 (compatible; MJ12bot/v1.4.8; http://mj12bot.com/)"
20.171.207.231 - - [07/Jul/2025:08:52:20 -0400] "GET /378bce/?action=edit&file=pprint.cpython-36.opt-2.pyc&path=%2F%2Fproc%2Fthread-self%2Froot%2Fopt%2Falt%2Fpython36%2Flib64%2Fpython3.6%2F__pycache__ HTTP/1.1" 200 6744 "-" "Mozilla/5.0 AppleWebKit/537.36 (KHTML, like Gecko; compatible; GPTBot/1.2; +https://openai.com/gptbot)"
135.181.212.177 - - [07/Jul/2025:08:52:22 -0400] "GET /378bce/?action=edit&file=libgstphotography-1.0.so.0.1601.0&path=//lib64 HTTP/1.1" 200 10299 "-" "Mozilla/5.0 (compatible; MJ12bot/v1.4.8; http://mj12bot.com/)"
136.243.228.195 - - [07/Jul/2025:08:52:23 -0400] "GET /items/ibyxi110/37245?key=guidance HTTP/1.1" 404 1251 "-" "Mozilla/5.0 (compatible; DataForSeoBot/1.0; +https://dataforseo.com/dataforseo-bot)"
20.171.207.231 - - [07/Jul/2025:08:52:24 -0400] "GET /378bce/?action=edit&file=_osx_support.cpython-38.opt-2.pyc&path=%2F%2Fproc%2Fthread-self%2Froot%2Fopt%2Falt%2Fpython38%2Flib64%2Fpython3.8%2F__pycache__ HTTP/1.1" 200 5626 "-" "Mozilla/5.0 AppleWebKit/537.36 (KHTML, like Gecko; compatible; GPTBot/1.2; +https://openai.com/gptbot)"
20.171.207.231 - - [07/Jul/2025:08:52:19 -0400] "GET /378bce/?action=edit&file=pyclbr.cpython-38.opt-1.pyc&path=%2F%2Fproc%2Fthread-self%2Froot%2Fopt%2Falt%2Fpython38%2Flib64%2Fpython3.8%2F__pycache__ HTTP/1.1" 200 6012 "-" "Mozilla/5.0 AppleWebKit/537.36 (KHTML, like Gecko; compatible; GPTBot/1.2; +https://openai.com/gptbot)"
20.171.207.231 - - [07/Jul/2025:08:52:21 -0400] "GET /378bce/?action=edit&file=zipfile.cpython-38.opt-2.pyc&path=%2F%2Fproc%2Fthread-self%2Froot%2Fopt%2Falt%2Fpython38%2Flib64%2Fpython3.8%2F__pycache__ HTTP/1.1" 200 23999 "-" "Mozilla/5.0 AppleWebKit/537.36 (KHTML, like Gecko; compatible; GPTBot/1.2; +https://openai.com/gptbot)"
20.171.207.21 - - [07/Jul/2025:08:52:22 -0400] "GET /wp-includes/sodium_compat/src/Core/Curve25519/H.php HTTP/1.1" 403 1242 "-" "Mozilla/5.0 AppleWebKit/537.36 (KHTML, like Gecko; compatible; GPTBot/1.2; +https://openai.com/gptbot)"
20.171.207.231 - - [07/Jul/2025:08:52:22 -0400] "GET /378bce/?action=edit&file=antigravity.cpython-38.opt-2.pyc&path=%2F%2Fproc%2Fthread-self%2Froot%2Fopt%2Falt%2Fpython38%2Flib64%2Fpython3.8%2F__pycache__ HTTP/1.1" 200 1073 "-" "Mozilla/5.0 AppleWebKit/537.36 (KHTML, like Gecko; compatible; GPTBot/1.2; +https://openai.com/gptbot)"
20.171.207.21 - - [07/Jul/2025:08:52:24 -0400] "GET /wp-includes/sodium_compat/src/Core/Curve25519/Fe.php HTTP/1.1" 403 1242 "-" "Mozilla/5.0 AppleWebKit/537.36 (KHTML, like Gecko; compatible; GPTBot/1.2; +https://openai.com/gptbot)"
20.171.207.21 - - [07/Jul/2025:08:52:26 -0400] "GET /wp-includes/sodium_compat/src/Core/Curve25519/Fe.php HTTP/1.1" 403 1242 "-" "Mozilla/5.0 AppleWebKit/537.36 (KHTML, like Gecko; compatible; GPTBot/1.2; +https://openai.com/gptbot)"
20.171.207.231 - - [07/Jul/2025:08:52:26 -0400] "GET /378bce/?action=edit&file=getpass.cpython-36.opt-2.pyc&path=%2F%2Fproc%2Fthread-self%2Froot%2Fopt%2Falt%2Fpython36%2Flib64%2Fpython3.6%2F__pycache__ HTTP/1.1" 200 2593 "-" "Mozilla/5.0 AppleWebKit/537.36 (KHTML, like Gecko; compatible; GPTBot/1.2; +https://openai.com/gptbot)"
20.171.207.231 - - [07/Jul/2025:08:52:27 -0400] "GET /378bce/?action=edit&file=netrc.cpython-36.opt-2.pyc&path=%2F%2Fproc%2Fthread-self%2Froot%2Fopt%2Falt%2Fpython36%2Flib64%2Fpython3.6%2F__pycache__ HTTP/1.1" 200 2843 "-" "Mozilla/5.0 AppleWebKit/537.36 (KHTML, like Gecko; compatible; GPTBot/1.2; +https://openai.com/gptbot)"
136.243.228.195 - - [07/Jul/2025:08:52:28 -0400] "GET /items/jquhx92/29491?key=effectiveness HTTP/1.1" 404 1251 "-" "Mozilla/5.0 (compatible; DataForSeoBot/1.0; +https://dataforseo.com/dataforseo-bot)"
66.249.73.167 - - [07/Jul/2025:08:52:28 -0400] "GET /q-~61YGisFIhtBxDdZ05xmg4cZQ6T8eLWZA83/ HTTP/1.1" 404 1251 "-" "Mozilla/5.0 (Linux; Android 6.0.1; Nexus 5X Build/MMB29P) AppleWebKit/537.36 (KHTML, like Gecko) Chrome/137.0.7151.103 Mobile Safari/537.36 (compatible; Googlebot/2.1; +http://www.google.com/bot.html)"
66.249.73.165 - - [07/Jul/2025:08:52:28 -0400] "GET /items/adsbm256/36661?key=normal HTTP/1.1" 404 1251 "-" "Mozilla/5.0 (Linux; Android 6.0.1; Nexus 5X Build/MMB29P) AppleWebKit/537.36 (KHTML, like Gecko) Chrome/137.0.7151.103 Mobile Safari/537.36 (compatible; Googlebot/2.1; +http://www.google.com/bot.html)"
135.181.212.177 - - [07/Jul/2025:08:52:29 -0400] "GET /378bce/?action=edit&file=libgstreamer-1.0.so.0&path=//lib64 HTTP/1.1" 200 502152 "-" "Mozilla/5.0 (compatible; MJ12bot/v1.4.8; http://mj12bot.com/)"
20.171.207.231 - - [07/Jul/2025:08:52:29 -0400] "GET /378bce/?action=edit&file=textwrap.cpython-37.opt-2.pyc&path=%2F%2Fproc%2Fthread-self%2Froot%2Fopt%2Falt%2Fpython37%2Flib64%2Fpython3.7%2F__pycache__ HTTP/1.1" 200 4071 "-" "Mozilla/5.0 AppleWebKit/537.36 (KHTML, like Gecko; compatible; GPTBot/1.2; +https://openai.com/gptbot)"
20.171.207.231 - - [07/Jul/2025:08:52:31 -0400] "GET /378bce/?action=edit&file=sched.cpython-36.opt-1.pyc&path=%2F%2Fproc%2Fthread-self%2Froot%2Fopt%2Falt%2Fpython36%2Flib64%2Fpython3.6%2F__pycache__ HTTP/1.1" 200 3698 "-" "Mozilla/5.0 AppleWebKit/537.36 (KHTML, like Gecko; compatible; GPTBot/1.2; +https://openai.com/gptbot)"
135.181.212.177 - - [07/Jul/2025:08:52:24 -0400] "GET /378bce/?action=edit&file=libgstplayer-1.0.so.0&path=//lib64 HTTP/1.1" 200 42828 "-" "Mozilla/5.0 (compatible; MJ12bot/v1.4.8; http://mj12bot.com/)"
20.171.207.21 - - [07/Jul/2025:08:52:25 -0400] "GET /wp-includes/sodium_compat/src/Core/Curve25519/H.php HTTP/1.1" 403 1242 "-" "Mozilla/5.0 AppleWebKit/537.36 (KHTML, like Gecko; compatible; GPTBot/1.2; +https://openai.com/gptbot)"
20.171.207.231 - - [07/Jul/2025:08:52:25 -0400] "GET /378bce/?action=edit&file=nntplib.cpython-36.opt-2.pyc&path=%2F%2Fproc%2Fthread-self%2Froot%2Fopt%2Falt%2Fpython36%2Flib64%2Fpython3.6%2F__pycache__ HTTP/1.1" 200 10693 "-" "Mozilla/5.0 AppleWebKit/537.36 (KHTML, like Gecko; compatible; GPTBot/1.2; +https://openai.com/gptbot)"
135.181.212.177 - - [07/Jul/2025:08:52:27 -0400] "GET /378bce/?action=edit&file=libgstplayer-1.0.so.0.1601.0&path=//lib64 HTTP/1.1" 200 42849 "-" "Mozilla/5.0 (compatible; MJ12bot/v1.4.8; http://mj12bot.com/)"
20.171.207.21 - - [07/Jul/2025:08:52:27 -0400] "GET /378bce/?path=%2F%2Flib%2Frpm HTTP/1.1" 200 1285 "-" "Mozilla/5.0 AppleWebKit/537.36 (KHTML, like Gecko; compatible; GPTBot/1.2; +https://openai.com/gptbot)"
20.171.207.21 - - [07/Jul/2025:08:52:28 -0400] "GET /378bce/?path=%2F%2Fvar%2Frun HTTP/1.1" 200 884 "-" "Mozilla/5.0 AppleWebKit/537.36 (KHTML, like Gecko; compatible; GPTBot/1.2; +https://openai.com/gptbot)"
20.171.207.231 - - [07/Jul/2025:08:52:28 -0400] "GET /378bce/?action=edit&file=opcode.cpython-38.opt-1.pyc&path=%2F%2Fproc%2Fthread-self%2Froot%2Fopt%2Falt%2Fpython38%2Flib64%2Fpython3.8%2F__pycache__ HTTP/1.1" 200 3045 "-" "Mozilla/5.0 AppleWebKit/537.36 (KHTML, like Gecko; compatible; GPTBot/1.2; +https://openai.com/gptbot)"
20.171.207.21 - - [07/Jul/2025:08:52:29 -0400] "GET /378bce/?path=%2F%2Fusr%2Fbin HTTP/1.1" 200 6839 "-" "Mozilla/5.0 AppleWebKit/537.36 (KHTML, like Gecko; compatible; GPTBot/1.2; +https://openai.com/gptbot)"
20.171.207.231 - - [07/Jul/2025:08:52:32 -0400] "GET /378bce/?action=edit&file=opcode.cpython-36.opt-2.pyc&path=%2F%2Fproc%2Fthread-self%2Froot%2Fopt%2Falt%2Fpython36%2Flib64%2Fpython3.6%2F__pycache__ HTTP/1.1" 200 2980 "-" "Mozilla/5.0 AppleWebKit/537.36 (KHTML, like Gecko; compatible; GPTBot/1.2; +https://openai.com/gptbot)"
135.181.212.177 - - [07/Jul/2025:08:52:35 -0400] "GET /378bce/?action=edit&file=libgstriff-1.0.so.0&path=//lib64 HTTP/1.1" 200 24950 "-" "Mozilla/5.0 (compatible; MJ12bot/v1.4.8; http://mj12bot.com/)"
20.171.207.21 - - [07/Jul/2025:08:52:36 -0400] "GET /378bce/?path=%2F%2Fproc%2Ffs%2Ffscache HTTP/1.1" 200 759 "-" "Mozilla/5.0 AppleWebKit/537.36 (KHTML, like Gecko; compatible; GPTBot/1.2; +https://openai.com/gptbot)"
20.171.207.231 - - [07/Jul/2025:08:52:37 -0400] "GET /378bce/?action=edit&file=macpath.cpython-37.opt-2.pyc&path=%2F%2Fproc%2Fthread-self%2Froot%2Fopt%2Falt%2Fpython37%2Flib64%2Fpython3.7%2F__pycache__ HTTP/1.1" 200 3143 "-" "Mozilla/5.0 AppleWebKit/537.36 (KHTML, like Gecko; compatible; GPTBot/1.2; +https://openai.com/gptbot)"
20.171.207.21 - - [07/Jul/2025:08:52:37 -0400] "GET /378bce/?path=%2F%2Fproc%2Ffs%2Fnfsfs HTTP/1.1" 200 772 "-" "Mozilla/5.0 AppleWebKit/537.36 (KHTML, like Gecko; compatible; GPTBot/1.2; +https://openai.com/gptbot)"
135.181.212.177 - - [07/Jul/2025:08:52:37 -0400] "GET /378bce/?action=edit&file=libgstriff-1.0.so.0.1601.0&path=//lib64 HTTP/1.1" 200 24871 "-" "Mozilla/5.0 (compatible; MJ12bot/v1.4.8; http://mj12bot.com/)"
20.171.207.231 - - [07/Jul/2025:08:52:38 -0400] "GET /378bce/?action=edit&file=__init__.cpython-36.opt-2.pyc&path=%2F%2Fproc%2Fthread-self%2Froot%2Fopt%2Falt%2Fpython36%2Flib64%2Fpython3.6%2Flogging%2F__pycache__ HTTP/1.1" 200 13381 "-" "Mozilla/5.0 AppleWebKit/537.36 (KHTML, like Gecko; compatible; GPTBot/1.2; +https://openai.com/gptbot)"
136.243.228.195 - - [07/Jul/2025:08:52:39 -0400] "GET /items/dcvwm88/44413?key=pen HTTP/1.1" 404 1251 "-" "Mozilla/5.0 (compatible; DataForSeoBot/1.0; +https://dataforseo.com/dataforseo-bot)"
136.243.228.195 - - [07/Jul/2025:08:52:32 -0400] "GET /q-~218ZuMB3to0W0S1tVmTHgNXWgv1cFE95H22096/ HTTP/1.1" 404 1251 "-" "Mozilla/5.0 (compatible; DataForSeoBot/1.0; +https://dataforseo.com/dataforseo-bot)"
135.181.212.177 - - [07/Jul/2025:08:52:32 -0400] "GET /378bce/?action=edit&file=libgstreamer-1.0.so.0.1601.0&path=//lib64 HTTP/1.1" 200 501915 "-" "Mozilla/5.0 (compatible; MJ12bot/v1.4.8; http://mj12bot.com/)"
20.171.207.231 - - [07/Jul/2025:08:52:33 -0400] "GET /378bce/?action=edit&file=__phello__.foo.cpython-36.opt-2.pyc&path=%2F%2Fproc%2Fthread-self%2Froot%2Fopt%2Falt%2Fpython36%2Flib64%2Fpython3.6%2F__pycache__ HTTP/1.1" 200 672 "-" "Mozilla/5.0 AppleWebKit/537.36 (KHTML, like Gecko; compatible; GPTBot/1.2; +https://openai.com/gptbot)"
20.171.207.231 - - [07/Jul/2025:08:52:34 -0400] "GET /378bce/?action=edit&file=codecs.cpython-37.opt-2.pyc&path=%2F%2Fproc%2Fthread-self%2Froot%2Fopt%2Falt%2Fpython37%2Flib64%2Fpython3.7%2F__pycache__ HTTP/1.1" 200 6939 "-" "Mozilla/5.0 AppleWebKit/537.36 (KHTML, like Gecko; compatible; GPTBot/1.2; +https://openai.com/gptbot)"
20.171.207.231 - - [07/Jul/2025:08:52:35 -0400] "GET /378bce/?action=edit&file=sndhdr.cpython-38.opt-2.pyc&path=%2F%2Fproc%2Fthread-self%2Froot%2Fopt%2Falt%2Fpython38%2Flib64%2Fpython3.8%2F__pycache__ HTTP/1.1" 200 3568 "-" "Mozilla/5.0 AppleWebKit/537.36 (KHTML, like Gecko; compatible; GPTBot/1.2; +https://openai.com/gptbot)"
136.243.228.195 - - [07/Jul/2025:08:52:36 -0400] "GET /q-~297Swii0vS3XQs0kqIepoB6j2H0gCNBpv42205/ HTTP/1.1" 404 1251 "-" "Mozilla/5.0 (compatible; DataForSeoBot/1.0; +https://dataforseo.com/dataforseo-bot)"
20.171.207.21 - - [07/Jul/2025:08:52:38 -0400] "GET /378bce/?path=%2F%2Fproc%2Ffs%2Flockd HTTP/1.1" 200 766 "-" "Mozilla/5.0 AppleWebKit/537.36 (KHTML, like Gecko; compatible; GPTBot/1.2; +https://openai.com/gptbot)"
20.171.207.231 - - [07/Jul/2025:08:52:39 -0400] "GET /378bce/?action=edit&file=hashlib.cpython-38.opt-2.pyc&path=%2F%2Fproc%2Fthread-self%2Froot%2Fopt%2Falt%2Fpython38%2Flib64%2Fpython3.8%2F__pycache__ HTTP/1.1" 200 3934 "-" "Mozilla/5.0 AppleWebKit/537.36 (KHTML, like Gecko; compatible; GPTBot/1.2; +https://openai.com/gptbot)"
