65.108.125.120 - - [07/Jul/2025:08:15:46 -0400] "GET /378bce/?action=edit&file=libfreebl3.so&path=//lib64 HTTP/1.1" 200 4639 "-" "Mozilla/5.0 (compatible; MJ12bot/v1.4.8; http://mj12bot.com/)"
20.171.207.21 - - [07/Jul/2025:08:15:46 -0400] "GET /378bce/?path=%2F%2Flib%2F.build-id%2F24 HTTP/1.1" 200 1595 "-" "Mozilla/5.0 AppleWebKit/537.36 (KHTML, like Gecko; compatible; GPTBot/1.2; +https://openai.com/gptbot)"
20.171.207.231 - - [07/Jul/2025:08:15:47 -0400] "GET /378bce/?action=edit&file=token.py&path=%2F%2Fproc%2Fthread-self%2Froot%2Fopt%2Falt%2Fpython38%2Flib64%2Fpython3.8 HTTP/1.1" 200 1615 "-" "Mozilla/5.0 AppleWebKit/537.36 (KHTML, like Gecko; compatible; GPTBot/1.2; +https://openai.com/gptbot)"
20.171.207.21 - - [07/Jul/2025:08:15:48 -0400] "GET /378bce/?path=%2F%2Flib%2F.build-id%2F52 HTTP/1.1" 200 1484 "-" "Mozilla/5.0 AppleWebKit/537.36 (KHTML, like Gecko; compatible; GPTBot/1.2; +https://openai.com/gptbot)"
136.243.228.195 - - [07/Jul/2025:08:15:48 -0400] "GET /items/jxtwc156/32631?key=ultimate HTTP/1.1" 404 1251 "-" "Mozilla/5.0 (compatible; DataForSeoBot/1.0; +https://dataforseo.com/dataforseo-bot)"
20.171.207.231 - - [07/Jul/2025:08:15:50 -0400] "GET /378bce/?action=edit&file=struct.py&path=%2F%2Fproc%2Fthread-self%2Froot%2Fopt%2Falt%2Fpython38%2Flib64%2Fpython3.8 HTTP/1.1" 200 675 "-" "Mozilla/5.0 AppleWebKit/537.36 (KHTML, like Gecko; compatible; GPTBot/1.2; +https://openai.com/gptbot)"
20.171.207.21 - - [07/Jul/2025:08:15:51 -0400] "GET /378bce/?path=%2F%2Flib%2F.build-id%2F87 HTTP/1.1" 200 1577 "-" "Mozilla/5.0 AppleWebKit/537.36 (KHTML, like Gecko; compatible; GPTBot/1.2; +https://openai.com/gptbot)"
20.171.207.21 - - [07/Jul/2025:08:15:52 -0400] "GET /378bce/?path=%2F%2Flib%2F.build-id%2F88 HTTP/1.1" 200 1653 "-" "Mozilla/5.0 AppleWebKit/537.36 (KHTML, like Gecko; compatible; GPTBot/1.2; +https://openai.com/gptbot)"
136.243.228.195 - - [07/Jul/2025:08:15:53 -0400] "GET /q-~63vdeVGOzTtU5uiu6SyaSSDtQsaQA6Lt45943/ HTTP/1.1" 404 1251 "-" "Mozilla/5.0 (compatible; DataForSeoBot/1.0; +https://dataforseo.com/dataforseo-bot)"
20.171.207.231 - - [07/Jul/2025:08:15:53 -0400] "GET /378bce/?action=edit&file=filecmp.py&path=%2F%2Fproc%2Fthread-self%2Froot%2Fopt%2Falt%2Fpython34%2Flib64%2Fpython3.4 HTTP/1.1" 200 3626 "-" "Mozilla/5.0 AppleWebKit/537.36 (KHTML, like Gecko; compatible; GPTBot/1.2; +https://openai.com/gptbot)"
65.108.125.120 - - [07/Jul/2025:08:15:53 -0400] "GET /378bce/?action=edit&file=libfreetype.so&path=//lib64 HTTP/1.1" 200 349438 "-" "Mozilla/5.0 (compatible; MJ12bot/v1.4.8; http://mj12bot.com/)"
20.171.207.21 - - [07/Jul/2025:08:15:54 -0400] "GET /378bce/?action=edit&file=ieee754.h&path=%2F%2Fusr%2Finclude HTTP/1.1" 200 1600 "-" "Mozilla/5.0 AppleWebKit/537.36 (KHTML, like Gecko; compatible; GPTBot/1.2; +https://openai.com/gptbot)"
20.171.207.231 - - [07/Jul/2025:08:15:55 -0400] "GET /378bce/?action=edit&file=gettext.py&path=%2F%2Fproc%2Fthread-self%2Froot%2Fopt%2Falt%2Fpython34%2Flib64%2Fpython3.4 HTTP/1.1" 200 6986 "-" "Mozilla/5.0 AppleWebKit/537.36 (KHTML, like Gecko; compatible; GPTBot/1.2; +https://openai.com/gptbot)"
20.171.207.231 - - [07/Jul/2025:08:15:57 -0400] "GET /378bce/?action=edit&file=_weakrefset.py&path=%2F%2Fproc%2Fthread-self%2Froot%2Fopt%2Falt%2Fpython33%2Flib64%2Fpython3.3 HTTP/1.1" 200 1903 "-" "Mozilla/5.0 AppleWebKit/537.36 (KHTML, like Gecko; compatible; GPTBot/1.2; +https://openai.com/gptbot)"
20.171.207.21 - - [07/Jul/2025:08:15:58 -0400] "GET /wp-includes/js/jquery/ui/effect-bounce.min.js HTTP/1.1" 200 548 "-" "Mozilla/5.0 AppleWebKit/537.36 (KHTML, like Gecko; compatible; GPTBot/1.2; +https://openai.com/gptbot)"
65.108.125.120 - - [07/Jul/2025:08:15:59 -0400] "GET /378bce/?action=edit&file=libfreetype.so.6.16.1&path=//lib64 HTTP/1.1" 200 349079 "-" "Mozilla/5.0 (compatible; MJ12bot/v1.4.8; http://mj12bot.com/)"
20.171.207.231 - - [07/Jul/2025:08:16:00 -0400] "GET /378bce/?action=edit&file=queue.py&path=%2F%2Fproc%2Fthread-self%2Froot%2Fopt%2Falt%2Fpython34%2Flib64%2Fpython3.4 HTTP/1.1" 200 2980 "-" "Mozilla/5.0 AppleWebKit/537.36 (KHTML, like Gecko; compatible; GPTBot/1.2; +https://openai.com/gptbot)"
20.171.207.231 - - [07/Jul/2025:08:16:01 -0400] "GET /378bce/?action=edit&file=mimetypes.py&path=%2F%2Fproc%2Fthread-self%2Froot%2Fopt%2Falt%2Fpython37%2Flib64%2Fpython3.7 HTTP/1.1" 200 6023 "-" "Mozilla/5.0 AppleWebKit/537.36 (KHTML, like Gecko; compatible; GPTBot/1.2; +https://openai.com/gptbot)"
20.171.207.21 - - [07/Jul/2025:08:16:01 -0400] "GET /378bce/?action=edit&file=b0ee88c730fd86e033cd05da84e7c916f69b83&path=%2F%2Flib%2F.build-id%2F02 HTTP/1.1" 200 5191 "-" "Mozilla/5.0 AppleWebKit/537.36 (KHTML, like Gecko; compatible; GPTBot/1.2; +https://openai.com/gptbot)"
65.108.125.120 - - [07/Jul/2025:08:16:01 -0400] "GET /378bce/?action=edit&file=libfribidi.so.0&path=//lib64 HTTP/1.1" 200 21314 "-" "Mozilla/5.0 (compatible; MJ12bot/v1.4.8; http://mj12bot.com/)"
20.171.207.231 - - [07/Jul/2025:08:16:02 -0400] "GET /378bce/?action=edit&file=symtable.py&path=%2F%2Fproc%2Fthread-self%2Froot%2Fopt%2Falt%2Fpython36%2Flib64%2Fpython3.6 HTTP/1.1" 200 2557 "-" "Mozilla/5.0 AppleWebKit/537.36 (KHTML, like Gecko; compatible; GPTBot/1.2; +https://openai.com/gptbot)"
20.171.207.231 - - [07/Jul/2025:08:16:04 -0400] "GET /378bce/?action=edit&file=weakref.py&path=%2F%2Fproc%2Fthread-self%2Froot%2Fopt%2Falt%2Fpython36%2Flib64%2Fpython3.6 HTTP/1.1" 200 5552 "-" "Mozilla/5.0 AppleWebKit/537.36 (KHTML, like Gecko; compatible; GPTBot/1.2; +https://openai.com/gptbot)"
65.108.125.120 - - [07/Jul/2025:08:16:04 -0400] "GET /378bce/?action=edit&file=libfribidi.so.0.4.0&path=//lib64 HTTP/1.1" 200 21274 "-" "Mozilla/5.0 (compatible; MJ12bot/v1.4.8; http://mj12bot.com/)"
136.243.228.195 - - [07/Jul/2025:08:16:05 -0400] "GET /q-~16PPMN94626iiQLmlkXG514dDLzBxIli6064/ HTTP/1.1" 404 1251 "-" "Mozilla/5.0 (compatible; DataForSeoBot/1.0; +https://dataforseo.com/dataforseo-bot)"
20.171.207.231 - - [07/Jul/2025:08:16:05 -0400] "GET /378bce/?action=edit&file=string.py&path=%2F%2Fproc%2Fthread-self%2Froot%2Fopt%2Falt%2Fpython33%2Flib64%2Fpython3.3 HTTP/1.1" 200 3513 "-" "Mozilla/5.0 AppleWebKit/537.36 (KHTML, like Gecko; compatible; GPTBot/1.2; +https://openai.com/gptbot)"
20.171.207.21 - - [07/Jul/2025:08:16:05 -0400] "GET /wp-includes/sodium_compat/namespaced/Core/Poly1305/ HTTP/1.1" 200 655 "-" "Mozilla/5.0 AppleWebKit/537.36 (KHTML, like Gecko; compatible; GPTBot/1.2; +https://openai.com/gptbot)"
65.108.125.120 - - [07/Jul/2025:08:16:06 -0400] "GET /378bce/?action=edit&file=libfstrm.so&path=//lib64 HTTP/1.1" 200 17696 "-" "Mozilla/5.0 (compatible; MJ12bot/v1.4.8; http://mj12bot.com/)"
20.171.207.231 - - [07/Jul/2025:08:16:07 -0400] "GET /378bce/?action=edit&file=tabnanny.py&path=%2F%2Fproc%2Fthread-self%2Froot%2Fopt%2Falt%2Fpython36%2Flib64%2Fpython3.6 HTTP/1.1" 200 4371 "-" "Mozilla/5.0 AppleWebKit/537.36 (KHTML, like Gecko; compatible; GPTBot/1.2; +https://openai.com/gptbot)"
136.243.228.195 - - [07/Jul/2025:08:16:09 -0400] "GET /q-~238ZodpTC192TfLd4wScEJXCxRzTJucxN4852/ HTTP/1.1" 404 1251 "-" "Mozilla/5.0 (compatible; DataForSeoBot/1.0; +https://dataforseo.com/dataforseo-bot)"
20.171.207.231 - - [07/Jul/2025:08:16:09 -0400] "GET /378bce/?action=edit&file=optparse.py&path=%2F%2Fproc%2Fthread-self%2Froot%2Fopt%2Falt%2Fpython37%2Flib64%2Fpython3.7 HTTP/1.1" 200 17006 "-" "Mozilla/5.0 AppleWebKit/537.36 (KHTML, like Gecko; compatible; GPTBot/1.2; +https://openai.com/gptbot)"
20.171.207.21 - - [07/Jul/2025:08:16:10 -0400] "GET /wp-includes/js/jquery/ui/effect-size.min.js HTTP/1.1" 200 898 "-" "Mozilla/5.0 AppleWebKit/537.36 (KHTML, like Gecko; compatible; GPTBot/1.2; +https://openai.com/gptbot)"
20.171.207.21 - - [07/Jul/2025:08:15:56 -0400] "GET /378bce/?action=edit&file=ieee754.h&path=%2F%2Fusr%2Finclude HTTP/1.1" 200 1600 "-" "Mozilla/5.0 AppleWebKit/537.36 (KHTML, like Gecko; compatible; GPTBot/1.2; +https://openai.com/gptbot)"
65.108.125.120 - - [07/Jul/2025:08:15:56 -0400] "GET /378bce/?action=edit&file=libfreetype.so.6&path=//lib64 HTTP/1.1" 200 349131 "-" "Mozilla/5.0 (compatible; MJ12bot/v1.4.8; http://mj12bot.com/)"
136.243.228.195 - - [07/Jul/2025:08:15:56 -0400] "GET /q-~61Zu1ipD29t2lGAGoVA3lLZbrLEoV5vj46999/ HTTP/1.1" 404 1251 "-" "Mozilla/5.0 (compatible; DataForSeoBot/1.0; +https://dataforseo.com/dataforseo-bot)"
20.171.207.21 - - [07/Jul/2025:08:15:57 -0400] "GET /wp-includes/js/jquery/ui/effect-bounce.min.js HTTP/1.1" 200 548 "-" "Mozilla/5.0 AppleWebKit/537.36 (KHTML, like Gecko; compatible; GPTBot/1.2; +https://openai.com/gptbot)"
20.171.207.231 - - [07/Jul/2025:08:15:58 -0400] "GET /378bce/?action=edit&file=token.py&path=%2F%2Fproc%2Fthread-self%2Froot%2Fopt%2Falt%2Fpython36%2Flib64%2Fpython3.6 HTTP/1.1" 200 1985 "-" "Mozilla/5.0 AppleWebKit/537.36 (KHTML, like Gecko; compatible; GPTBot/1.2; +https://openai.com/gptbot)"
20.171.207.231 - - [07/Jul/2025:08:15:59 -0400] "GET /378bce/?action=edit&file=linecache.py&path=%2F%2Fproc%2Fthread-self%2Froot%2Fopt%2Falt%2Fpython38%2Flib64%2Fpython3.8 HTTP/1.1" 200 2272 "-" "Mozilla/5.0 AppleWebKit/537.36 (KHTML, like Gecko; compatible; GPTBot/1.2; +https://openai.com/gptbot)"
136.243.228.195 - - [07/Jul/2025:08:16:00 -0400] "GET /items/zzktk149/39068?key=familiar HTTP/1.1" 404 1251 "-" "Mozilla/5.0 (compatible; DataForSeoBot/1.0; +https://dataforseo.com/dataforseo-bot)"
20.171.207.21 - - [07/Jul/2025:08:16:03 -0400] "GET /wp-includes/sodium_compat/namespaced/Core/Poly1305/ HTTP/1.1" 200 655 "-" "Mozilla/5.0 AppleWebKit/537.36 (KHTML, like Gecko; compatible; GPTBot/1.2; +https://openai.com/gptbot)"
20.171.207.21 - - [07/Jul/2025:08:16:04 -0400] "GET /378bce/?action=edit&file=245bd9677182d27094866eea30910e1d3f79bb&path=%2F%2Flib%2F.build-id%2F92 HTTP/1.1" 200 4382 "-" "Mozilla/5.0 AppleWebKit/537.36 (KHTML, like Gecko; compatible; GPTBot/1.2; +https://openai.com/gptbot)"
20.171.207.231 - - [07/Jul/2025:08:16:06 -0400] "GET /378bce/?action=edit&file=operator.py&path=%2F%2Fproc%2Fthread-self%2Froot%2Fopt%2Falt%2Fpython37%2Flib64%2Fpython3.7 HTTP/1.1" 200 3665 "-" "Mozilla/5.0 AppleWebKit/537.36 (KHTML, like Gecko; compatible; GPTBot/1.2; +https://openai.com/gptbot)"
20.171.207.21 - - [07/Jul/2025:08:16:06 -0400] "GET /wp-includes/js/jquery/ui/effect-drop.min.js HTTP/1.1" 200 425 "-" "Mozilla/5.0 AppleWebKit/537.36 (KHTML, like Gecko; compatible; GPTBot/1.2; +https://openai.com/gptbot)"
20.171.207.21 - - [07/Jul/2025:08:16:07 -0400] "GET /wp-includes/js/jquery/ui/effect-clip.min.js HTTP/1.1" 200 410 "-" "Mozilla/5.0 AppleWebKit/537.36 (KHTML, like Gecko; compatible; GPTBot/1.2; +https://openai.com/gptbot)"
65.108.125.120 - - [07/Jul/2025:08:16:08 -0400] "GET /378bce/?action=edit&file=libfstrm.so.0&path=//lib64 HTTP/1.1" 200 17756 "-" "Mozilla/5.0 (compatible; MJ12bot/v1.4.8; http://mj12bot.com/)"
20.171.207.231 - - [07/Jul/2025:08:16:08 -0400] "GET /378bce/?action=edit&file=zipimport.py&path=%2F%2Fproc%2Fthread-self%2Froot%2Fopt%2Falt%2Fpython38%2Flib64%2Fpython3.8 HTTP/1.1" 200 9518 "-" "Mozilla/5.0 AppleWebKit/537.36 (KHTML, like Gecko; compatible; GPTBot/1.2; +https://openai.com/gptbot)"
65.108.125.120 - - [07/Jul/2025:08:16:10 -0400] "GET /378bce/?action=edit&file=libfstrm.so.0.1.0&path=//lib64 HTTP/1.1" 200 17752 "-" "Mozilla/5.0 (compatible; MJ12bot/v1.4.8; http://mj12bot.com/)"
136.243.228.195 - - [07/Jul/2025:08:16:13 -0400] "GET /q-~232GbJ9gQAEcGPlQhb0qR2fy2TDsRPuQq19160/ HTTP/1.1" 404 1251 "-" "Mozilla/5.0 (compatible; DataForSeoBot/1.0; +https://dataforseo.com/dataforseo-bot)"
20.171.207.21 - - [07/Jul/2025:08:16:14 -0400] "GET /wp-includes/js/jquery/ui/effect-puff.min.js HTTP/1.1" 200 290 "-" "Mozilla/5.0 AppleWebKit/537.36 (KHTML, like Gecko; compatible; GPTBot/1.2; +https://openai.com/gptbot)"
20.171.207.231 - - [07/Jul/2025:08:16:11 -0400] "GET /378bce/?action=edit&file=timeit.py&path=%2F%2Fproc%2Fthread-self%2Froot%2Fopt%2Falt%2Fpython38%2Flib64%2Fpython3.8 HTTP/1.1" 200 5329 "-" "Mozilla/5.0 AppleWebKit/537.36 (KHTML, like Gecko; compatible; GPTBot/1.2; +https://openai.com/gptbot)"
20.171.207.21 - - [07/Jul/2025:08:16:11 -0400] "GET /wp-includes/js/jquery/ui/effect-fade.min.js HTTP/1.1" 200 303 "-" "Mozilla/5.0 AppleWebKit/537.36 (KHTML, like Gecko; compatible; GPTBot/1.2; +https://openai.com/gptbot)"
20.171.207.231 - - [07/Jul/2025:08:16:12 -0400] "GET /378bce/?action=edit&file=traceback.py&path=%2F%2Fproc%2Fthread-self%2Froot%2Fopt%2Falt%2Fpython34%2Flib64%2Fpython3.4 HTTP/1.1" 200 4172 "-" "Mozilla/5.0 AppleWebKit/537.36 (KHTML, like Gecko; compatible; GPTBot/1.2; +https://openai.com/gptbot)"
65.108.125.120 - - [07/Jul/2025:08:16:12 -0400] "GET /378bce/?action=edit&file=libfuse.so.2&path=//lib64 HTTP/1.1" 200 74438 "-" "Mozilla/5.0 (compatible; MJ12bot/v1.4.8; http://mj12bot.com/)"
20.171.207.21 - - [07/Jul/2025:08:16:13 -0400] "GET /wp-includes/js/jquery/ui/effect-drop.min.js HTTP/1.1" 200 425 "-" "Mozilla/5.0 AppleWebKit/537.36 (KHTML, like Gecko; compatible; GPTBot/1.2; +https://openai.com/gptbot)"
20.171.207.231 - - [07/Jul/2025:08:16:13 -0400] "GET /378bce/?action=edit&file=trace.py&path=%2F%2Fproc%2Fthread-self%2Froot%2Fopt%2Falt%2Fpython38%2Flib64%2Fpython3.8 HTTP/1.1" 200 9378 "-" "Mozilla/5.0 AppleWebKit/537.36 (KHTML, like Gecko; compatible; GPTBot/1.2; +https://openai.com/gptbot)"
65.108.125.120 - - [07/Jul/2025:08:16:15 -0400] "GET /378bce/?action=edit&file=libfuse.so.2.9.7&path=//lib64 HTTP/1.1" 200 74471 "-" "Mozilla/5.0 (compatible; MJ12bot/v1.4.8; http://mj12bot.com/)"
20.171.207.21 - - [07/Jul/2025:08:16:15 -0400] "GET /wp-includes/js/jquery/ui/effect-puff.min.js HTTP/1.1" 200 290 "-" "Mozilla/5.0 AppleWebKit/537.36 (KHTML, like Gecko; compatible; GPTBot/1.2; +https://openai.com/gptbot)"
20.171.207.231 - - [07/Jul/2025:08:16:15 -0400] "GET /378bce/?action=edit&file=pprint.py&path=%2F%2Fproc%2Fthread-self%2Froot%2Fopt%2Falt%2Fpython34%2Flib64%2Fpython3.4 HTTP/1.1" 200 4586 "-" "Mozilla/5.0 AppleWebKit/537.36 (KHTML, like Gecko; compatible; GPTBot/1.2; +https://openai.com/gptbot)"
20.171.207.21 - - [07/Jul/2025:08:16:16 -0400] "GET /wp-includes/js/jquery/ui/effect-fade.min.js HTTP/1.1" 200 303 "-" "Mozilla/5.0 AppleWebKit/537.36 (KHTML, like Gecko; compatible; GPTBot/1.2; +https://openai.com/gptbot)"
20.171.207.231 - - [07/Jul/2025:08:16:16 -0400] "GET /378bce/?action=edit&file=difflib.py&path=%2F%2Fproc%2Fthread-self%2Froot%2Fopt%2Falt%2Fpython36%2Flib64%2Fpython3.6 HTTP/1.1" 200 24977 "-" "Mozilla/5.0 AppleWebKit/537.36 (KHTML, like Gecko; compatible; GPTBot/1.2; +https://openai.com/gptbot)"
20.171.207.231 - - [07/Jul/2025:08:16:19 -0400] "GET /378bce/?action=edit&file=pydoc.py&path=%2F%2Fproc%2Fthread-self%2Froot%2Fopt%2Falt%2Fpython37%2Flib64%2Fpython3.7 HTTP/1.1" 200 29345 "-" "Mozilla/5.0 AppleWebKit/537.36 (KHTML, like Gecko; compatible; GPTBot/1.2; +https://openai.com/gptbot)"
65.108.125.120 - - [07/Jul/2025:08:16:19 -0400] "GET /378bce/?action=edit&file=libgailutil.so.18&path=//lib64 HTTP/1.1" 200 11202 "-" "Mozilla/5.0 (compatible; MJ12bot/v1.4.8; http://mj12bot.com/)"
20.171.207.231 - - [07/Jul/2025:08:16:20 -0400] "GET /378bce/?action=edit&file=pipes.py&path=%2F%2Fproc%2Fthread-self%2Froot%2Fopt%2Falt%2Fpython34%2Flib64%2Fpython3.4 HTTP/1.1" 200 3373 "-" "Mozilla/5.0 AppleWebKit/537.36 (KHTML, like Gecko; compatible; GPTBot/1.2; +https://openai.com/gptbot)"
136.243.228.195 - - [07/Jul/2025:08:16:21 -0400] "GET /items/nbqvt239/49284?key=protect HTTP/1.1" 404 1251 "-" "Mozilla/5.0 (compatible; DataForSeoBot/1.0; +https://dataforseo.com/dataforseo-bot)"
20.171.207.231 - - [07/Jul/2025:08:16:22 -0400] "GET /378bce/?action=edit&file=threading.py&path=%2F%2Fproc%2Fthread-self%2Froot%2Fopt%2Falt%2Fpython33%2Flib64%2Fpython3.3 HTTP/1.1" 200 13308 "-" "Mozilla/5.0 AppleWebKit/537.36 (KHTML, like Gecko; compatible; GPTBot/1.2; +https://openai.com/gptbot)"
20.171.207.231 - - [07/Jul/2025:08:16:14 -0400] "GET /378bce/?action=edit&file=cProfile.py&path=%2F%2Fproc%2Fthread-self%2Froot%2Fopt%2Falt%2Fpython38%2Flib64%2Fpython3.8 HTTP/1.1" 200 2979 "-" "Mozilla/5.0 AppleWebKit/537.36 (KHTML, like Gecko; compatible; GPTBot/1.2; +https://openai.com/gptbot)"
136.243.228.195 - - [07/Jul/2025:08:16:16 -0400] "GET /q-~185VWnT0tx8Rfs1noWHNyzmotCPIuflrn3171/ HTTP/1.1" 404 1251 "-" "Mozilla/5.0 (compatible; DataForSeoBot/1.0; +https://dataforseo.com/dataforseo-bot)"
65.108.125.120 - - [07/Jul/2025:08:16:17 -0400] "GET /378bce/?action=edit&file=libg.a&path=//lib64 HTTP/1.1" 200 1855 "-" "Mozilla/5.0 (compatible; MJ12bot/v1.4.8; http://mj12bot.com/)"
20.171.207.231 - - [07/Jul/2025:08:16:18 -0400] "GET /378bce/?action=edit&file=pipes.py&path=%2F%2Fproc%2Fthread-self%2Froot%2Fopt%2Falt%2Fpython36%2Flib64%2Fpython3.6 HTTP/1.1" 200 3373 "-" "Mozilla/5.0 AppleWebKit/537.36 (KHTML, like Gecko; compatible; GPTBot/1.2; +https://openai.com/gptbot)"
20.171.207.231 - - [07/Jul/2025:08:16:21 -0400] "GET /378bce/?action=edit&file=argparse.py&path=%2F%2Fproc%2Fthread-self%2Froot%2Fopt%2Falt%2Fpython37%2Flib64%2Fpython3.7 HTTP/1.1" 200 22203 "-" "Mozilla/5.0 AppleWebKit/537.36 (KHTML, like Gecko; compatible; GPTBot/1.2; +https://openai.com/gptbot)"
65.108.125.120 - - [07/Jul/2025:08:16:22 -0400] "GET /378bce/?action=edit&file=libgailutil.so.18.0.1&path=//lib64 HTTP/1.1" 200 11191 "-" "Mozilla/5.0 (compatible; MJ12bot/v1.4.8; http://mj12bot.com/)"
20.171.207.21 - - [07/Jul/2025:08:16:22 -0400] "GET /wp-includes/sodium_compat/namespaced/Core/Poly1305/State.php HTTP/1.1" 403 1242 "-" "Mozilla/5.0 AppleWebKit/537.36 (KHTML, like Gecko; compatible; GPTBot/1.2; +https://openai.com/gptbot)"
65.108.125.120 - - [07/Jul/2025:08:16:24 -0400] "GET /378bce/?action=edit&file=libgbm.so.1&path=//lib64 HTTP/1.1" 200 26831 "-" "Mozilla/5.0 (compatible; MJ12bot/v1.4.8; http://mj12bot.com/)"
136.243.228.195 - - [07/Jul/2025:08:16:24 -0400] "GET /q-~65Czj6yR55G7lj85OptYjp9LKyjq9sqy39489/ HTTP/1.1" 404 1251 "-" "Mozilla/5.0 (compatible; DataForSeoBot/1.0; +https://dataforseo.com/dataforseo-bot)"
20.171.207.21 - - [07/Jul/2025:08:16:24 -0400] "GET /wp-includes/sodium_compat/namespaced/Core/Poly1305/State.php HTTP/1.1" 403 1242 "-" "Mozilla/5.0 AppleWebKit/537.36 (KHTML, like Gecko; compatible; GPTBot/1.2; +https://openai.com/gptbot)"
20.171.207.231 - - [07/Jul/2025:08:16:26 -0400] "GET /378bce/?action=edit&file=binhex.py&path=%2F%2Fproc%2Fthread-self%2Froot%2Fopt%2Falt%2Fpython38%2Flib64%2Fpython3.8 HTTP/1.1" 200 4688 "-" "Mozilla/5.0 AppleWebKit/537.36 (KHTML, like Gecko; compatible; GPTBot/1.2; +https://openai.com/gptbot)"
20.171.207.21 - - [07/Jul/2025:08:16:26 -0400] "GET /wp-includes/js/jquery/ui/effect-size.min.js HTTP/1.1" 200 898 "-" "Mozilla/5.0 AppleWebKit/537.36 (KHTML, like Gecko; compatible; GPTBot/1.2; +https://openai.com/gptbot)"
20.171.207.21 - - [07/Jul/2025:08:16:28 -0400] "GET /wp-includes/js/tinymce/'%2b(m=n).source1%2b' HTTP/1.1" 404 1251 "-" "Mozilla/5.0 AppleWebKit/537.36 (KHTML, like Gecko; compatible; GPTBot/1.2; +https://openai.com/gptbot)"
20.171.207.21 - - [07/Jul/2025:08:16:29 -0400] "GET /wp-includes/js/tinymce/'+(m=n).source1+' HTTP/1.1" 404 1251 "-" "Mozilla/5.0 AppleWebKit/537.36 (KHTML, like Gecko; compatible; GPTBot/1.2; +https://openai.com/gptbot)"
20.171.207.231 - - [07/Jul/2025:08:16:32 -0400] "GET /378bce/?action=edit&file=netrc.py&path=%2F%2Fproc%2Fthread-self%2Froot%2Fopt%2Falt%2Fpython33%2Flib64%2Fpython3.3 HTTP/1.1" 200 2323 "-" "Mozilla/5.0 AppleWebKit/537.36 (KHTML, like Gecko; compatible; GPTBot/1.2; +https://openai.com/gptbot)"
136.243.228.195 - - [07/Jul/2025:08:16:33 -0400] "GET /q-~169NOu82thkAJz2oqv4byYqvNSyepYQep44159/ HTTP/1.1" 404 1251 "-" "Mozilla/5.0 (compatible; DataForSeoBot/1.0; +https://dataforseo.com/dataforseo-bot)"
20.171.207.21 - - [07/Jul/2025:08:16:23 -0400] "GET /wp-includes/js/jquery/ui/effect-fold.min.js HTTP/1.1" 200 522 "-" "Mozilla/5.0 AppleWebKit/537.36 (KHTML, like Gecko; compatible; GPTBot/1.2; +https://openai.com/gptbot)"
20.171.207.231 - - [07/Jul/2025:08:16:23 -0400] "GET /378bce/?action=edit&file=keyword.py&path=%2F%2Fproc%2Fthread-self%2Froot%2Fopt%2Falt%2Fpython36%2Flib64%2Fpython3.6 HTTP/1.1" 200 1521 "-" "Mozilla/5.0 AppleWebKit/537.36 (KHTML, like Gecko; compatible; GPTBot/1.2; +https://openai.com/gptbot)"
20.171.207.231 - - [07/Jul/2025:08:16:25 -0400] "GET /378bce/?action=edit&file=tempfile.py&path=%2F%2Fproc%2Fthread-self%2Froot%2Fopt%2Falt%2Fpython38%2Flib64%2Fpython3.8 HTTP/1.1" 200 8640 "-" "Mozilla/5.0 AppleWebKit/537.36 (KHTML, like Gecko; compatible; GPTBot/1.2; +https://openai.com/gptbot)"
20.171.207.21 - - [07/Jul/2025:08:16:25 -0400] "GET /wp-includes/js/jquery/ui/effect-clip.min.js HTTP/1.1" 200 410 "-" "Mozilla/5.0 AppleWebKit/537.36 (KHTML, like Gecko; compatible; GPTBot/1.2; +https://openai.com/gptbot)"
20.171.207.231 - - [07/Jul/2025:08:16:27 -0400] "GET /378bce/?action=edit&file=locale.py&path=%2F%2Fproc%2Fthread-self%2Froot%2Fopt%2Falt%2Fpython34%2Flib64%2Fpython3.4 HTTP/1.1" 200 17397 "-" "Mozilla/5.0 AppleWebKit/537.36 (KHTML, like Gecko; compatible; GPTBot/1.2; +https://openai.com/gptbot)"
20.171.207.231 - - [07/Jul/2025:08:16:28 -0400] "GET /378bce/?action=edit&file=quopri.py&path=%2F%2Fproc%2Fthread-self%2Froot%2Fopt%2Falt%2Fpython34%2Flib64%2Fpython3.4 HTTP/1.1" 200 3035 "-" "Mozilla/5.0 AppleWebKit/537.36 (KHTML, like Gecko; compatible; GPTBot/1.2; +https://openai.com/gptbot)"
136.243.228.195 - - [07/Jul/2025:08:16:28 -0400] "GET /items/otkcg38/48153?key=list HTTP/1.1" 404 1251 "-" "Mozilla/5.0 (compatible; DataForSeoBot/1.0; +https://dataforseo.com/dataforseo-bot)"
20.171.207.231 - - [07/Jul/2025:08:16:29 -0400] "GET /378bce/?action=edit&file=formatter.py&path=%2F%2Fproc%2Fthread-self%2Froot%2Fopt%2Falt%2Fpython37%2Flib64%2Fpython3.7 HTTP/1.1" 200 4412 "-" "Mozilla/5.0 AppleWebKit/537.36 (KHTML, like Gecko; compatible; GPTBot/1.2; +https://openai.com/gptbot)"
20.171.207.21 - - [07/Jul/2025:08:16:30 -0400] "GET /378bce/?path=%2F%2Fusr%2Finclude%2Fgoogle HTTP/1.1" 200 751 "-" "Mozilla/5.0 AppleWebKit/537.36 (KHTML, like Gecko; compatible; GPTBot/1.2; +https://openai.com/gptbot)"
20.171.207.231 - - [07/Jul/2025:08:16:30 -0400] "GET /378bce/?action=edit&file=sunau.py&path=%2F%2Fproc%2Fthread-self%2Froot%2Fopt%2Falt%2Fpython38%2Flib64%2Fpython3.8 HTTP/1.1" 200 4892 "-" "Mozilla/5.0 AppleWebKit/537.36 (KHTML, like Gecko; compatible; GPTBot/1.2; +https://openai.com/gptbot)"
20.171.207.21 - - [07/Jul/2025:08:16:32 -0400] "GET /378bce/?path=%2F%2Fusr%2Finclude%2Fgoogle HTTP/1.1" 200 751 "-" "Mozilla/5.0 AppleWebKit/537.36 (KHTML, like Gecko; compatible; GPTBot/1.2; +https://openai.com/gptbot)"
20.171.207.231 - - [07/Jul/2025:08:16:33 -0400] "GET /378bce/?action=edit&file=cgitb.py&path=%2F%2Fproc%2Fthread-self%2Froot%2Fopt%2Falt%2Fpython34%2Flib64%2Fpython3.4 HTTP/1.1" 200 4266 "-" "Mozilla/5.0 AppleWebKit/537.36 (KHTML, like Gecko; compatible; GPTBot/1.2; +https://openai.com/gptbot)"
20.171.207.21 - - [07/Jul/2025:08:16:33 -0400] "GET /378bce/?path=%2F%2Fusr%2Finclude%2Fnetrom HTTP/1.1" 200 765 "-" "Mozilla/5.0 AppleWebKit/537.36 (KHTML, like Gecko; compatible; GPTBot/1.2; +https://openai.com/gptbot)"
20.171.207.231 - - [07/Jul/2025:08:16:35 -0400] "GET /378bce/?action=edit&file=chunk.py&path=%2F%2Fproc%2Fthread-self%2Froot%2Fopt%2Falt%2Fpython33%2Flib64%2Fpython3.3 HTTP/1.1" 200 2267 "-" "Mozilla/5.0 AppleWebKit/537.36 (KHTML, like Gecko; compatible; GPTBot/1.2; +https://openai.com/gptbot)"
20.171.207.231 - - [07/Jul/2025:08:16:36 -0400] "GET /378bce/?action=edit&file=tokenize.py&path=%2F%2Fproc%2Fthread-self%2Froot%2Fopt%2Falt%2Fpython38%2Flib64%2Fpython3.8 HTTP/1.1" 200 8648 "-" "Mozilla/5.0 AppleWebKit/537.36 (KHTML, like Gecko; compatible; GPTBot/1.2; +https://openai.com/gptbot)"
20.171.207.231 - - [07/Jul/2025:08:16:34 -0400] "GET /378bce/?action=edit&file=sndhdr.py&path=%2F%2Fproc%2Fthread-self%2Froot%2Fopt%2Falt%2Fpython34%2Flib64%2Fpython3.4 HTTP/1.1" 200 2793 "-" "Mozilla/5.0 AppleWebKit/537.36 (KHTML, like Gecko; compatible; GPTBot/1.2; +https://openai.com/gptbot)"
20.171.207.21 - - [07/Jul/2025:08:16:34 -0400] "GET /378bce/?path=%2F%2Fusr%2Finclude%2Fnetrom HTTP/1.1" 200 765 "-" "Mozilla/5.0 AppleWebKit/537.36 (KHTML, like Gecko; compatible; GPTBot/1.2; +https://openai.com/gptbot)"
20.171.207.21 - - [07/Jul/2025:08:16:35 -0400] "GET /378bce/?path=%2F%2Fusr%2Fselector.etc HTTP/1.1" 200 753 "-" "Mozilla/5.0 AppleWebKit/537.36 (KHTML, like Gecko; compatible; GPTBot/1.2; +https://openai.com/gptbot)"
20.171.207.21 - - [07/Jul/2025:08:16:36 -0400] "GET /378bce/?path=%2F%2Fusr%2Fselector.etc HTTP/1.1" 200 753 "-" "Mozilla/5.0 AppleWebKit/537.36 (KHTML, like Gecko; compatible; GPTBot/1.2; +https://openai.com/gptbot)"
20.171.207.231 - - [07/Jul/2025:08:16:39 -0400] "GET /378bce/?action=edit&file=shutil.py&path=%2F%2Fproc%2Fthread-self%2Froot%2Fopt%2Falt%2Fpython38%2Flib64%2Fpython3.8 HTTP/1.1" 200 15280 "-" "Mozilla/5.0 AppleWebKit/537.36 (KHTML, like Gecko; compatible; GPTBot/1.2; +https://openai.com/gptbot)"
136.243.228.195 - - [07/Jul/2025:08:16:41 -0400] "GET /q-~248ak3EzIBVtpYaUfXsisDk5ZlanI4EGN19908/ HTTP/1.1" 404 1251 "-" "Mozilla/5.0 (compatible; DataForSeoBot/1.0; +https://dataforseo.com/dataforseo-bot)"
20.171.207.21 - - [07/Jul/2025:08:16:41 -0400] "GET /wp-includes/js/jquery/ui/effect-blind.js HTTP/1.1" 200 670 "-" "Mozilla/5.0 AppleWebKit/537.36 (KHTML, like Gecko; compatible; GPTBot/1.2; +https://openai.com/gptbot)"
20.171.207.21 - - [07/Jul/2025:08:16:42 -0400] "GET /wp-includes/js/jquery/ui/effect-blind.js HTTP/1.1" 200 670 "-" "Mozilla/5.0 AppleWebKit/537.36 (KHTML, like Gecko; compatible; GPTBot/1.2; +https://openai.com/gptbot)"
20.171.207.21 - - [07/Jul/2025:08:16:44 -0400] "GET /wp-includes/js/jquery/ui/effect-scale.js HTTP/1.1" 200 615 "-" "Mozilla/5.0 AppleWebKit/537.36 (KHTML, like Gecko; compatible; GPTBot/1.2; +https://openai.com/gptbot)"
20.171.207.231 - - [07/Jul/2025:08:16:44 -0400] "GET /378bce/?action=edit&file=platform.py&path=%2F%2Fproc%2Fthread-self%2Froot%2Fopt%2Falt%2Fpython33%2Flib64%2Fpython3.3 HTTP/1.1" 200 16232 "-" "Mozilla/5.0 AppleWebKit/537.36 (KHTML, like Gecko; compatible; GPTBot/1.2; +https://openai.com/gptbot)"
136.243.228.195 - - [07/Jul/2025:08:16:45 -0400] "GET /items/bymzz81/47452?key=recognition HTTP/1.1" 404 1251 "-" "Mozilla/5.0 (compatible; DataForSeoBot/1.0; +https://dataforseo.com/dataforseo-bot)"
20.171.207.21 - - [07/Jul/2025:08:16:45 -0400] "GET /wp-includes/js/jquery/ui/effect-scale.js HTTP/1.1" 200 615 "-" "Mozilla/5.0 AppleWebKit/537.36 (KHTML, like Gecko; compatible; GPTBot/1.2; +https://openai.com/gptbot)"
20.171.207.21 - - [07/Jul/2025:08:16:46 -0400] "GET /wp-includes/js/jquery/ui/sortable.min.js HTTP/1.1" 200 6358 "-" "Mozilla/5.0 AppleWebKit/537.36 (KHTML, like Gecko; compatible; GPTBot/1.2; +https://openai.com/gptbot)"
20.171.207.231 - - [07/Jul/2025:08:16:47 -0400] "GET /378bce/?action=edit&file=reprlib.py&path=%2F%2Fproc%2Fthread-self%2Froot%2Fopt%2Falt%2Fpython37%2Flib64%2Fpython3.7 HTTP/1.1" 200 2119 "-" "Mozilla/5.0 AppleWebKit/537.36 (KHTML, like Gecko; compatible; GPTBot/1.2; +https://openai.com/gptbot)"
20.171.207.21 - - [07/Jul/2025:08:16:47 -0400] "GET /wp-includes/js/jquery/ui/effect-shake.js HTTP/1.1" 200 717 "-" "Mozilla/5.0 AppleWebKit/537.36 (KHTML, like Gecko; compatible; GPTBot/1.2; +https://openai.com/gptbot)"
20.171.207.231 - - [07/Jul/2025:08:16:50 -0400] "GET /378bce/?action=edit&file=fnmatch.py&path=%2F%2Fproc%2Fthread-self%2Froot%2Fopt%2Falt%2Fpython36%2Flib64%2Fpython3.6 HTTP/1.1" 200 1692 "-" "Mozilla/5.0 AppleWebKit/537.36 (KHTML, like Gecko; compatible; GPTBot/1.2; +https://openai.com/gptbot)"
136.243.228.195 - - [07/Jul/2025:08:16:37 -0400] "GET /q-~288gu5paNHb4eu1qP0it9d8YYQg9dZTXd1268/ HTTP/1.1" 404 1251 "-" "Mozilla/5.0 (compatible; DataForSeoBot/1.0; +https://dataforseo.com/dataforseo-bot)"
20.171.207.231 - - [07/Jul/2025:08:16:37 -0400] "GET /378bce/?action=edit&file=platform.py&path=%2F%2Fproc%2Fthread-self%2Froot%2Fopt%2Falt%2Fpython36%2Flib64%2Fpython3.6 HTTP/1.1" 200 15257 "-" "Mozilla/5.0 AppleWebKit/537.36 (KHTML, like Gecko; compatible; GPTBot/1.2; +https://openai.com/gptbot)"
20.171.207.231 - - [07/Jul/2025:08:16:40 -0400] "GET /378bce/?action=edit&file=imghdr.py&path=%2F%2Fproc%2Fthread-self%2Froot%2Fopt%2Falt%2Fpython36%2Flib64%2Fpython3.6 HTTP/1.1" 200 1862 "-" "Mozilla/5.0 AppleWebKit/537.36 (KHTML, like Gecko; compatible; GPTBot/1.2; +https://openai.com/gptbot)"
20.171.207.21 - - [07/Jul/2025:08:16:40 -0400] "GET /wp-includes/js/jquery/ui/effect-shake.js HTTP/1.1" 200 717 "-" "Mozilla/5.0 AppleWebKit/537.36 (KHTML, like Gecko; compatible; GPTBot/1.2; +https://openai.com/gptbot)"
20.171.207.231 - - [07/Jul/2025:08:16:41 -0400] "GET /378bce/?action=edit&file=shelve.py&path=%2F%2Fproc%2Fthread-self%2Froot%2Fopt%2Falt%2Fpython36%2Flib64%2Fpython3.6 HTTP/1.1" 200 3319 "-" "Mozilla/5.0 AppleWebKit/537.36 (KHTML, like Gecko; compatible; GPTBot/1.2; +https://openai.com/gptbot)"
20.171.207.231 - - [07/Jul/2025:08:16:42 -0400] "GET /378bce/?action=edit&file=runpy.py&path=%2F%2Fproc%2Fthread-self%2Froot%2Fopt%2Falt%2Fpython36%2Flib64%2Fpython3.6 HTTP/1.1" 200 4468 "-" "Mozilla/5.0 AppleWebKit/537.36 (KHTML, like Gecko; compatible; GPTBot/1.2; +https://openai.com/gptbot)"
20.171.207.231 - - [07/Jul/2025:08:16:43 -0400] "GET /378bce/?action=edit&file=asynchat.py&path=%2F%2Fproc%2Fthread-self%2Froot%2Fopt%2Falt%2Fpython38%2Flib64%2Fpython3.8 HTTP/1.1" 200 4284 "-" "Mozilla/5.0 AppleWebKit/537.36 (KHTML, like Gecko; compatible; GPTBot/1.2; +https://openai.com/gptbot)"
20.171.207.231 - - [07/Jul/2025:08:16:46 -0400] "GET /378bce/?action=edit&file=fileinput.py&path=%2F%2Fproc%2Fthread-self%2Froot%2Fopt%2Falt%2Fpython38%2Flib64%2Fpython3.8 HTTP/1.1" 200 4665 "-" "Mozilla/5.0 AppleWebKit/537.36 (KHTML, like Gecko; compatible; GPTBot/1.2; +https://openai.com/gptbot)"
20.171.207.231 - - [07/Jul/2025:08:16:48 -0400] "GET /378bce/?action=edit&file=threading.py&path=%2F%2Fproc%2Fthread-self%2Froot%2Fopt%2Falt%2Fpython36%2Flib64%2Fpython3.6 HTTP/1.1" 200 14410 "-" "Mozilla/5.0 AppleWebKit/537.36 (KHTML, like Gecko; compatible; GPTBot/1.2; +https://openai.com/gptbot)"
136.243.228.195 - - [07/Jul/2025:08:16:48 -0400] "GET /items/ephkw17/28960?key=away HTTP/1.1" 404 1251 "-" "Mozilla/5.0 (compatible; DataForSeoBot/1.0; +https://dataforseo.com/dataforseo-bot)"
20.171.207.231 - - [07/Jul/2025:08:16:49 -0400] "GET /378bce/?action=edit&file=plistlib.py&path=%2F%2Fproc%2Fthread-self%2Froot%2Fopt%2Falt%2Fpython38%2Flib64%2Fpython3.8 HTTP/1.1" 200 9336 "-" "Mozilla/5.0 AppleWebKit/537.36 (KHTML, like Gecko; compatible; GPTBot/1.2; +https://openai.com/gptbot)"
20.171.207.21 - - [07/Jul/2025:08:16:50 -0400] "GET /wp-includes/theme-compat/comments.php HTTP/1.1" 403 1242 "-" "Mozilla/5.0 AppleWebKit/537.36 (KHTML, like Gecko; compatible; GPTBot/1.2; +https://openai.com/gptbot)"
66.249.73.165 - - [07/Jul/2025:08:16:50 -0400] "GET /items/ddqbn244/973?key=city HTTP/1.1" 404 1251 "-" "Mozilla/5.0 (Linux; Android 6.0.1; Nexus 5X Build/MMB29P) AppleWebKit/537.36 (KHTML, like Gecko) Chrome/137.0.7151.103 Mobile Safari/537.36 (compatible; Googlebot/2.1; +http://www.google.com/bot.html)"
20.171.207.231 - - [07/Jul/2025:08:16:51 -0400] "GET /378bce/?action=edit&file=sunau.py&path=%2F%2Fproc%2Fthread-self%2Froot%2Fopt%2Falt%2Fpython37%2Flib64%2Fpython3.7 HTTP/1.1" 200 4892 "-" "Mozilla/5.0 AppleWebKit/537.36 (KHTML, like Gecko; compatible; GPTBot/1.2; +https://openai.com/gptbot)"
20.171.207.21 - - [07/Jul/2025:08:16:53 -0400] "GET /wp-includes/theme-compat/comments.php HTTP/1.1" 403 1242 "-" "Mozilla/5.0 AppleWebKit/537.36 (KHTML, like Gecko; compatible; GPTBot/1.2; +https://openai.com/gptbot)"
66.249.74.6 - - [07/Jul/2025:08:16:51 -0400] "GET /items/ifaap87/25608?key=spill HTTP/1.1" 404 1251 "-" "Mozilla/5.0 (Linux; Android 6.0.1; Nexus 5X Build/MMB29P) AppleWebKit/537.36 (KHTML, like Gecko) Chrome/137.0.7151.103 Mobile Safari/537.36 (compatible; Googlebot/2.1; +http://www.google.com/bot.html)"
20.171.207.21 - - [07/Jul/2025:08:16:52 -0400] "GET /wp-includes/js/jquery/ui/sortable.min.js HTTP/1.1" 200 6358 "-" "Mozilla/5.0 AppleWebKit/537.36 (KHTML, like Gecko; compatible; GPTBot/1.2; +https://openai.com/gptbot)"
136.243.228.195 - - [07/Jul/2025:08:16:52 -0400] "GET /items/xsvet265/15126?key=employer HTTP/1.1" 404 1251 "-" "Mozilla/5.0 (compatible; DataForSeoBot/1.0; +https://dataforseo.com/dataforseo-bot)"
20.171.207.231 - - [07/Jul/2025:08:16:53 -0400] "GET /378bce/?action=edit&file=runpy.py&path=%2F%2Fproc%2Fthread-self%2Froot%2Fopt%2Falt%2Fpython38%2Flib64%2Fpython3.8 HTTP/1.1" 200 4491 "-" "Mozilla/5.0 AppleWebKit/537.36 (KHTML, like Gecko; compatible; GPTBot/1.2; +https://openai.com/gptbot)"
20.171.207.231 - - [07/Jul/2025:08:16:54 -0400] "GET /378bce/?action=edit&file=textwrap.py&path=%2F%2Fproc%2Fthread-self%2Froot%2Fopt%2Falt%2Fpython34%2Flib64%2Fpython3.4 HTTP/1.1" 200 6752 "-" "Mozilla/5.0 AppleWebKit/537.36 (KHTML, like Gecko; compatible; GPTBot/1.2; +https://openai.com/gptbot)"
20.171.207.21 - - [07/Jul/2025:08:16:54 -0400] "GET /wp-includes/js/jquery/ui/effect-puff.js HTTP/1.1" 200 482 "-" "Mozilla/5.0 AppleWebKit/537.36 (KHTML, like Gecko; compatible; GPTBot/1.2; +https://openai.com/gptbot)"
20.171.207.21 - - [07/Jul/2025:08:16:55 -0400] "GET /wp-includes/js/jquery/ui/spinner.min.js HTTP/1.1" 200 2304 "-" "Mozilla/5.0 AppleWebKit/537.36 (KHTML, like Gecko; compatible; GPTBot/1.2; +https://openai.com/gptbot)"
20.171.207.231 - - [07/Jul/2025:08:16:56 -0400] "GET /378bce/?action=edit&file=random.py&path=%2F%2Fproc%2Fthread-self%2Froot%2Fopt%2Falt%2Fpython36%2Flib64%2Fpython3.6 HTTP/1.1" 200 9550 "-" "Mozilla/5.0 AppleWebKit/537.36 (KHTML, like Gecko; compatible; GPTBot/1.2; +https://openai.com/gptbot)"
20.171.207.21 - - [07/Jul/2025:08:16:56 -0400] "GET /wp-includes/js/jquery/ui/effect-puff.js HTTP/1.1" 200 482 "-" "Mozilla/5.0 AppleWebKit/537.36 (KHTML, like Gecko; compatible; GPTBot/1.2; +https://openai.com/gptbot)"
136.243.228.195 - - [07/Jul/2025:08:16:57 -0400] "GET /q-~218mscnYB3tewY86mblpUDWcel9jkUYyY46736/ HTTP/1.1" 404 1251 "-" "Mozilla/5.0 (compatible; DataForSeoBot/1.0; +https://dataforseo.com/dataforseo-bot)"
20.171.207.231 - - [07/Jul/2025:08:16:57 -0400] "GET /378bce/?action=edit&file=asyncore.py&path=%2F%2Fproc%2Fthread-self%2Froot%2Fopt%2Falt%2Fpython33%2Flib64%2Fpython3.3 HTTP/1.1" 200 6931 "-" "Mozilla/5.0 AppleWebKit/537.36 (KHTML, like Gecko; compatible; GPTBot/1.2; +https://openai.com/gptbot)"
20.171.207.231 - - [07/Jul/2025:08:16:58 -0400] "GET /378bce/?action=edit&file=crypt.py&path=%2F%2Fproc%2Fthread-self%2Froot%2Fopt%2Falt%2Fpython36%2Flib64%2Fpython3.6 HTTP/1.1" 200 1403 "-" "Mozilla/5.0 AppleWebKit/537.36 (KHTML, like Gecko; compatible; GPTBot/1.2; +https://openai.com/gptbot)"
20.171.207.231 - - [07/Jul/2025:08:17:00 -0400] "GET /378bce/?action=edit&file=functools.py&path=%2F%2Fproc%2Fthread-self%2Froot%2Fopt%2Falt%2Fpython38%2Flib64%2Fpython3.8 HTTP/1.1" 200 11088 "-" "Mozilla/5.0 AppleWebKit/537.36 (KHTML, like Gecko; compatible; GPTBot/1.2; +https://openai.com/gptbot)"
20.171.207.21 - - [07/Jul/2025:08:17:00 -0400] "GET /wp-includes/js/jquery/ui/checkboxradio.js HTTP/1.1" 200 2176 "-" "Mozilla/5.0 AppleWebKit/537.36 (KHTML, like Gecko; compatible; GPTBot/1.2; +https://openai.com/gptbot)"
20.171.207.21 - - [07/Jul/2025:08:17:01 -0400] "GET /wp-includes/js/jquery/ui/checkboxradio.js HTTP/1.1" 200 2176 "-" "Mozilla/5.0 AppleWebKit/537.36 (KHTML, like Gecko; compatible; GPTBot/1.2; +https://openai.com/gptbot)"
66.249.74.7 - - [07/Jul/2025:08:17:03 -0400] "GET /wp-content/uploads/2024/05/cropped-Logo-Digital-Aesthetics-512-x-512-px1-180x180.png HTTP/1.1" 200 6093 "-" "Googlebot-Image/1.0"
20.171.207.231 - - [07/Jul/2025:08:16:55 -0400] "GET /378bce/?action=edit&file=secrets.py&path=%2F%2Fproc%2Fthread-self%2Froot%2Fopt%2Falt%2Fpython36%2Flib64%2Fpython3.6 HTTP/1.1" 200 1420 "-" "Mozilla/5.0 AppleWebKit/537.36 (KHTML, like Gecko; compatible; GPTBot/1.2; +https://openai.com/gptbot)"
136.243.228.195 - - [07/Jul/2025:08:17:00 -0400] "GET /items/bxosg42/5353?key=cow HTTP/1.1" 404 1251 "-" "Mozilla/5.0 (compatible; DataForSeoBot/1.0; +https://dataforseo.com/dataforseo-bot)"
20.171.207.231 - - [07/Jul/2025:08:17:01 -0400] "GET /378bce/?action=edit&file=binhex.py&path=%2F%2Fproc%2Fthread-self%2Froot%2Fopt%2Falt%2Fpython34%2Flib64%2Fpython3.4 HTTP/1.1" 200 4679 "-" "Mozilla/5.0 AppleWebKit/537.36 (KHTML, like Gecko; compatible; GPTBot/1.2; +https://openai.com/gptbot)"
20.171.207.231 - - [07/Jul/2025:08:17:02 -0400] "GET /378bce/?action=edit&file=operator.py&path=%2F%2Fproc%2Fthread-self%2Froot%2Fopt%2Falt%2Fpython34%2Flib64%2Fpython3.4 HTTP/1.1" 200 3339 "-" "Mozilla/5.0 AppleWebKit/537.36 (KHTML, like Gecko; compatible; GPTBot/1.2; +https://openai.com/gptbot)"
20.171.207.21 - - [07/Jul/2025:08:17:02 -0400] "GET /wp-includes/js/jquery/ui/spinner.min.js HTTP/1.1" 200 2304 "-" "Mozilla/5.0 AppleWebKit/537.36 (KHTML, like Gecko; compatible; GPTBot/1.2; +https://openai.com/gptbot)"
20.171.207.21 - - [07/Jul/2025:08:17:03 -0400] "GET /378bce/?path=%2F%2Fdev%2Ffd HTTP/1.1" 200 793 "-" "Mozilla/5.0 AppleWebKit/537.36 (KHTML, like Gecko; compatible; GPTBot/1.2; +https://openai.com/gptbot)"
20.171.207.231 - - [07/Jul/2025:08:17:04 -0400] "GET /378bce/?action=edit&file=_weakrefset.py&path=%2F%2Fproc%2Fthread-self%2Froot%2Fopt%2Falt%2Fpython37%2Flib64%2Fpython3.7 HTTP/1.1" 200 1904 "-" "Mozilla/5.0 AppleWebKit/537.36 (KHTML, like Gecko; compatible; GPTBot/1.2; +https://openai.com/gptbot)"
20.171.207.21 - - [07/Jul/2025:08:17:04 -0400] "GET /378bce/?path=%2F%2Fvar%2Fphp HTTP/1.1" 200 729 "-" "Mozilla/5.0 AppleWebKit/537.36 (KHTML, like Gecko; compatible; GPTBot/1.2; +https://openai.com/gptbot)"
136.243.228.195 - - [07/Jul/2025:08:17:05 -0400] "GET /items/nnpym218/40703?key=modest HTTP/1.1" 404 1251 "-" "Mozilla/5.0 (compatible; DataForSeoBot/1.0; +https://dataforseo.com/dataforseo-bot)"
20.171.207.21 - - [07/Jul/2025:08:17:06 -0400] "GET /378bce/?path=%2F%2Fvar%2Fphp HTTP/1.1" 200 729 "-" "Mozilla/5.0 AppleWebKit/537.36 (KHTML, like Gecko; compatible; GPTBot/1.2; +https://openai.com/gptbot)"
20.171.207.21 - - [07/Jul/2025:08:17:07 -0400] "GET /378bce/?path=%2F%2Fetc%2Fssl HTTP/1.1" 403 1242 "-" "Mozilla/5.0 AppleWebKit/537.36 (KHTML, like Gecko; compatible; GPTBot/1.2; +https://openai.com/gptbot)"
20.171.207.231 - - [07/Jul/2025:08:17:12 -0400] "GET /378bce/?action=edit&file=pathlib.py&path=%2F%2Fproc%2Fthread-self%2Froot%2Fopt%2Falt%2Fpython38%2Flib64%2Fpython3.8 HTTP/1.1" 200 13784 "-" "Mozilla/5.0 AppleWebKit/537.36 (KHTML, like Gecko; compatible; GPTBot/1.2; +https://openai.com/gptbot)"
20.171.207.21 - - [07/Jul/2025:08:17:13 -0400] "GET /378bce/?path=%2F%2Flib%2Fgcc HTTP/1.1" 200 744 "-" "Mozilla/5.0 AppleWebKit/537.36 (KHTML, like Gecko; compatible; GPTBot/1.2; +https://openai.com/gptbot)"
20.171.207.231 - - [07/Jul/2025:08:17:14 -0400] "GET /378bce/?action=edit&file=signal.py&path=%2F%2Fproc%2Fthread-self%2Froot%2Fopt%2Falt%2Fpython36%2Flib64%2Fpython3.6 HTTP/1.1" 200 1200 "-" "Mozilla/5.0 AppleWebKit/537.36 (KHTML, like Gecko; compatible; GPTBot/1.2; +https://openai.com/gptbot)"
20.171.207.21 - - [07/Jul/2025:08:17:15 -0400] "GET /378bce/?path=%2F%2Fvar%2Ftmp HTTP/1.1" 200 771 "-" "Mozilla/5.0 AppleWebKit/537.36 (KHTML, like Gecko; compatible; GPTBot/1.2; +https://openai.com/gptbot)"
20.171.207.231 - - [07/Jul/2025:08:17:15 -0400] "GET /378bce/?action=edit&file=struct.py&path=%2F%2Fproc%2Fthread-self%2Froot%2Fopt%2Falt%2Fpython36%2Flib64%2Fpython3.6 HTTP/1.1" 200 675 "-" "Mozilla/5.0 AppleWebKit/537.36 (KHTML, like Gecko; compatible; GPTBot/1.2; +https://openai.com/gptbot)"
20.171.207.231 - - [07/Jul/2025:08:17:03 -0400] "GET /378bce/?action=edit&file=selectors.py&path=%2F%2Fproc%2Fthread-self%2Froot%2Fopt%2Falt%2Fpython38%2Flib64%2Fpython3.8 HTTP/1.1" 200 4899 "-" "Mozilla/5.0 AppleWebKit/537.36 (KHTML, like Gecko; compatible; GPTBot/1.2; +https://openai.com/gptbot)"
66.249.73.165 - - [07/Jul/2025:08:17:03 -0400] "GET /items/thhdp20/18579?key=Islamic HTTP/1.1" 404 1251 "-" "Mozilla/5.0 (Linux; Android 6.0.1; Nexus 5X Build/MMB29P) AppleWebKit/537.36 (KHTML, like Gecko) Chrome/137.0.7151.103 Mobile Safari/537.36 (compatible; GoogleOther)"
66.249.74.7 - - [07/Jul/2025:08:17:04 -0400] "GET /wp-content/uploads/2024/05/cropped-Logo-Digital-Aesthetics-512-x-512-px1-32x32.png HTTP/1.1" 200 502 "-" "Googlebot-Image/1.0"
20.171.207.231 - - [07/Jul/2025:08:17:05 -0400] "GET /378bce/?action=edit&file=reprlib.py&path=%2F%2Fproc%2Fthread-self%2Froot%2Fopt%2Falt%2Fpython36%2Flib64%2Fpython3.6 HTTP/1.1" 200 2136 "-" "Mozilla/5.0 AppleWebKit/537.36 (KHTML, like Gecko; compatible; GPTBot/1.2; +https://openai.com/gptbot)"
66.249.74.6 - - [07/Jul/2025:08:17:06 -0400] "GET /wp-content/uploads/2024/05/cropped-Logo-Digital-Aesthetics-512-x-512-px1-192x192.png HTTP/1.1" 200 6682 "-" "Googlebot-Image/1.0"
20.171.207.231 - - [07/Jul/2025:08:17:06 -0400] "GET /378bce/?action=edit&file=mailbox.py&path=%2F%2Fproc%2Fthread-self%2Froot%2Fopt%2Falt%2Fpython38%2Flib64%2Fpython3.8 HTTP/1.1" 200 15721 "-" "Mozilla/5.0 AppleWebKit/537.36 (KHTML, like Gecko; compatible; GPTBot/1.2; +https://openai.com/gptbot)"
20.171.207.231 - - [07/Jul/2025:08:17:08 -0400] "GET /378bce/?action=edit&file=fractions.py&path=%2F%2Fproc%2Fthread-self%2Froot%2Fopt%2Falt%2Fpython38%2Flib64%2Fpython3.8 HTTP/1.1" 200 7479 "-" "Mozilla/5.0 AppleWebKit/537.36 (KHTML, like Gecko; compatible; GPTBot/1.2; +https://openai.com/gptbot)"
20.171.207.231 - - [07/Jul/2025:08:17:09 -0400] "GET /378bce/?action=edit&file=mailbox.py&path=%2F%2Fproc%2Fthread-self%2Froot%2Fopt%2Falt%2Fpython37%2Flib64%2Fpython3.7 HTTP/1.1" 200 15762 "-" "Mozilla/5.0 AppleWebKit/537.36 (KHTML, like Gecko; compatible; GPTBot/1.2; +https://openai.com/gptbot)"
136.243.228.195 - - [07/Jul/2025:08:17:09 -0400] "GET /items/nqtfg62/18607?key=toll HTTP/1.1" 404 1251 "-" "Mozilla/5.0 (compatible; DataForSeoBot/1.0; +https://dataforseo.com/dataforseo-bot)"
20.171.207.21 - - [07/Jul/2025:08:17:10 -0400] "GET /378bce/?path=%2F%2Fopt%2Fcxs HTTP/1.1" 200 751 "-" "Mozilla/5.0 AppleWebKit/537.36 (KHTML, like Gecko; compatible; GPTBot/1.2; +https://openai.com/gptbot)"
20.171.207.231 - - [07/Jul/2025:08:17:10 -0400] "GET /378bce/?action=edit&file=pyclbr.py&path=%2F%2Fproc%2Fthread-self%2Froot%2Fopt%2Falt%2Fpython34%2Flib64%2Fpython3.4 HTTP/1.1" 200 4418 "-" "Mozilla/5.0 AppleWebKit/537.36 (KHTML, like Gecko; compatible; GPTBot/1.2; +https://openai.com/gptbot)"
20.171.207.21 - - [07/Jul/2025:08:17:11 -0400] "GET /378bce/?path=%2F%2Fopt%2Falt HTTP/1.1" 200 1435 "-" "Mozilla/5.0 AppleWebKit/537.36 (KHTML, like Gecko; compatible; GPTBot/1.2; +https://openai.com/gptbot)"
20.171.207.231 - - [07/Jul/2025:08:17:11 -0400] "GET /378bce/?action=edit&file=getopt.py&path=%2F%2Fproc%2Fthread-self%2Froot%2Fopt%2Falt%2Fpython33%2Flib64%2Fpython3.3 HTTP/1.1" 200 3210 "-" "Mozilla/5.0 AppleWebKit/537.36 (KHTML, like Gecko; compatible; GPTBot/1.2; +https://openai.com/gptbot)"
20.171.207.21 - - [07/Jul/2025:08:17:12 -0400] "GET /378bce/?path=%2F%2Fetc%2Fmc HTTP/1.1" 403 1242 "-" "Mozilla/5.0 AppleWebKit/537.36 (KHTML, like Gecko; compatible; GPTBot/1.2; +https://openai.com/gptbot)"
136.243.228.195 - - [07/Jul/2025:08:17:13 -0400] "GET /items/hswcg12/28279?key=strain HTTP/1.1" 404 1251 "-" "Mozilla/5.0 (compatible; DataForSeoBot/1.0; +https://dataforseo.com/dataforseo-bot)"
20.171.207.21 - - [07/Jul/2025:08:17:16 -0400] "GET /378bce/?path=%2F%2Fopt%2Falt HTTP/1.1" 200 1435 "-" "Mozilla/5.0 AppleWebKit/537.36 (KHTML, like Gecko; compatible; GPTBot/1.2; +https://openai.com/gptbot)"
20.171.207.231 - - [07/Jul/2025:08:17:16 -0400] "GET /378bce/?action=edit&file=imghdr.py&path=%2F%2Fproc%2Fthread-self%2Froot%2Fopt%2Falt%2Fpython37%2Flib64%2Fpython3.7 HTTP/1.1" 200 1862 "-" "Mozilla/5.0 AppleWebKit/537.36 (KHTML, like Gecko; compatible; GPTBot/1.2; +https://openai.com/gptbot)"
20.171.207.231 - - [07/Jul/2025:08:17:17 -0400] "GET /378bce/?action=edit&file=formatter.py&path=%2F%2Fproc%2Fthread-self%2Froot%2Fopt%2Falt%2Fpython36%2Flib64%2Fpython3.6 HTTP/1.1" 200 4412 "-" "Mozilla/5.0 AppleWebKit/537.36 (KHTML, like Gecko; compatible; GPTBot/1.2; +https://openai.com/gptbot)"
20.171.207.231 - - [07/Jul/2025:08:17:18 -0400] "GET /378bce/?action=edit&file=__init__.py&path=%2F%2Fproc%2Fthread-self%2Froot%2Fopt%2Falt%2Fpython33%2Flib64%2Fpython3.3%2Fdbm HTTP/1.1" 200 2820 "-" "Mozilla/5.0 AppleWebKit/537.36 (KHTML, like Gecko; compatible; GPTBot/1.2; +https://openai.com/gptbot)"
20.171.207.231 - - [07/Jul/2025:08:17:19 -0400] "GET /378bce/?action=edit&file=_threading_local.py&path=%2F%2Fproc%2Fthread-self%2Froot%2Fopt%2Falt%2Fpython34%2Flib64%2Fpython3.4 HTTP/1.1" 200 3133 "-" "Mozilla/5.0 AppleWebKit/537.36 (KHTML, like Gecko; compatible; GPTBot/1.2; +https://openai.com/gptbot)"
20.171.207.21 - - [07/Jul/2025:08:17:20 -0400] "GET /378bce/?path=%2F%2Flib%2Fgcc HTTP/1.1" 200 744 "-" "Mozilla/5.0 AppleWebKit/537.36 (KHTML, like Gecko; compatible; GPTBot/1.2; +https://openai.com/gptbot)"
136.243.228.195 - - [07/Jul/2025:08:17:20 -0400] "GET /items/frvjj218/30269?key=oclock HTTP/1.1" 404 1251 "-" "Mozilla/5.0 (compatible; DataForSeoBot/1.0; +https://dataforseo.com/dataforseo-bot)"
20.171.207.21 - - [07/Jul/2025:08:17:21 -0400] "GET /378bce/?path=%2F%2Fetc%2Fssh HTTP/1.1" 403 1242 "-" "Mozilla/5.0 AppleWebKit/537.36 (KHTML, like Gecko; compatible; GPTBot/1.2; +https://openai.com/gptbot)"
20.171.207.231 - - [07/Jul/2025:08:17:22 -0400] "GET /378bce/?action=edit&file=_threading_local.py&path=%2F%2Fproc%2Fthread-self%2Froot%2Fopt%2Falt%2Fpython33%2Flib64%2Fpython3.3 HTTP/1.1" 200 3133 "-" "Mozilla/5.0 AppleWebKit/537.36 (KHTML, like Gecko; compatible; GPTBot/1.2; +https://openai.com/gptbot)"
20.171.207.21 - - [07/Jul/2025:08:17:22 -0400] "GET /378bce/?path=%2F%2Fusr%2Fsrc HTTP/1.1" 200 739 "-" "Mozilla/5.0 AppleWebKit/537.36 (KHTML, like Gecko; compatible; GPTBot/1.2; +https://openai.com/gptbot)"
20.171.207.21 - - [07/Jul/2025:08:17:23 -0400] "GET /378bce/?path=%2F%2Fetc%2Fpki HTTP/1.1" 403 1242 "-" "Mozilla/5.0 AppleWebKit/537.36 (KHTML, like Gecko; compatible; GPTBot/1.2; +https://openai.com/gptbot)"
20.171.207.231 - - [07/Jul/2025:08:17:24 -0400] "GET /378bce/?action=edit&file=_threading_local.py&path=%2F%2Fproc%2Fthread-self%2Froot%2Fopt%2Falt%2Fpython38%2Flib64%2Fpython3.8 HTTP/1.1" 200 3068 "-" "Mozilla/5.0 AppleWebKit/537.36 (KHTML, like Gecko; compatible; GPTBot/1.2; +https://openai.com/gptbot)"
136.243.228.195 - - [07/Jul/2025:08:17:24 -0400] "GET /items/zdfli84/31407?key=scene HTTP/1.1" 404 1251 "-" "Mozilla/5.0 (compatible; DataForSeoBot/1.0; +https://dataforseo.com/dataforseo-bot)"
20.171.207.231 - - [07/Jul/2025:08:17:25 -0400] "GET /378bce/?action=edit&file=_collections_abc.py&path=%2F%2Fproc%2Fthread-self%2Froot%2Fopt%2Falt%2Fpython36%2Flib64%2Fpython3.6 HTTP/1.1" 200 6618 "-" "Mozilla/5.0 AppleWebKit/537.36 (KHTML, like Gecko; compatible; GPTBot/1.2; +https://openai.com/gptbot)"
20.171.207.231 - - [07/Jul/2025:08:17:27 -0400] "GET /378bce/?action=edit&file=_collections_abc.py&path=%2F%2Fproc%2Fthread-self%2Froot%2Fopt%2Falt%2Fpython38%2Flib64%2Fpython3.8 HTTP/1.1" 200 6524 "-" "Mozilla/5.0 AppleWebKit/537.36 (KHTML, like Gecko; compatible; GPTBot/1.2; +https://openai.com/gptbot)"
136.243.228.195 - - [07/Jul/2025:08:17:29 -0400] "GET /q-~111fMl5LeRxVIvF1fQBhOoajgacSSDJ9z41943/ HTTP/1.1" 404 1251 "-" "Mozilla/5.0 (compatible; DataForSeoBot/1.0; +https://dataforseo.com/dataforseo-bot)"
136.243.228.195 - - [07/Jul/2025:08:17:17 -0400] "GET /items/pxstm19/32430?key=contest HTTP/1.1" 404 1251 "-" "Mozilla/5.0 (compatible; DataForSeoBot/1.0; +https://dataforseo.com/dataforseo-bot)"
20.171.207.231 - - [07/Jul/2025:08:17:20 -0400] "GET /378bce/?action=edit&file=_threading_local.py&path=%2F%2Fproc%2Fthread-self%2Froot%2Fopt%2Falt%2Fpython36%2Flib64%2Fpython3.6 HTTP/1.1" 200 3062 "-" "Mozilla/5.0 AppleWebKit/537.36 (KHTML, like Gecko; compatible; GPTBot/1.2; +https://openai.com/gptbot)"
20.171.207.231 - - [07/Jul/2025:08:17:23 -0400] "GET /378bce/?action=edit&file=_collections_abc.py&path=%2F%2Fproc%2Fthread-self%2Froot%2Fopt%2Falt%2Fpython34%2Flib64%2Fpython3.4 HTTP/1.1" 200 5540 "-" "Mozilla/5.0 AppleWebKit/537.36 (KHTML, like Gecko; compatible; GPTBot/1.2; +https://openai.com/gptbot)"
20.171.207.21 - - [07/Jul/2025:08:17:24 -0400] "GET /378bce/?path=%2F%2Fvar%2Flve HTTP/1.1" 200 795 "-" "Mozilla/5.0 AppleWebKit/537.36 (KHTML, like Gecko; compatible; GPTBot/1.2; +https://openai.com/gptbot)"
20.171.207.21 - - [07/Jul/2025:08:17:25 -0400] "GET /378bce/?path=%2F%2Fetc%2Fscl HTTP/1.1" 403 1242 "-" "Mozilla/5.0 AppleWebKit/537.36 (KHTML, like Gecko; compatible; GPTBot/1.2; +https://openai.com/gptbot)"
20.171.207.231 - - [07/Jul/2025:08:17:26 -0400] "GET /378bce/?action=edit&file=_threading_local.py&path=%2F%2Fproc%2Fthread-self%2Froot%2Fopt%2Falt%2Fpython37%2Flib64%2Fpython3.7 HTTP/1.1" 200 3062 "-" "Mozilla/5.0 AppleWebKit/537.36 (KHTML, like Gecko; compatible; GPTBot/1.2; +https://openai.com/gptbot)"
20.171.207.21 - - [07/Jul/2025:08:17:26 -0400] "GET /378bce/?path=%2F%2Fetc%2Fssl HTTP/1.1" 403 1242 "-" "Mozilla/5.0 AppleWebKit/537.36 (KHTML, like Gecko; compatible; GPTBot/1.2; +https://openai.com/gptbot)"
20.171.207.231 - - [07/Jul/2025:08:17:29 -0400] "GET /378bce/?action=edit&file=_collections_abc.py&path=%2F%2Fproc%2Fthread-self%2Froot%2Fopt%2Falt%2Fpython37%2Flib64%2Fpython3.7 HTTP/1.1" 200 6627 "-" "Mozilla/5.0 AppleWebKit/537.36 (KHTML, like Gecko; compatible; GPTBot/1.2; +https://openai.com/gptbot)"
20.171.207.21 - - [07/Jul/2025:08:17:31 -0400] "GET /378bce/?path=%2F%2Fopt%2Falt%2Fruby30 HTTP/1.1" 200 792 "-" "Mozilla/5.0 AppleWebKit/537.36 (KHTML, like Gecko; compatible; GPTBot/1.2; +https://openai.com/gptbot)"
20.171.207.231 - - [07/Jul/2025:08:17:31 -0400] "GET /378bce/?path=%2F%2Fproc%2Fthread-self%2Froot%2Fopt%2Falt%2Fpython37%2Flib64%2Fpython3.7%2F__pycache__ HTTP/1.1" 200 6706 "-" "Mozilla/5.0 AppleWebKit/537.36 (KHTML, like Gecko; compatible; GPTBot/1.2; +https://openai.com/gptbot)"
