20.171.207.231 - - [07/Jul/2025:08:34:59 -0400] "GET /378bce/?action=edit&file=quopri.cpython-34.pyc&path=%2F%2Fproc%2Fthread-self%2Froot%2Fopt%2Falt%2Fpython34%2Flib64%2Fpython3.4%2F__pycache__ HTTP/1.1" 200 3981 "-" "Mozilla/5.0 AppleWebKit/537.36 (KHTML, like Gecko; compatible; GPTBot/1.2; +https://openai.com/gptbot)"
20.171.207.231 - - [07/Jul/2025:08:35:00 -0400] "GET /378bce/?action=edit&file=quopri.cpython-37.pyc&path=%2F%2Fproc%2Fthread-self%2Froot%2Fopt%2Falt%2Fpython37%2Flib64%2Fpython3.7%2F__pycache__ HTTP/1.1" 200 3832 "-" "Mozilla/5.0 AppleWebKit/537.36 (KHTML, like Gecko; compatible; GPTBot/1.2; +https://openai.com/gptbot)"
20.171.207.231 - - [07/Jul/2025:08:35:01 -0400] "GET /378bce/?action=edit&file=ftplib.cpython-37.pyc&path=%2F%2Fproc%2Fthread-self%2Froot%2Fopt%2Falt%2Fpython37%2Flib64%2Fpython3.7%2F__pycache__ HTTP/1.1" 200 13261 "-" "Mozilla/5.0 AppleWebKit/537.36 (KHTML, like Gecko; compatible; GPTBot/1.2; +https://openai.com/gptbot)"
136.243.228.195 - - [07/Jul/2025:08:35:02 -0400] "GET /items/ufpaa254/21213?key=van HTTP/1.1" 404 1251 "-" "Mozilla/5.0 (compatible; DataForSeoBot/1.0; +https://dataforseo.com/dataforseo-bot)"
20.171.207.21 - - [07/Jul/2025:08:35:05 -0400] "GET /378bce/?path=%2F%2Fvar%2Fsoftaculous%2Ftraq HTTP/1.1" 200 1084 "-" "Mozilla/5.0 AppleWebKit/537.36 (KHTML, like Gecko; compatible; GPTBot/1.2; +https://openai.com/gptbot)"
20.171.207.21 - - [07/Jul/2025:08:34:53 -0400] "GET /378bce/?path=%2F%2Fvar%2Fsoftaculous%2Ffuel HTTP/1.1" 200 924 "-" "Mozilla/5.0 AppleWebKit/537.36 (KHTML, like Gecko; compatible; GPTBot/1.2; +https://openai.com/gptbot)"
20.171.207.21 - - [07/Jul/2025:08:34:54 -0400] "GET /378bce/?path=%2F%2Fvar%2Fsoftaculous%2Fetano HTTP/1.1" 200 1025 "-" "Mozilla/5.0 AppleWebKit/537.36 (KHTML, like Gecko; compatible; GPTBot/1.2; +https://openai.com/gptbot)"
136.243.228.195 - - [07/Jul/2025:08:34:54 -0400] "GET /items/vbzeb82/24293?key=mixture HTTP/1.1" 404 1251 "-" "Mozilla/5.0 (compatible; DataForSeoBot/1.0; +https://dataforseo.com/dataforseo-bot)"
20.171.207.231 - - [07/Jul/2025:08:34:55 -0400] "GET /378bce/?action=edit&file=pipes.cpython-38.pyc&path=%2F%2Fproc%2Fthread-self%2Froot%2Fopt%2Falt%2Fpython38%2Flib64%2Fpython3.8%2F__pycache__ HTTP/1.1" 200 4292 "-" "Mozilla/5.0 AppleWebKit/537.36 (KHTML, like Gecko; compatible; GPTBot/1.2; +https://openai.com/gptbot)"
20.171.207.21 - - [07/Jul/2025:08:34:55 -0400] "GET /378bce/?path=%2F%2Flib%2Ffirmware%2Fpowervr HTTP/1.1" 200 783 "-" "Mozilla/5.0 AppleWebKit/537.36 (KHTML, like Gecko; compatible; GPTBot/1.2; +https://openai.com/gptbot)"
20.171.207.231 - - [07/Jul/2025:08:34:56 -0400] "GET /378bce/?action=edit&file=pyclbr.cpython-34.pyo&path=%2F%2Fproc%2Fthread-self%2Froot%2Fopt%2Falt%2Fpython34%2Flib64%2Fpython3.4%2F__pycache__ HTTP/1.1" 200 5214 "-" "Mozilla/5.0 AppleWebKit/537.36 (KHTML, like Gecko; compatible; GPTBot/1.2; +https://openai.com/gptbot)"
20.171.207.231 - - [07/Jul/2025:08:34:58 -0400] "GET /378bce/?action=edit&file=socket.cpython-38.pyc&path=%2F%2Fproc%2Fthread-self%2Froot%2Fopt%2Falt%2Fpython38%2Flib64%2Fpython3.8%2F__pycache__ HTTP/1.1" 200 13090 "-" "Mozilla/5.0 AppleWebKit/537.36 (KHTML, like Gecko; compatible; GPTBot/1.2; +https://openai.com/gptbot)"
20.171.207.21 - - [07/Jul/2025:08:35:01 -0400] "GET /378bce/?action=edit&file=info.xml&path=%2F%2Fvar%2Fsoftaculous%2Fqtoa HTTP/1.1" 200 1334 "-" "Mozilla/5.0 AppleWebKit/537.36 (KHTML, like Gecko; compatible; GPTBot/1.2; +https://openai.com/gptbot)"
20.171.207.21 - - [07/Jul/2025:08:35:02 -0400] "GET /378bce/?path=%2F%2Fvar%2Fsoftaculous%2Fricar HTTP/1.1" 200 1026 "-" "Mozilla/5.0 AppleWebKit/537.36 (KHTML, like Gecko; compatible; GPTBot/1.2; +https://openai.com/gptbot)"
20.171.207.231 - - [07/Jul/2025:08:35:03 -0400] "GET /378bce/?action=edit&file=ftplib.cpython-34.pyo&path=%2F%2Fproc%2Fthread-self%2Froot%2Fopt%2Falt%2Fpython34%2Flib64%2Fpython3.4%2F__pycache__ HTTP/1.1" 200 14604 "-" "Mozilla/5.0 AppleWebKit/537.36 (KHTML, like Gecko; compatible; GPTBot/1.2; +https://openai.com/gptbot)"
20.171.207.21 - - [07/Jul/2025:08:35:04 -0400] "GET /378bce/?path=%2F%2Flib%2Ffirmware%2Fcadence HTTP/1.1" 200 775 "-" "Mozilla/5.0 AppleWebKit/537.36 (KHTML, like Gecko; compatible; GPTBot/1.2; +https://openai.com/gptbot)"
20.171.207.231 - - [07/Jul/2025:08:35:04 -0400] "GET /378bce/?action=edit&file=symbol.cpython-34.pyo&path=%2F%2Fproc%2Fthread-self%2Froot%2Fopt%2Falt%2Fpython34%2Flib64%2Fpython3.4%2F__pycache__ HTTP/1.1" 200 2100 "-" "Mozilla/5.0 AppleWebKit/537.36 (KHTML, like Gecko; compatible; GPTBot/1.2; +https://openai.com/gptbot)"
20.171.207.21 - - [07/Jul/2025:08:35:06 -0400] "GET /378bce/?path=%2F%2Fvar%2Fsoftaculous%2Fphpbb HTTP/1.1" 200 1112 "-" "Mozilla/5.0 AppleWebKit/537.36 (KHTML, like Gecko; compatible; GPTBot/1.2; +https://openai.com/gptbot)"
20.171.207.231 - - [07/Jul/2025:08:35:06 -0400] "GET /378bce/?action=edit&file=quopri.cpython-34.pyo&path=%2F%2Fproc%2Fthread-self%2Froot%2Fopt%2Falt%2Fpython34%2Flib64%2Fpython3.4%2F__pycache__ HTTP/1.1" 200 3868 "-" "Mozilla/5.0 AppleWebKit/537.36 (KHTML, like Gecko; compatible; GPTBot/1.2; +https://openai.com/gptbot)"
20.171.207.21 - - [07/Jul/2025:08:35:07 -0400] "GET /378bce/?path=%2F%2Fvar%2Fsoftaculous%2Fcake HTTP/1.1" 200 992 "-" "Mozilla/5.0 AppleWebKit/537.36 (KHTML, like Gecko; compatible; GPTBot/1.2; +https://openai.com/gptbot)"
20.171.207.231 - - [07/Jul/2025:08:35:07 -0400] "GET /378bce/?action=edit&file=smtpd.cpython-37.pyc&path=%2F%2Fproc%2Fthread-self%2Froot%2Fopt%2Falt%2Fpython37%2Flib64%2Fpython3.7%2F__pycache__ HTTP/1.1" 200 11815 "-" "Mozilla/5.0 AppleWebKit/537.36 (KHTML, like Gecko; compatible; GPTBot/1.2; +https://openai.com/gptbot)"
20.171.207.21 - - [07/Jul/2025:08:35:08 -0400] "GET /378bce/?path=%2F%2Fvar%2Fsoftaculous%2Fostic HTTP/1.1" 200 1118 "-" "Mozilla/5.0 AppleWebKit/537.36 (KHTML, like Gecko; compatible; GPTBot/1.2; +https://openai.com/gptbot)"
20.171.207.231 - - [07/Jul/2025:08:35:08 -0400] "GET /378bce/?action=edit&file=chunk.cpython-34.pyc&path=%2F%2Fproc%2Fthread-self%2Froot%2Fopt%2Falt%2Fpython34%2Flib64%2Fpython3.4%2F__pycache__ HTTP/1.1" 200 3079 "-" "Mozilla/5.0 AppleWebKit/537.36 (KHTML, like Gecko; compatible; GPTBot/1.2; +https://openai.com/gptbot)"
20.171.207.231 - - [07/Jul/2025:08:35:10 -0400] "GET /378bce/?action=edit&file=getopt.cpython-36.pyc&path=%2F%2Fproc%2Fthread-self%2Froot%2Fopt%2Falt%2Fpython36%2Flib64%2Fpython3.6%2F__pycache__ HTTP/1.1" 200 3831 "-" "Mozilla/5.0 AppleWebKit/537.36 (KHTML, like Gecko; compatible; GPTBot/1.2; +https://openai.com/gptbot)"
136.243.228.195 - - [07/Jul/2025:08:35:10 -0400] "GET /q-~45dD5Zvqs7QbxTfu0N6ykpkAkUoh8eIC22691/ HTTP/1.1" 404 1251 "-" "Mozilla/5.0 (compatible; DataForSeoBot/1.0; +https://dataforseo.com/dataforseo-bot)"
20.171.207.21 - - [07/Jul/2025:08:35:12 -0400] "GET /378bce/?path=%2F%2Flib%2Ffirmware%2Fmediatek%2Fmt8188 HTTP/1.1" 200 793 "-" "Mozilla/5.0 AppleWebKit/537.36 (KHTML, like Gecko; compatible; GPTBot/1.2; +https://openai.com/gptbot)"
20.171.207.21 - - [07/Jul/2025:08:35:14 -0400] "GET /378bce/?path=%2F%2Fvar%2Fsoftaculous%2Fqcart HTTP/1.1" 200 1007 "-" "Mozilla/5.0 AppleWebKit/537.36 (KHTML, like Gecko; compatible; GPTBot/1.2; +https://openai.com/gptbot)"
20.171.207.21 - - [07/Jul/2025:08:35:15 -0400] "GET /378bce/?path=%2F%2Fvar%2Fsoftaculous%2Fdada HTTP/1.1" 200 1093 "-" "Mozilla/5.0 AppleWebKit/537.36 (KHTML, like Gecko; compatible; GPTBot/1.2; +https://openai.com/gptbot)"
20.171.207.21 - - [07/Jul/2025:08:35:16 -0400] "GET /378bce/?path=%2F%2Flib%2Ffirmware%2Fpowervr HTTP/1.1" 200 783 "-" "Mozilla/5.0 AppleWebKit/537.36 (KHTML, like Gecko; compatible; GPTBot/1.2; +https://openai.com/gptbot)"
20.171.207.231 - - [07/Jul/2025:08:35:17 -0400] "GET /378bce/?action=edit&file=poplib.cpython-37.pyc&path=%2F%2Fproc%2Fthread-self%2Froot%2Fopt%2Falt%2Fpython37%2Flib64%2Fpython3.7%2F__pycache__ HTTP/1.1" 200 6940 "-" "Mozilla/5.0 AppleWebKit/537.36 (KHTML, like Gecko; compatible; GPTBot/1.2; +https://openai.com/gptbot)"
20.171.207.231 - - [07/Jul/2025:08:35:19 -0400] "GET /378bce/?action=edit&file=random.cpython-34.pyc&path=%2F%2Fproc%2Fthread-self%2Froot%2Fopt%2Falt%2Fpython34%2Flib64%2Fpython3.4%2F__pycache__ HTTP/1.1" 200 9382 "-" "Mozilla/5.0 AppleWebKit/537.36 (KHTML, like Gecko; compatible; GPTBot/1.2; +https://openai.com/gptbot)"
20.171.207.231 - - [07/Jul/2025:08:35:20 -0400] "GET /378bce/?action=edit&file=pyclbr.cpython-37.pyc&path=%2F%2Fproc%2Fthread-self%2Froot%2Fopt%2Falt%2Fpython37%2Flib64%2Fpython3.7%2F__pycache__ HTTP/1.1" 200 5985 "-" "Mozilla/5.0 AppleWebKit/537.36 (KHTML, like Gecko; compatible; GPTBot/1.2; +https://openai.com/gptbot)"
20.171.207.21 - - [07/Jul/2025:08:35:20 -0400] "GET /378bce/?path=%2F%2Fvar%2Fsoftaculous%2Fqcart%2Fphp53 HTTP/1.1" 200 837 "-" "Mozilla/5.0 AppleWebKit/537.36 (KHTML, like Gecko; compatible; GPTBot/1.2; +https://openai.com/gptbot)"
20.171.207.231 - - [07/Jul/2025:08:35:21 -0400] "GET /378bce/?action=edit&file=heapq.cpython-36.pyc&path=%2F%2Fproc%2Fthread-self%2Froot%2Fopt%2Falt%2Fpython36%2Flib64%2Fpython3.6%2F__pycache__ HTTP/1.1" 200 6826 "-" "Mozilla/5.0 AppleWebKit/537.36 (KHTML, like Gecko; compatible; GPTBot/1.2; +https://openai.com/gptbot)"
136.243.228.195 - - [07/Jul/2025:08:35:22 -0400] "GET /q-~184GJb5gpulMoScaFqf7YOeGPUxh0EWHi49320/ HTTP/1.1" 404 1251 "-" "Mozilla/5.0 (compatible; DataForSeoBot/1.0; +https://dataforseo.com/dataforseo-bot)"
20.171.207.231 - - [07/Jul/2025:08:35:05 -0400] "GET /378bce/?action=edit&file=binhex.cpython-36.pyc&path=%2F%2Fproc%2Fthread-self%2Froot%2Fopt%2Falt%2Fpython36%2Flib64%2Fpython3.6%2F__pycache__ HTTP/1.1" 200 5884 "-" "Mozilla/5.0 AppleWebKit/537.36 (KHTML, like Gecko; compatible; GPTBot/1.2; +https://openai.com/gptbot)"
136.243.228.195 - - [07/Jul/2025:08:35:07 -0400] "GET /q-~175RaP1qwV0wUwGrGIuaH6RZDZCYIalSn47111/ HTTP/1.1" 404 1251 "-" "Mozilla/5.0 (compatible; DataForSeoBot/1.0; +https://dataforseo.com/dataforseo-bot)"
20.171.207.231 - - [07/Jul/2025:08:35:11 -0400] "GET /378bce/?action=edit&file=binhex.cpython-34.pyo&path=%2F%2Fproc%2Fthread-self%2Froot%2Fopt%2Falt%2Fpython34%2Flib64%2Fpython3.4%2F__pycache__ HTTP/1.1" 200 6015 "-" "Mozilla/5.0 AppleWebKit/537.36 (KHTML, like Gecko; compatible; GPTBot/1.2; +https://openai.com/gptbot)"
20.171.207.231 - - [07/Jul/2025:08:35:12 -0400] "GET /378bce/?action=edit&file=chunk.cpython-36.pyc&path=%2F%2Fproc%2Fthread-self%2Froot%2Fopt%2Falt%2Fpython36%2Flib64%2Fpython3.6%2F__pycache__ HTTP/1.1" 200 3014 "-" "Mozilla/5.0 AppleWebKit/537.36 (KHTML, like Gecko; compatible; GPTBot/1.2; +https://openai.com/gptbot)"
20.171.207.21 - - [07/Jul/2025:08:35:13 -0400] "GET /378bce/?path=%2F%2Fvar%2Fsoftaculous%2Fdada HTTP/1.1" 200 1093 "-" "Mozilla/5.0 AppleWebKit/537.36 (KHTML, like Gecko; compatible; GPTBot/1.2; +https://openai.com/gptbot)"
20.171.207.231 - - [07/Jul/2025:08:35:13 -0400] "GET /378bce/?action=edit&file=netrc.cpython-34.pyo&path=%2F%2Fproc%2Fthread-self%2Froot%2Fopt%2Falt%2Fpython34%2Flib64%2Fpython3.4%2F__pycache__ HTTP/1.1" 200 3068 "-" "Mozilla/5.0 AppleWebKit/537.36 (KHTML, like Gecko; compatible; GPTBot/1.2; +https://openai.com/gptbot)"
20.171.207.231 - - [07/Jul/2025:08:35:14 -0400] "GET /378bce/?action=edit&file=sndhdr.cpython-34.pyo&path=%2F%2Fproc%2Fthread-self%2Froot%2Fopt%2Falt%2Fpython34%2Flib64%2Fpython3.4%2F__pycache__ HTTP/1.1" 200 3836 "-" "Mozilla/5.0 AppleWebKit/537.36 (KHTML, like Gecko; compatible; GPTBot/1.2; +https://openai.com/gptbot)"
136.243.228.195 - - [07/Jul/2025:08:35:15 -0400] "GET /q-~3ZjU5tdzPSXuJT42cjIMpnr7qjgxgRs47985/ HTTP/1.1" 404 1251 "-" "Mozilla/5.0 (compatible; DataForSeoBot/1.0; +https://dataforseo.com/dataforseo-bot)"
20.171.207.231 - - [07/Jul/2025:08:35:16 -0400] "GET /378bce/?action=edit&file=codecs.cpython-34.pyo&path=%2F%2Fproc%2Fthread-self%2Froot%2Fopt%2Falt%2Fpython34%2Flib64%2Fpython3.4%2F__pycache__ HTTP/1.1" 200 11592 "-" "Mozilla/5.0 AppleWebKit/537.36 (KHTML, like Gecko; compatible; GPTBot/1.2; +https://openai.com/gptbot)"
20.171.207.21 - - [07/Jul/2025:08:35:18 -0400] "GET /378bce/?path=%2F%2Fvar%2Fsoftaculous%2Frazor HTTP/1.1" 200 1032 "-" "Mozilla/5.0 AppleWebKit/537.36 (KHTML, like Gecko; compatible; GPTBot/1.2; +https://openai.com/gptbot)"
20.171.207.231 - - [07/Jul/2025:08:35:18 -0400] "GET /378bce/?action=edit&file=token.cpython-34.pyo&path=%2F%2Fproc%2Fthread-self%2Froot%2Fopt%2Falt%2Fpython34%2Flib64%2Fpython3.4%2F__pycache__ HTTP/1.1" 200 2726 "-" "Mozilla/5.0 AppleWebKit/537.36 (KHTML, like Gecko; compatible; GPTBot/1.2; +https://openai.com/gptbot)"
136.243.228.195 - - [07/Jul/2025:08:35:18 -0400] "GET /items/qmzsv293/11788?key=vast HTTP/1.1" 404 1251 "-" "Mozilla/5.0 (compatible; DataForSeoBot/1.0; +https://dataforseo.com/dataforseo-bot)"
20.171.207.21 - - [07/Jul/2025:08:35:22 -0400] "GET /378bce/?path=%2F%2Fvar%2Fsoftaculous%2Ffuel HTTP/1.1" 200 924 "-" "Mozilla/5.0 AppleWebKit/537.36 (KHTML, like Gecko; compatible; GPTBot/1.2; +https://openai.com/gptbot)"
20.171.207.231 - - [07/Jul/2025:08:35:22 -0400] "GET /378bce/?action=edit&file=xdrlib.cpython-37.pyc&path=%2F%2Fproc%2Fthread-self%2Froot%2Fopt%2Falt%2Fpython37%2Flib64%2Fpython3.7%2F__pycache__ HTTP/1.1" 200 3849 "-" "Mozilla/5.0 AppleWebKit/537.36 (KHTML, like Gecko; compatible; GPTBot/1.2; +https://openai.com/gptbot)"
20.171.207.21 - - [07/Jul/2025:08:35:23 -0400] "GET /378bce/?path=%2F%2Fvar%2Fsoftaculous%2Fcake HTTP/1.1" 200 992 "-" "Mozilla/5.0 AppleWebKit/537.36 (KHTML, like Gecko; compatible; GPTBot/1.2; +https://openai.com/gptbot)"
20.171.207.231 - - [07/Jul/2025:08:35:24 -0400] "GET /378bce/?action=edit&file=shlex.cpython-34.pyc&path=%2F%2Fproc%2Fthread-self%2Froot%2Fopt%2Falt%2Fpython34%2Flib64%2Fpython3.4%2F__pycache__ HTTP/1.1" 200 4378 "-" "Mozilla/5.0 AppleWebKit/537.36 (KHTML, like Gecko; compatible; GPTBot/1.2; +https://openai.com/gptbot)"
20.171.207.231 - - [07/Jul/2025:08:35:25 -0400] "GET /378bce/?action=edit&file=pickle.cpython-34.pyo&path=%2F%2Fproc%2Fthread-self%2Froot%2Fopt%2Falt%2Fpython34%2Flib64%2Fpython3.4%2F__pycache__ HTTP/1.1" 200 17786 "-" "Mozilla/5.0 AppleWebKit/537.36 (KHTML, like Gecko; compatible; GPTBot/1.2; +https://openai.com/gptbot)"
136.243.228.195 - - [07/Jul/2025:08:35:26 -0400] "GET /q-~185ka0cYWRrC4Y0wpPs79YMaFzf77xLVo26821/ HTTP/1.1" 404 1251 "-" "Mozilla/5.0 (compatible; DataForSeoBot/1.0; +https://dataforseo.com/dataforseo-bot)"
20.171.207.21 - - [07/Jul/2025:08:35:26 -0400] "GET /378bce/?path=%2F%2Fvar%2Fsoftaculous%2Ffaveo HTTP/1.1" 200 1035 "-" "Mozilla/5.0 AppleWebKit/537.36 (KHTML, like Gecko; compatible; GPTBot/1.2; +https://openai.com/gptbot)"
20.171.207.231 - - [07/Jul/2025:08:35:27 -0400] "GET /378bce/?action=edit&file=binhex.cpython-37.pyc&path=%2F%2Fproc%2Fthread-self%2Froot%2Fopt%2Falt%2Fpython37%2Flib64%2Fpython3.7%2F__pycache__ HTTP/1.1" 200 5867 "-" "Mozilla/5.0 AppleWebKit/537.36 (KHTML, like Gecko; compatible; GPTBot/1.2; +https://openai.com/gptbot)"
20.171.207.21 - - [07/Jul/2025:08:35:27 -0400] "GET /378bce/?path=%2F%2Fvar%2Fsoftaculous%2Frealestate HTTP/1.1" 200 1089 "-" "Mozilla/5.0 AppleWebKit/537.36 (KHTML, like Gecko; compatible; GPTBot/1.2; +https://openai.com/gptbot)"
20.171.207.231 - - [07/Jul/2025:08:35:28 -0400] "GET /378bce/?action=edit&file=crypt.cpython-34.pyc&path=%2F%2Fproc%2Fthread-self%2Froot%2Fopt%2Falt%2Fpython34%2Flib64%2Fpython3.4%2F__pycache__ HTTP/1.1" 200 2040 "-" "Mozilla/5.0 AppleWebKit/537.36 (KHTML, like Gecko; compatible; GPTBot/1.2; +https://openai.com/gptbot)"
74.125.217.6 - - [07/Jul/2025:08:35:28 -0400] "GET /apple-app-site-association HTTP/1.1" 404 1251 "-" "Mozilla/5.0 (Linux; Android 6.0.1; Nexus 5X Build/MMB29P) AppleWebKit/537.36 (KHTML, like Gecko) Chrome/137.0.7151.103 Mobile Safari/537.36 (compatible; AdsBot-Google-Mobile; +http://www.google.com/mobile/adsbot.html)"
20.171.207.231 - - [07/Jul/2025:08:35:30 -0400] "GET /378bce/?action=edit&file=string.cpython-38.pyc&path=%2F%2Fproc%2Fthread-self%2Froot%2Fopt%2Falt%2Fpython38%2Flib64%2Fpython3.8%2F__pycache__ HTTP/1.1" 200 4377 "-" "Mozilla/5.0 AppleWebKit/537.36 (KHTML, like Gecko; compatible; GPTBot/1.2; +https://openai.com/gptbot)"
20.171.207.231 - - [07/Jul/2025:08:35:32 -0400] "GET /378bce/?action=edit&file=pstats.cpython-38.pyc&path=%2F%2Fproc%2Fthread-self%2Froot%2Fopt%2Falt%2Fpython38%2Flib64%2Fpython3.8%2F__pycache__ HTTP/1.1" 200 10711 "-" "Mozilla/5.0 AppleWebKit/537.36 (KHTML, like Gecko; compatible; GPTBot/1.2; +https://openai.com/gptbot)"
20.171.207.21 - - [07/Jul/2025:08:35:32 -0400] "GET /378bce/?path=%2F%2Fvar%2Fsoftaculous%2Frealestate HTTP/1.1" 200 1089 "-" "Mozilla/5.0 AppleWebKit/537.36 (KHTML, like Gecko; compatible; GPTBot/1.2; +https://openai.com/gptbot)"
20.171.207.231 - - [07/Jul/2025:08:35:33 -0400] "GET /378bce/?action=edit&file=cgitb.cpython-34.pyc&path=%2F%2Fproc%2Fthread-self%2Froot%2Fopt%2Falt%2Fpython34%2Flib64%2Fpython3.4%2F__pycache__ HTTP/1.1" 200 6193 "-" "Mozilla/5.0 AppleWebKit/537.36 (KHTML, like Gecko; compatible; GPTBot/1.2; +https://openai.com/gptbot)"
20.171.207.231 - - [07/Jul/2025:08:35:34 -0400] "GET /378bce/?action=edit&file=smtpd.cpython-34.pyo&path=%2F%2Fproc%2Fthread-self%2Froot%2Fopt%2Falt%2Fpython34%2Flib64%2Fpython3.4%2F__pycache__ HTTP/1.1" 200 10743 "-" "Mozilla/5.0 AppleWebKit/537.36 (KHTML, like Gecko; compatible; GPTBot/1.2; +https://openai.com/gptbot)"
20.171.207.21 - - [07/Jul/2025:08:35:34 -0400] "GET /378bce/?path=%2F%2Fvar%2Fsoftaculous%2Fcotonti HTTP/1.1" 200 1055 "-" "Mozilla/5.0 AppleWebKit/537.36 (KHTML, like Gecko; compatible; GPTBot/1.2; +https://openai.com/gptbot)"
20.171.207.21 - - [07/Jul/2025:08:35:24 -0400] "GET /378bce/?path=%2F%2Fvar%2Fsoftaculous%2Fricar HTTP/1.1" 200 1026 "-" "Mozilla/5.0 AppleWebKit/537.36 (KHTML, like Gecko; compatible; GPTBot/1.2; +https://openai.com/gptbot)"
20.171.207.21 - - [07/Jul/2025:08:35:25 -0400] "GET /378bce/?path=%2F%2Fvar%2Fsoftaculous%2Fphpbb HTTP/1.1" 200 1112 "-" "Mozilla/5.0 AppleWebKit/537.36 (KHTML, like Gecko; compatible; GPTBot/1.2; +https://openai.com/gptbot)"
20.171.207.231 - - [07/Jul/2025:08:35:26 -0400] "GET /378bce/?action=edit&file=types.cpython-37.pyc&path=%2F%2Fproc%2Fthread-self%2Froot%2Fopt%2Falt%2Fpython37%2Flib64%2Fpython3.7%2F__pycache__ HTTP/1.1" 200 4930 "-" "Mozilla/5.0 AppleWebKit/537.36 (KHTML, like Gecko; compatible; GPTBot/1.2; +https://openai.com/gptbot)"
20.171.207.231 - - [07/Jul/2025:08:35:29 -0400] "GET /378bce/?action=edit&file=bisect.cpython-36.pyc&path=%2F%2Fproc%2Fthread-self%2Froot%2Fopt%2Falt%2Fpython36%2Flib64%2Fpython3.6%2F__pycache__ HTTP/1.1" 200 1489 "-" "Mozilla/5.0 AppleWebKit/537.36 (KHTML, like Gecko; compatible; GPTBot/1.2; +https://openai.com/gptbot)"
136.243.228.195 - - [07/Jul/2025:08:35:31 -0400] "GET /q-~129o9wWgogDGzHa2DfMwQT7F5hWY5Cp9d4285/ HTTP/1.1" 404 1251 "-" "Mozilla/5.0 (compatible; DataForSeoBot/1.0; +https://dataforseo.com/dataforseo-bot)"
20.171.207.21 - - [07/Jul/2025:08:35:31 -0400] "GET /378bce/?path=%2F%2Fvar%2Fsoftaculous%2Fdada%2Fphp82 HTTP/1.1" 200 814 "-" "Mozilla/5.0 AppleWebKit/537.36 (KHTML, like Gecko; compatible; GPTBot/1.2; +https://openai.com/gptbot)"
74.125.217.6 - - [07/Jul/2025:08:35:33 -0400] "GET /.well-known/apple-app-site-association HTTP/1.1" 404 1251 "-" "Mozilla/5.0 (Linux; Android 6.0.1; Nexus 5X Build/MMB29P) AppleWebKit/537.36 (KHTML, like Gecko) Chrome/137.0.7151.103 Mobile Safari/537.36 (compatible; AdsBot-Google-Mobile; +http://www.google.com/mobile/adsbot.html)"
20.171.207.21 - - [07/Jul/2025:08:35:33 -0400] "GET /378bce/?path=%2F%2Fvar%2Fsoftaculous%2Frazor%2Fupgrade HTTP/1.1" 200 716 "-" "Mozilla/5.0 AppleWebKit/537.36 (KHTML, like Gecko; compatible; GPTBot/1.2; +https://openai.com/gptbot)"
136.243.228.195 - - [07/Jul/2025:08:35:35 -0400] "GET /q-~191wHlh3Z9QzzLPaO5jRfEIN8i5mB8Ire29231/ HTTP/1.1" 404 1251 "-" "Mozilla/5.0 (compatible; DataForSeoBot/1.0; +https://dataforseo.com/dataforseo-bot)"
20.171.207.231 - - [07/Jul/2025:08:35:36 -0400] "GET /378bce/?action=edit&file=pipes.cpython-34.pyc&path=%2F%2Fproc%2Fthread-self%2Froot%2Fopt%2Falt%2Fpython34%2Flib64%2Fpython3.4%2F__pycache__ HTTP/1.1" 200 4367 "-" "Mozilla/5.0 AppleWebKit/537.36 (KHTML, like Gecko; compatible; GPTBot/1.2; +https://openai.com/gptbot)"
20.171.207.231 - - [07/Jul/2025:08:35:39 -0400] "GET /378bce/?action=edit&file=pstats.cpython-37.pyc&path=%2F%2Fproc%2Fthread-self%2Froot%2Fopt%2Falt%2Fpython37%2Flib64%2Fpython3.7%2F__pycache__ HTTP/1.1" 200 10747 "-" "Mozilla/5.0 AppleWebKit/537.36 (KHTML, like Gecko; compatible; GPTBot/1.2; +https://openai.com/gptbot)"
20.171.207.231 - - [07/Jul/2025:08:35:40 -0400] "GET /378bce/?action=edit&file=token.cpython-34.pyc&path=%2F%2Fproc%2Fthread-self%2Froot%2Fopt%2Falt%2Fpython34%2Flib64%2Fpython3.4%2F__pycache__ HTTP/1.1" 200 2726 "-" "Mozilla/5.0 AppleWebKit/537.36 (KHTML, like Gecko; compatible; GPTBot/1.2; +https://openai.com/gptbot)"
20.171.207.231 - - [07/Jul/2025:08:35:41 -0400] "GET /378bce/?action=edit&file=pydoc.cpython-36.pyc&path=%2F%2Fproc%2Fthread-self%2Froot%2Fopt%2Falt%2Fpython36%2Flib64%2Fpython3.6%2F__pycache__ HTTP/1.1" 200 37281 "-" "Mozilla/5.0 AppleWebKit/537.36 (KHTML, like Gecko; compatible; GPTBot/1.2; +https://openai.com/gptbot)"
66.249.74.5 - - [07/Jul/2025:08:35:41 -0400] "GET /items/jydoe24/34839?key=Islam HTTP/1.1" 404 1251 "-" "Mozilla/5.0 (compatible; Googlebot/2.1; +http://www.google.com/bot.html)"
20.171.207.21 - - [07/Jul/2025:08:35:45 -0400] "GET /378bce/?path=%2F%2Fvar%2Fsoftaculous%2Fqloapps HTTP/1.1" 200 1105 "-" "Mozilla/5.0 AppleWebKit/537.36 (KHTML, like Gecko; compatible; GPTBot/1.2; +https://openai.com/gptbot)"
20.171.207.231 - - [07/Jul/2025:08:35:35 -0400] "GET /378bce/?action=edit&file=struct.cpython-37.pyc&path=%2F%2Fproc%2Fthread-self%2Froot%2Fopt%2Falt%2Fpython37%2Flib64%2Fpython3.7%2F__pycache__ HTTP/1.1" 200 832 "-" "Mozilla/5.0 AppleWebKit/537.36 (KHTML, like Gecko; compatible; GPTBot/1.2; +https://openai.com/gptbot)"
20.171.207.21 - - [07/Jul/2025:08:35:36 -0400] "GET /378bce/?path=%2F%2Fvar%2Fsoftaculous%2Fyourls HTTP/1.1" 200 1133 "-" "Mozilla/5.0 AppleWebKit/537.36 (KHTML, like Gecko; compatible; GPTBot/1.2; +https://openai.com/gptbot)"
20.171.207.21 - - [07/Jul/2025:08:35:37 -0400] "GET /378bce/?path=%2F%2Fvar%2Fsoftaculous%2Fcarbon HTTP/1.1" 200 1005 "-" "Mozilla/5.0 AppleWebKit/537.36 (KHTML, like Gecko; compatible; GPTBot/1.2; +https://openai.com/gptbot)"
20.171.207.231 - - [07/Jul/2025:08:35:37 -0400] "GET /378bce/?action=edit&file=string.cpython-36.pyc&path=%2F%2Fproc%2Fthread-self%2Froot%2Fopt%2Falt%2Fpython36%2Flib64%2Fpython3.6%2F__pycache__ HTTP/1.1" 200 4628 "-" "Mozilla/5.0 AppleWebKit/537.36 (KHTML, like Gecko; compatible; GPTBot/1.2; +https://openai.com/gptbot)"
20.171.207.21 - - [07/Jul/2025:08:35:38 -0400] "GET /378bce/?path=%2F%2Fvar%2Fsoftaculous%2Felkarte HTTP/1.1" 200 1011 "-" "Mozilla/5.0 AppleWebKit/537.36 (KHTML, like Gecko; compatible; GPTBot/1.2; +https://openai.com/gptbot)"
136.243.228.195 - - [07/Jul/2025:08:35:39 -0400] "GET /q-~125bwKVdjtEVkKtM3WQy98ltgsGiG9whZ47437/ HTTP/1.1" 404 1251 "-" "Mozilla/5.0 (compatible; DataForSeoBot/1.0; +https://dataforseo.com/dataforseo-bot)"
20.171.207.21 - - [07/Jul/2025:08:35:41 -0400] "GET /378bce/?path=%2F%2Fvar%2Fsoftaculous%2Fqloapps HTTP/1.1" 200 1105 "-" "Mozilla/5.0 AppleWebKit/537.36 (KHTML, like Gecko; compatible; GPTBot/1.2; +https://openai.com/gptbot)"
20.171.207.231 - - [07/Jul/2025:08:35:42 -0400] "GET /378bce/?action=edit&file=timeit.cpython-38.pyc&path=%2F%2Fproc%2Fthread-self%2Froot%2Fopt%2Falt%2Fpython38%2Flib64%2Fpython3.8%2F__pycache__ HTTP/1.1" 200 6650 "-" "Mozilla/5.0 AppleWebKit/537.36 (KHTML, like Gecko; compatible; GPTBot/1.2; +https://openai.com/gptbot)"
20.171.207.21 - - [07/Jul/2025:08:35:42 -0400] "GET /378bce/?action=edit&file=cotonti.zip&path=%2F%2Fvar%2Fsoftaculous%2Fcotonti HTTP/1.1" 200 2953901 "-" "Mozilla/5.0 AppleWebKit/537.36 (KHTML, like Gecko; compatible; GPTBot/1.2; +https://openai.com/gptbot)"
136.243.228.195 - - [07/Jul/2025:08:35:43 -0400] "GET /q-~150IHowV2Um5OdTcVm4Jr83r53swkfulM37000/ HTTP/1.1" 404 1251 "-" "Mozilla/5.0 (compatible; DataForSeoBot/1.0; +https://dataforseo.com/dataforseo-bot)"
20.171.207.231 - - [07/Jul/2025:08:35:43 -0400] "GET /378bce/?action=edit&file=runpy.cpython-34.pyo&path=%2F%2Fproc%2Fthread-self%2Froot%2Fopt%2Falt%2Fpython34%2Flib64%2Fpython3.4%2F__pycache__ HTTP/1.1" 200 4467 "-" "Mozilla/5.0 AppleWebKit/537.36 (KHTML, like Gecko; compatible; GPTBot/1.2; +https://openai.com/gptbot)"
20.171.207.21 - - [07/Jul/2025:08:35:43 -0400] "GET /378bce/?action=edit&file=md5&path=%2F%2Fvar%2Fsoftaculous%2Frealestate HTTP/1.1" 200 2655 "-" "Mozilla/5.0 AppleWebKit/537.36 (KHTML, like Gecko; compatible; GPTBot/1.2; +https://openai.com/gptbot)"
20.171.207.231 - - [07/Jul/2025:08:35:45 -0400] "GET /378bce/?action=edit&file=smtpd.cpython-36.pyc&path=%2F%2Fproc%2Fthread-self%2Froot%2Fopt%2Falt%2Fpython36%2Flib64%2Fpython3.6%2F__pycache__ HTTP/1.1" 200 11821 "-" "Mozilla/5.0 AppleWebKit/537.36 (KHTML, like Gecko; compatible; GPTBot/1.2; +https://openai.com/gptbot)"
20.171.207.231 - - [07/Jul/2025:08:35:46 -0400] "GET /378bce/?action=edit&file=pydoc.cpython-37.pyc&path=%2F%2Fproc%2Fthread-self%2Froot%2Fopt%2Falt%2Fpython37%2Flib64%2Fpython3.7%2F__pycache__ HTTP/1.1" 200 37479 "-" "Mozilla/5.0 AppleWebKit/537.36 (KHTML, like Gecko; compatible; GPTBot/1.2; +https://openai.com/gptbot)"
20.171.207.21 - - [07/Jul/2025:08:35:46 -0400] "GET /378bce/?path=%2F%2Fvar%2Fsoftaculous%2Flittle HTTP/1.1" 200 971 "-" "Mozilla/5.0 AppleWebKit/537.36 (KHTML, like Gecko; compatible; GPTBot/1.2; +https://openai.com/gptbot)"
20.171.207.231 - - [07/Jul/2025:08:33:50 -0400] "GET /378bce/?action=edit&file=trace.cpython-36.pyc&path=%2F%2Fproc%2Fthread-self%2Froot%2Fopt%2Falt%2Fpython36%2Flib64%2Fpython3.6%2F__pycache__ HTTP/1.1" 200 10238 "-" "Mozilla/5.0 AppleWebKit/537.36 (KHTML, like Gecko; compatible; GPTBot/1.2; +https://openai.com/gptbot)"
20.171.207.231 - - [07/Jul/2025:08:33:51 -0400] "GET /378bce/?action=edit&file=netrc.cpython-36.pyc&path=%2F%2Fproc%2Fthread-self%2Froot%2Fopt%2Falt%2Fpython36%2Flib64%2Fpython3.6%2F__pycache__ HTTP/1.1" 200 3003 "-" "Mozilla/5.0 AppleWebKit/537.36 (KHTML, like Gecko; compatible; GPTBot/1.2; +https://openai.com/gptbot)"
20.171.207.231 - - [07/Jul/2025:08:33:53 -0400] "GET /378bce/?action=edit&file=timeit.cpython-36.pyc&path=%2F%2Fproc%2Fthread-self%2Froot%2Fopt%2Falt%2Fpython36%2Flib64%2Fpython3.6%2F__pycache__ HTTP/1.1" 200 6590 "-" "Mozilla/5.0 AppleWebKit/537.36 (KHTML, like Gecko; compatible; GPTBot/1.2; +https://openai.com/gptbot)"
136.243.228.195 - - [07/Jul/2025:08:33:54 -0400] "GET /q-~93PKOWEu39QPmG26iZBJWo7izLpnZMmO29763/ HTTP/1.1" 404 1251 "-" "Mozilla/5.0 (compatible; DataForSeoBot/1.0; +https://dataforseo.com/dataforseo-bot)"
20.171.207.21 - - [07/Jul/2025:08:33:55 -0400] "GET /378bce/?path=%2F%2Fvar%2Fsoftaculous%2Fmt HTTP/1.1" 200 1163 "-" "Mozilla/5.0 AppleWebKit/537.36 (KHTML, like Gecko; compatible; GPTBot/1.2; +https://openai.com/gptbot)"
20.171.207.21 - - [07/Jul/2025:08:33:57 -0400] "GET /378bce/?path=%2F%2Flib%2Ffirmware%2Fatusb HTTP/1.1" 200 801 "-" "Mozilla/5.0 AppleWebKit/537.36 (KHTML, like Gecko; compatible; GPTBot/1.2; +https://openai.com/gptbot)"
136.243.228.195 - - [07/Jul/2025:08:33:58 -0400] "GET /items/pqpoa215/26688?key=art HTTP/1.1" 404 1251 "-" "Mozilla/5.0 (compatible; DataForSeoBot/1.0; +https://dataforseo.com/dataforseo-bot)"
20.171.207.21 - - [07/Jul/2025:08:33:58 -0400] "GET /378bce/?action=edit&file=info.xml&path=%2F%2Fvar%2Fsoftaculous%2Fdotcl HTTP/1.1" 200 1970 "-" "Mozilla/5.0 AppleWebKit/537.36 (KHTML, like Gecko; compatible; GPTBot/1.2; +https://openai.com/gptbot)"
20.171.207.231 - - [07/Jul/2025:08:33:58 -0400] "GET /378bce/?action=edit&file=poplib.cpython-38.pyc&path=%2F%2Fproc%2Fthread-self%2Froot%2Fopt%2Falt%2Fpython38%2Flib64%2Fpython3.8%2F__pycache__ HTTP/1.1" 200 6999 "-" "Mozilla/5.0 AppleWebKit/537.36 (KHTML, like Gecko; compatible; GPTBot/1.2; +https://openai.com/gptbot)"
20.171.207.21 - - [07/Jul/2025:08:35:47 -0400] "GET /378bce/?path=%2F%2Fvar%2Fsoftaculous%2Fampache HTTP/1.1" 200 1014 "-" "Mozilla/5.0 AppleWebKit/537.36 (KHTML, like Gecko; compatible; GPTBot/1.2; +https://openai.com/gptbot)"
20.171.207.231 - - [07/Jul/2025:08:35:48 -0400] "GET /378bce/?action=edit&file=shelve.cpython-36.pyc&path=%2F%2Fproc%2Fthread-self%2Froot%2Fopt%2Falt%2Fpython36%2Flib64%2Fpython3.6%2F__pycache__ HTTP/1.1" 200 4603 "-" "Mozilla/5.0 AppleWebKit/537.36 (KHTML, like Gecko; compatible; GPTBot/1.2; +https://openai.com/gptbot)"
20.171.207.21 - - [07/Jul/2025:08:35:48 -0400] "GET /378bce/?path=%2F%2Fvar%2Fsoftaculous%2Fobcard HTTP/1.1" 200 1027 "-" "Mozilla/5.0 AppleWebKit/537.36 (KHTML, like Gecko; compatible; GPTBot/1.2; +https://openai.com/gptbot)"
136.243.228.195 - - [07/Jul/2025:08:35:50 -0400] "GET /q-~51CjNdhsZMSbV6hCtVVN8z0sfNO7vsRI16737/ HTTP/1.1" 404 1251 "-" "Mozilla/5.0 (compatible; DataForSeoBot/1.0; +https://dataforseo.com/dataforseo-bot)"
20.171.207.231 - - [07/Jul/2025:08:35:50 -0400] "GET /378bce/?action=edit&file=zipapp.cpython-38.pyc&path=%2F%2Fproc%2Fthread-self%2Froot%2Fopt%2Falt%2Fpython38%2Flib64%2Fpython3.8%2F__pycache__ HTTP/1.1" 200 4007 "-" "Mozilla/5.0 AppleWebKit/537.36 (KHTML, like Gecko; compatible; GPTBot/1.2; +https://openai.com/gptbot)"
20.171.207.231 - - [07/Jul/2025:08:35:51 -0400] "GET /378bce/?action=edit&file=crypt.cpython-37.pyc&path=%2F%2Fproc%2Fthread-self%2Froot%2Fopt%2Falt%2Fpython37%2Flib64%2Fpython3.7%2F__pycache__ HTTP/1.1" 200 2611 "-" "Mozilla/5.0 AppleWebKit/537.36 (KHTML, like Gecko; compatible; GPTBot/1.2; +https://openai.com/gptbot)"
20.171.207.21 - - [07/Jul/2025:08:35:52 -0400] "GET /378bce/?path=%2F%2Fvar%2Fsoftaculous%2Fobcard HTTP/1.1" 200 1027 "-" "Mozilla/5.0 AppleWebKit/537.36 (KHTML, like Gecko; compatible; GPTBot/1.2; +https://openai.com/gptbot)"
20.171.207.231 - - [07/Jul/2025:08:35:53 -0400] "GET /378bce/?action=edit&file=opcode.cpython-36.pyc&path=%2F%2Fproc%2Fthread-self%2Froot%2Fopt%2Falt%2Fpython36%2Flib64%2Fpython3.6%2F__pycache__ HTTP/1.1" 200 3066 "-" "Mozilla/5.0 AppleWebKit/537.36 (KHTML, like Gecko; compatible; GPTBot/1.2; +https://openai.com/gptbot)"
20.171.207.21 - - [07/Jul/2025:08:35:53 -0400] "GET /378bce/?path=%2F%2Fvar%2Fsoftaculous%2Fhumhub HTTP/1.1" 200 1173 "-" "Mozilla/5.0 AppleWebKit/537.36 (KHTML, like Gecko; compatible; GPTBot/1.2; +https://openai.com/gptbot)"
136.243.228.195 - - [07/Jul/2025:08:35:54 -0400] "GET /q-~206xpwKy2gZAjAdkhZVN5zZYXvLUziBKZ27656/ HTTP/1.1" 404 1251 "-" "Mozilla/5.0 (compatible; DataForSeoBot/1.0; +https://dataforseo.com/dataforseo-bot)"
20.171.207.231 - - [07/Jul/2025:08:35:55 -0400] "GET /378bce/?action=edit&file=sndhdr.cpython-34.pyc&path=%2F%2Fproc%2Fthread-self%2Froot%2Fopt%2Falt%2Fpython34%2Flib64%2Fpython3.4%2F__pycache__ HTTP/1.1" 200 3836 "-" "Mozilla/5.0 AppleWebKit/537.36 (KHTML, like Gecko; compatible; GPTBot/1.2; +https://openai.com/gptbot)"
20.171.207.231 - - [07/Jul/2025:08:35:56 -0400] "GET /378bce/?action=edit&file=ntpath.cpython-37.pyc&path=%2F%2Fproc%2Fthread-self%2Froot%2Fopt%2Falt%2Fpython37%2Flib64%2Fpython3.7%2F__pycache__ HTTP/1.1" 200 7142 "-" "Mozilla/5.0 AppleWebKit/537.36 (KHTML, like Gecko; compatible; GPTBot/1.2; +https://openai.com/gptbot)"
20.171.207.231 - - [07/Jul/2025:08:35:58 -0400] "GET /378bce/?action=edit&file=codeop.cpython-34.pyo&path=%2F%2Fproc%2Fthread-self%2Froot%2Fopt%2Falt%2Fpython34%2Flib64%2Fpython3.4%2F__pycache__ HTTP/1.1" 200 3243 "-" "Mozilla/5.0 AppleWebKit/537.36 (KHTML, like Gecko; compatible; GPTBot/1.2; +https://openai.com/gptbot)"
20.171.207.231 - - [07/Jul/2025:08:35:59 -0400] "GET /378bce/?action=edit&file=codeop.cpython-38.pyc&path=%2F%2Fproc%2Fthread-self%2Froot%2Fopt%2Falt%2Fpython38%2Flib64%2Fpython3.8%2F__pycache__ HTTP/1.1" 200 3324 "-" "Mozilla/5.0 AppleWebKit/537.36 (KHTML, like Gecko; compatible; GPTBot/1.2; +https://openai.com/gptbot)"
136.243.228.195 - - [07/Jul/2025:08:35:46 -0400] "GET /items/djjkw15/27408?key=above HTTP/1.1" 404 1251 "-" "Mozilla/5.0 (compatible; DataForSeoBot/1.0; +https://dataforseo.com/dataforseo-bot)"
20.171.207.231 - - [07/Jul/2025:08:35:47 -0400] "GET /378bce/?action=edit&file=random.cpython-36.pyc&path=%2F%2Fproc%2Fthread-self%2Froot%2Fopt%2Falt%2Fpython36%2Flib64%2Fpython3.6%2F__pycache__ HTTP/1.1" 200 9879 "-" "Mozilla/5.0 AppleWebKit/537.36 (KHTML, like Gecko; compatible; GPTBot/1.2; +https://openai.com/gptbot)"
20.171.207.231 - - [07/Jul/2025:08:35:49 -0400] "GET /378bce/?action=edit&file=heapq.cpython-38.pyc&path=%2F%2Fproc%2Fthread-self%2Froot%2Fopt%2Falt%2Fpython38%2Flib64%2Fpython3.8%2F__pycache__ HTTP/1.1" 200 6758 "-" "Mozilla/5.0 AppleWebKit/537.36 (KHTML, like Gecko; compatible; GPTBot/1.2; +https://openai.com/gptbot)"
20.171.207.21 - - [07/Jul/2025:08:35:51 -0400] "GET /378bce/?path=%2F%2Fvar%2Fsoftaculous%2Fnucleus HTTP/1.1" 200 1036 "-" "Mozilla/5.0 AppleWebKit/537.36 (KHTML, like Gecko; compatible; GPTBot/1.2; +https://openai.com/gptbot)"
20.171.207.231 - - [07/Jul/2025:08:35:54 -0400] "GET /378bce/?action=edit&file=xdrlib.cpython-36.pyc&path=%2F%2Fproc%2Fthread-self%2Froot%2Fopt%2Falt%2Fpython36%2Flib64%2Fpython3.6%2F__pycache__ HTTP/1.1" 200 3781 "-" "Mozilla/5.0 AppleWebKit/537.36 (KHTML, like Gecko; compatible; GPTBot/1.2; +https://openai.com/gptbot)"
20.171.207.21 - - [07/Jul/2025:08:35:54 -0400] "GET /378bce/?path=%2F%2Fvar%2Fsoftaculous%2Fnucleus HTTP/1.1" 200 1036 "-" "Mozilla/5.0 AppleWebKit/537.36 (KHTML, like Gecko; compatible; GPTBot/1.2; +https://openai.com/gptbot)"
20.171.207.21 - - [07/Jul/2025:08:35:56 -0400] "GET /378bce/?path=%2F%2Fvar%2Fsoftaculous%2Fcotonti HTTP/1.1" 200 1055 "-" "Mozilla/5.0 AppleWebKit/537.36 (KHTML, like Gecko; compatible; GPTBot/1.2; +https://openai.com/gptbot)"
20.171.207.21 - - [07/Jul/2025:08:35:57 -0400] "GET /378bce/?path=%2F%2Fvar%2Fsoftaculous%2Flittle HTTP/1.1" 200 971 "-" "Mozilla/5.0 AppleWebKit/537.36 (KHTML, like Gecko; compatible; GPTBot/1.2; +https://openai.com/gptbot)"
20.171.207.231 - - [07/Jul/2025:08:35:57 -0400] "GET /378bce/?action=edit&file=_pyio.cpython-38.pyc&path=%2F%2Fproc%2Fthread-self%2Froot%2Fopt%2Falt%2Fpython38%2Flib64%2Fpython3.8%2F__pycache__ HTTP/1.1" 200 28107 "-" "Mozilla/5.0 AppleWebKit/537.36 (KHTML, like Gecko; compatible; GPTBot/1.2; +https://openai.com/gptbot)"
20.171.207.21 - - [07/Jul/2025:08:35:58 -0400] "GET /378bce/?path=%2F%2Fvar%2Fsoftaculous%2Fcarbon HTTP/1.1" 200 1005 "-" "Mozilla/5.0 AppleWebKit/537.36 (KHTML, like Gecko; compatible; GPTBot/1.2; +https://openai.com/gptbot)"
136.243.228.195 - - [07/Jul/2025:08:35:59 -0400] "GET /q-~253ab7l3cDXfUnQwkWHZNfDJ3Vbv1fWGn5171/ HTTP/1.1" 404 1251 "-" "Mozilla/5.0 (compatible; DataForSeoBot/1.0; +https://dataforseo.com/dataforseo-bot)"
20.171.207.231 - - [07/Jul/2025:08:36:01 -0400] "GET /378bce/?action=edit&file=_pyio.cpython-34.pyo&path=%2F%2Fproc%2Fthread-self%2Froot%2Fopt%2Falt%2Fpython34%2Flib64%2Fpython3.4%2F__pycache__ HTTP/1.1" 200 23196 "-" "Mozilla/5.0 AppleWebKit/537.36 (KHTML, like Gecko; compatible; GPTBot/1.2; +https://openai.com/gptbot)"
20.171.207.231 - - [07/Jul/2025:08:36:02 -0400] "GET /378bce/?action=edit&file=codeop.cpython-36.pyc&path=%2F%2Fproc%2Fthread-self%2Froot%2Fopt%2Falt%2Fpython36%2Flib64%2Fpython3.6%2F__pycache__ HTTP/1.1" 200 3214 "-" "Mozilla/5.0 AppleWebKit/537.36 (KHTML, like Gecko; compatible; GPTBot/1.2; +https://openai.com/gptbot)"
20.171.207.231 - - [07/Jul/2025:08:36:05 -0400] "GET /378bce/?action=edit&file=_pyio.cpython-34.pyc&path=%2F%2Fproc%2Fthread-self%2Froot%2Fopt%2Falt%2Fpython34%2Flib64%2Fpython3.4%2F__pycache__ HTTP/1.1" 200 23214 "-" "Mozilla/5.0 AppleWebKit/537.36 (KHTML, like Gecko; compatible; GPTBot/1.2; +https://openai.com/gptbot)"
20.171.207.21 - - [07/Jul/2025:08:36:06 -0400] "GET /378bce/?path=%2F%2Fvar%2Fsoftaculous%2Fadvpoll HTTP/1.1" 200 1041 "-" "Mozilla/5.0 AppleWebKit/537.36 (KHTML, like Gecko; compatible; GPTBot/1.2; +https://openai.com/gptbot)"
20.171.207.21 - - [07/Jul/2025:08:36:02 -0400] "GET /378bce/?path=%2F%2Fvar%2Fsoftaculous%2Flittle%2Fphp81 HTTP/1.1" 200 813 "-" "Mozilla/5.0 AppleWebKit/537.36 (KHTML, like Gecko; compatible; GPTBot/1.2; +https://openai.com/gptbot)"
136.243.228.195 - - [07/Jul/2025:08:36:02 -0400] "GET /q-~162JHOMRhbjBtcQ71BKekw7zwDaaoxSvc10132/ HTTP/1.1" 404 1251 "-" "Mozilla/5.0 (compatible; DataForSeoBot/1.0; +https://dataforseo.com/dataforseo-bot)"
20.171.207.231 - - [07/Jul/2025:08:36:03 -0400] "GET /378bce/?action=edit&file=shlex.cpython-36.pyc&path=%2F%2Fproc%2Fthread-self%2Froot%2Fopt%2Falt%2Fpython36%2Flib64%2Fpython3.6%2F__pycache__ HTTP/1.1" 200 4443 "-" "Mozilla/5.0 AppleWebKit/537.36 (KHTML, like Gecko; compatible; GPTBot/1.2; +https://openai.com/gptbot)"
20.171.207.21 - - [07/Jul/2025:08:36:03 -0400] "GET /378bce/?action=edit&file=clone.php&path=%2F%2Fvar%2Fsoftaculous%2Fobcard HTTP/1.1" 200 3543 "-" "Mozilla/5.0 AppleWebKit/537.36 (KHTML, like Gecko; compatible; GPTBot/1.2; +https://openai.com/gptbot)"
20.171.207.231 - - [07/Jul/2025:08:36:04 -0400] "GET /378bce/?action=edit&file=timeit.cpython-34.pyc&path=%2F%2Fproc%2Fthread-self%2Froot%2Fopt%2Falt%2Fpython34%2Flib64%2Fpython3.4%2F__pycache__ HTTP/1.1" 200 6003 "-" "Mozilla/5.0 AppleWebKit/537.36 (KHTML, like Gecko; compatible; GPTBot/1.2; +https://openai.com/gptbot)"
20.171.207.21 - - [07/Jul/2025:08:36:05 -0400] "GET /378bce/?path=%2F%2Fvar%2Fsoftaculous%2Fanchor HTTP/1.1" 200 1046 "-" "Mozilla/5.0 AppleWebKit/537.36 (KHTML, like Gecko; compatible; GPTBot/1.2; +https://openai.com/gptbot)"
20.171.207.231 - - [07/Jul/2025:08:36:06 -0400] "GET /378bce/?action=edit&file=sunau.cpython-34.pyc&path=%2F%2Fproc%2Fthread-self%2Froot%2Fopt%2Falt%2Fpython34%2Flib64%2Fpython3.4%2F__pycache__ HTTP/1.1" 200 6980 "-" "Mozilla/5.0 AppleWebKit/537.36 (KHTML, like Gecko; compatible; GPTBot/1.2; +https://openai.com/gptbot)"
20.171.207.21 - - [07/Jul/2025:08:36:07 -0400] "GET /378bce/?path=%2F%2Fvar%2Fsoftaculous%2Felkarte HTTP/1.1" 200 1011 "-" "Mozilla/5.0 AppleWebKit/537.36 (KHTML, like Gecko; compatible; GPTBot/1.2; +https://openai.com/gptbot)"
20.171.207.231 - - [07/Jul/2025:08:36:07 -0400] "GET /378bce/?action=edit&file=socket.cpython-36.pyc&path=%2F%2Fproc%2Fthread-self%2Froot%2Fopt%2Falt%2Fpython36%2Flib64%2Fpython3.6%2F__pycache__ HTTP/1.1" 200 10618 "-" "Mozilla/5.0 AppleWebKit/537.36 (KHTML, like Gecko; compatible; GPTBot/1.2; +https://openai.com/gptbot)"
20.171.207.231 - - [07/Jul/2025:08:36:09 -0400] "GET /378bce/?action=edit&file=runpy.cpython-37.pyc&path=%2F%2Fproc%2Fthread-self%2Froot%2Fopt%2Falt%2Fpython37%2Flib64%2Fpython3.7%2F__pycache__ HTTP/1.1" 200 4805 "-" "Mozilla/5.0 AppleWebKit/537.36 (KHTML, like Gecko; compatible; GPTBot/1.2; +https://openai.com/gptbot)"
20.171.207.231 - - [07/Jul/2025:08:36:12 -0400] "GET /378bce/?action=edit&file=chunk.cpython-34.pyo&path=%2F%2Fproc%2Fthread-self%2Froot%2Fopt%2Falt%2Fpython34%2Flib64%2Fpython3.4%2F__pycache__ HTTP/1.1" 200 3079 "-" "Mozilla/5.0 AppleWebKit/537.36 (KHTML, like Gecko; compatible; GPTBot/1.2; +https://openai.com/gptbot)"
20.171.207.21 - - [07/Jul/2025:08:36:15 -0400] "GET /378bce/?path=%2F%2Fvar%2Fsoftaculous%2Fcrafty HTTP/1.1" 200 1037 "-" "Mozilla/5.0 AppleWebKit/537.36 (KHTML, like Gecko; compatible; GPTBot/1.2; +https://openai.com/gptbot)"
20.171.207.231 - - [07/Jul/2025:08:36:15 -0400] "GET /378bce/?action=edit&file=getopt.cpython-34.pyc&path=%2F%2Fproc%2Fthread-self%2Froot%2Fopt%2Falt%2Fpython34%2Flib64%2Fpython3.4%2F__pycache__ HTTP/1.1" 200 3897 "-" "Mozilla/5.0 AppleWebKit/537.36 (KHTML, like Gecko; compatible; GPTBot/1.2; +https://openai.com/gptbot)"
20.171.207.21 - - [07/Jul/2025:08:36:16 -0400] "GET /378bce/?path=%2F%2Fvar%2Fsoftaculous%2Fyourls HTTP/1.1" 200 1133 "-" "Mozilla/5.0 AppleWebKit/537.36 (KHTML, like Gecko; compatible; GPTBot/1.2; +https://openai.com/gptbot)"
136.243.228.195 - - [07/Jul/2025:08:36:06 -0400] "GET /items/devru197/23398?key=mere HTTP/1.1" 404 1251 "-" "Mozilla/5.0 (compatible; DataForSeoBot/1.0; +https://dataforseo.com/dataforseo-bot)"
20.171.207.21 - - [07/Jul/2025:08:36:08 -0400] "GET /378bce/?path=%2F%2Fvar%2Fsoftaculous%2Fadvpoll HTTP/1.1" 200 1041 "-" "Mozilla/5.0 AppleWebKit/537.36 (KHTML, like Gecko; compatible; GPTBot/1.2; +https://openai.com/gptbot)"
20.171.207.21 - - [07/Jul/2025:08:36:09 -0400] "GET /378bce/?path=%2F%2Fvar%2Fsoftaculous%2Fampache HTTP/1.1" 200 1014 "-" "Mozilla/5.0 AppleWebKit/537.36 (KHTML, like Gecko; compatible; GPTBot/1.2; +https://openai.com/gptbot)"
20.171.207.231 - - [07/Jul/2025:08:36:10 -0400] "GET /378bce/?action=edit&file=getopt.cpython-34.pyo&path=%2F%2Fproc%2Fthread-self%2Froot%2Fopt%2Falt%2Fpython34%2Flib64%2Fpython3.4%2F__pycache__ HTTP/1.1" 200 3880 "-" "Mozilla/5.0 AppleWebKit/537.36 (KHTML, like Gecko; compatible; GPTBot/1.2; +https://openai.com/gptbot)"
136.243.228.195 - - [07/Jul/2025:08:36:11 -0400] "GET /items/ntjke243/46908?key=cake HTTP/1.1" 404 1251 "-" "Mozilla/5.0 (compatible; DataForSeoBot/1.0; +https://dataforseo.com/dataforseo-bot)"
20.171.207.231 - - [07/Jul/2025:08:36:11 -0400] "GET /378bce/?action=edit&file=types.cpython-36.pyc&path=%2F%2Fproc%2Fthread-self%2Froot%2Fopt%2Falt%2Fpython36%2Flib64%2Fpython3.6%2F__pycache__ HTTP/1.1" 200 4512 "-" "Mozilla/5.0 AppleWebKit/537.36 (KHTML, like Gecko; compatible; GPTBot/1.2; +https://openai.com/gptbot)"
20.171.207.21 - - [07/Jul/2025:08:36:13 -0400] "GET /378bce/?path=%2F%2Fvar%2Fsoftaculous%2Fanchor HTTP/1.1" 200 1046 "-" "Mozilla/5.0 AppleWebKit/537.36 (KHTML, like Gecko; compatible; GPTBot/1.2; +https://openai.com/gptbot)"
20.171.207.231 - - [07/Jul/2025:08:36:13 -0400] "GET /378bce/?action=edit&file=cgitb.cpython-37.pyc&path=%2F%2Fproc%2Fthread-self%2Froot%2Fopt%2Falt%2Fpython37%2Flib64%2Fpython3.7%2F__pycache__ HTTP/1.1" 200 6041 "-" "Mozilla/5.0 AppleWebKit/537.36 (KHTML, like Gecko; compatible; GPTBot/1.2; +https://openai.com/gptbot)"
20.171.207.21 - - [07/Jul/2025:08:36:14 -0400] "GET /378bce/?path=%2F%2Fvar%2Fsoftaculous%2Fcrafty HTTP/1.1" 200 1037 "-" "Mozilla/5.0 AppleWebKit/537.36 (KHTML, like Gecko; compatible; GPTBot/1.2; +https://openai.com/gptbot)"
136.243.228.195 - - [07/Jul/2025:08:36:14 -0400] "GET /items/cfxyt108/36167?key=library HTTP/1.1" 404 1251 "-" "Mozilla/5.0 (compatible; DataForSeoBot/1.0; +https://dataforseo.com/dataforseo-bot)"
20.171.207.231 - - [07/Jul/2025:08:36:14 -0400] "GET /378bce/?action=edit&file=struct.cpython-38.pyc&path=%2F%2Fproc%2Fthread-self%2Froot%2Fopt%2Falt%2Fpython38%2Flib64%2Fpython3.8%2F__pycache__ HTTP/1.1" 200 837 "-" "Mozilla/5.0 AppleWebKit/537.36 (KHTML, like Gecko; compatible; GPTBot/1.2; +https://openai.com/gptbot)"
20.171.207.21 - - [07/Jul/2025:08:36:17 -0400] "GET /378bce/?path=%2F%2Fvar%2Fsoftaculous%2Fhumhub HTTP/1.1" 200 1173 "-" "Mozilla/5.0 AppleWebKit/537.36 (KHTML, like Gecko; compatible; GPTBot/1.2; +https://openai.com/gptbot)"
20.171.207.231 - - [07/Jul/2025:08:36:18 -0400] "GET /378bce/?action=edit&file=opcode.cpython-38.pyc&path=%2F%2Fproc%2Fthread-self%2Froot%2Fopt%2Falt%2Fpython38%2Flib64%2Fpython3.8%2F__pycache__ HTTP/1.1" 200 3044 "-" "Mozilla/5.0 AppleWebKit/537.36 (KHTML, like Gecko; compatible; GPTBot/1.2; +https://openai.com/gptbot)"
20.171.207.21 - - [07/Jul/2025:08:36:18 -0400] "GET /378bce/?path=%2F%2Fvar%2Fsoftaculous%2Flivesite HTTP/1.1" 200 1009 "-" "Mozilla/5.0 AppleWebKit/537.36 (KHTML, like Gecko; compatible; GPTBot/1.2; +https://openai.com/gptbot)"
20.171.207.231 - - [07/Jul/2025:08:36:19 -0400] "GET /378bce/?action=edit&file=xdrlib.cpython-38.pyc&path=%2F%2Fproc%2Fthread-self%2Froot%2Fopt%2Falt%2Fpython38%2Flib64%2Fpython3.8%2F__pycache__ HTTP/1.1" 200 3830 "-" "Mozilla/5.0 AppleWebKit/537.36 (KHTML, like Gecko; compatible; GPTBot/1.2; +https://openai.com/gptbot)"
20.171.207.231 - - [07/Jul/2025:08:36:17 -0400] "GET /378bce/?action=edit&file=symbol.cpython-36.pyc&path=%2F%2Fproc%2Fthread-self%2Froot%2Fopt%2Falt%2Fpython36%2Flib64%2Fpython3.6%2F__pycache__ HTTP/1.1" 200 2126 "-" "Mozilla/5.0 AppleWebKit/537.36 (KHTML, like Gecko; compatible; GPTBot/1.2; +https://openai.com/gptbot)"
136.243.228.195 - - [07/Jul/2025:08:36:18 -0400] "GET /q-~270fJmupMlCZ0N3opQHw6TwlkJfx14ggx31410/ HTTP/1.1" 404 1251 "-" "Mozilla/5.0 (compatible; DataForSeoBot/1.0; +https://dataforseo.com/dataforseo-bot)"
20.171.207.21 - - [07/Jul/2025:08:36:20 -0400] "GET /378bce/?path=%2F%2Fvar%2Fsoftaculous%2Feasyapmt HTTP/1.1" 200 1058 "-" "Mozilla/5.0 AppleWebKit/537.36 (KHTML, like Gecko; compatible; GPTBot/1.2; +https://openai.com/gptbot)"
136.243.228.195 - - [07/Jul/2025:08:36:23 -0400] "GET /q-~57ogKAkeuB9KZRmQn9U41TY5fTvPia8A16123/ HTTP/1.1" 404 1251 "-" "Mozilla/5.0 (compatible; DataForSeoBot/1.0; +https://dataforseo.com/dataforseo-bot)"
20.171.207.231 - - [07/Jul/2025:08:36:24 -0400] "GET /378bce/?action=edit&file=smtpd.cpython-38.pyc&path=%2F%2Fproc%2Fthread-self%2Froot%2Fopt%2Falt%2Fpython38%2Flib64%2Fpython3.8%2F__pycache__ HTTP/1.1" 200 11869 "-" "Mozilla/5.0 AppleWebKit/537.36 (KHTML, like Gecko; compatible; GPTBot/1.2; +https://openai.com/gptbot)"
20.171.207.21 - - [07/Jul/2025:08:36:25 -0400] "GET /378bce/?path=%2F%2Fvar%2Fsoftaculous%2Feventsch HTTP/1.1" 200 1066 "-" "Mozilla/5.0 AppleWebKit/537.36 (KHTML, like Gecko; compatible; GPTBot/1.2; +https://openai.com/gptbot)"
20.171.207.231 - - [07/Jul/2025:08:36:26 -0400] "GET /378bce/?action=edit&file=codecs.cpython-37.pyc&path=%2F%2Fproc%2Fthread-self%2Froot%2Fopt%2Falt%2Fpython37%2Flib64%2Fpython3.7%2F__pycache__ HTTP/1.1" 200 11468 "-" "Mozilla/5.0 AppleWebKit/537.36 (KHTML, like Gecko; compatible; GPTBot/1.2; +https://openai.com/gptbot)"
136.243.228.195 - - [07/Jul/2025:08:36:26 -0400] "GET /q-~252sKqZhGBwsVoRLrG1ZJnUmS8ls5ozFX35356/ HTTP/1.1" 404 1251 "-" "Mozilla/5.0 (compatible; DataForSeoBot/1.0; +https://dataforseo.com/dataforseo-bot)"
20.171.207.21 - - [07/Jul/2025:08:36:27 -0400] "GET /378bce/?path=%2F%2Fvar%2Fsoftaculous%2Felkarte%2Fphp81 HTTP/1.1" 200 844 "-" "Mozilla/5.0 AppleWebKit/537.36 (KHTML, like Gecko; compatible; GPTBot/1.2; +https://openai.com/gptbot)"
20.171.207.231 - - [07/Jul/2025:08:36:27 -0400] "GET /378bce/?action=edit&file=binhex.cpython-34.pyc&path=%2F%2Fproc%2Fthread-self%2Froot%2Fopt%2Falt%2Fpython34%2Flib64%2Fpython3.4%2F__pycache__ HTTP/1.1" 200 6015 "-" "Mozilla/5.0 AppleWebKit/537.36 (KHTML, like Gecko; compatible; GPTBot/1.2; +https://openai.com/gptbot)"
20.171.207.21 - - [07/Jul/2025:08:36:28 -0400] "GET /378bce/?path=%2F%2Fvar%2Fsoftaculous%2Flivesite HTTP/1.1" 200 1009 "-" "Mozilla/5.0 AppleWebKit/537.36 (KHTML, like Gecko; compatible; GPTBot/1.2; +https://openai.com/gptbot)"
20.171.207.231 - - [07/Jul/2025:08:36:28 -0400] "GET /378bce/?action=edit&file=ntpath.cpython-34.pyo&path=%2F%2Fproc%2Fthread-self%2Froot%2Fopt%2Falt%2Fpython34%2Flib64%2Fpython3.4%2F__pycache__ HTTP/1.1" 200 6798 "-" "Mozilla/5.0 AppleWebKit/537.36 (KHTML, like Gecko; compatible; GPTBot/1.2; +https://openai.com/gptbot)"
20.171.207.21 - - [07/Jul/2025:08:36:29 -0400] "GET /378bce/?path=%2F%2Fvar%2Fsoftaculous%2Feasyapmt HTTP/1.1" 200 1058 "-" "Mozilla/5.0 AppleWebKit/537.36 (KHTML, like Gecko; compatible; GPTBot/1.2; +https://openai.com/gptbot)"
20.171.207.231 - - [07/Jul/2025:08:36:29 -0400] "GET /378bce/?action=edit&file=shelve.cpython-38.pyc&path=%2F%2Fproc%2Fthread-self%2Froot%2Fopt%2Falt%2Fpython38%2Flib64%2Fpython3.8%2F__pycache__ HTTP/1.1" 200 4613 "-" "Mozilla/5.0 AppleWebKit/537.36 (KHTML, like Gecko; compatible; GPTBot/1.2; +https://openai.com/gptbot)"
20.171.207.21 - - [07/Jul/2025:08:36:30 -0400] "GET /378bce/?path=%2F%2Fvar%2Fsoftaculous%2Fprecurio HTTP/1.1" 200 1046 "-" "Mozilla/5.0 AppleWebKit/537.36 (KHTML, like Gecko; compatible; GPTBot/1.2; +https://openai.com/gptbot)"
20.171.207.231 - - [07/Jul/2025:08:36:20 -0400] "GET /378bce/?action=edit&file=signal.cpython-37.pyc&path=%2F%2Fproc%2Fthread-self%2Froot%2Fopt%2Falt%2Fpython37%2Flib64%2Fpython3.7%2F__pycache__ HTTP/1.1" 200 1838 "-" "Mozilla/5.0 AppleWebKit/537.36 (KHTML, like Gecko; compatible; GPTBot/1.2; +https://openai.com/gptbot)"
20.171.207.231 - - [07/Jul/2025:08:36:21 -0400] "GET /378bce/?action=edit&file=pprint.cpython-38.pyc&path=%2F%2Fproc%2Fthread-self%2Froot%2Fopt%2Falt%2Fpython38%2Flib64%2Fpython3.8%2F__pycache__ HTTP/1.1" 200 7895 "-" "Mozilla/5.0 AppleWebKit/537.36 (KHTML, like Gecko; compatible; GPTBot/1.2; +https://openai.com/gptbot)"
20.171.207.231 - - [07/Jul/2025:08:36:22 -0400] "GET /378bce/?action=edit&file=opcode.cpython-37.pyc&path=%2F%2Fproc%2Fthread-self%2Froot%2Fopt%2Falt%2Fpython37%2Flib64%2Fpython3.7%2F__pycache__ HTTP/1.1" 200 3031 "-" "Mozilla/5.0 AppleWebKit/537.36 (KHTML, like Gecko; compatible; GPTBot/1.2; +https://openai.com/gptbot)"
20.171.207.21 - - [07/Jul/2025:08:36:24 -0400] "GET /378bce/?path=%2F%2Fvar%2Fsoftaculous%2Feventsch HTTP/1.1" 200 1066 "-" "Mozilla/5.0 AppleWebKit/537.36 (KHTML, like Gecko; compatible; GPTBot/1.2; +https://openai.com/gptbot)"
20.171.207.231 - - [07/Jul/2025:08:36:25 -0400] "GET /378bce/?action=edit&file=random.cpython-37.pyc&path=%2F%2Fproc%2Fthread-self%2Froot%2Fopt%2Falt%2Fpython37%2Flib64%2Fpython3.7%2F__pycache__ HTTP/1.1" 200 9965 "-" "Mozilla/5.0 AppleWebKit/537.36 (KHTML, like Gecko; compatible; GPTBot/1.2; +https://openai.com/gptbot)"
136.243.228.195 - - [07/Jul/2025:08:36:30 -0400] "GET /items/odrrs233/4188?key=initiative HTTP/1.1" 404 1251 "-" "Mozilla/5.0 (compatible; DataForSeoBot/1.0; +https://dataforseo.com/dataforseo-bot)"
20.171.207.21 - - [07/Jul/2025:08:36:31 -0400] "GET /378bce/?path=%2F%2Fvar%2Fsoftaculous%2Fprecurio HTTP/1.1" 200 1046 "-" "Mozilla/5.0 AppleWebKit/537.36 (KHTML, like Gecko; compatible; GPTBot/1.2; +https://openai.com/gptbot)"
20.171.207.21 - - [07/Jul/2025:08:36:36 -0400] "GET /378bce/?path=%2F%2Flib%2Ffirmware%2Fti HTTP/1.1" 200 811 "-" "Mozilla/5.0 AppleWebKit/537.36 (KHTML, like Gecko; compatible; GPTBot/1.2; +https://openai.com/gptbot)"
20.171.207.21 - - [07/Jul/2025:08:36:38 -0400] "GET /378bce/?path=%2F%2Flib%2Ffirmware%2Farm HTTP/1.1" 200 746 "-" "Mozilla/5.0 AppleWebKit/537.36 (KHTML, like Gecko; compatible; GPTBot/1.2; +https://openai.com/gptbot)"
