20.171.207.231 - - [07/Jul/2025:09:13:32 -0400] "GET /378bce/?action=edit&file=_encoded_words.py&path=%2F%2Fproc%2Fthread-self%2Froot%2Fopt%2Falt%2Fpython36%2Flib64%2Fpython3.6%2Femail HTTP/1.1" 200 3773 "-" "Mozilla/5.0 AppleWebKit/537.36 (KHTML, like Gecko; compatible; GPTBot/1.2; +https://openai.com/gptbot)"
20.171.207.231 - - [07/Jul/2025:09:13:33 -0400] "GET /378bce/?action=edit&file=_encoded_words.py&path=%2F%2Fproc%2Fthread-self%2Froot%2Fopt%2Falt%2Fpython34%2Flib64%2Fpython3.4%2Femail HTTP/1.1" 200 3631 "-" "Mozilla/5.0 AppleWebKit/537.36 (KHTML, like Gecko; compatible; GPTBot/1.2; +https://openai.com/gptbot)"
20.171.207.21 - - [07/Jul/2025:09:13:34 -0400] "GET /378bce/?path=%2F%2Fusr%2Flib%2F.build-id%2Ff2 HTTP/1.1" 200 1424 "-" "Mozilla/5.0 AppleWebKit/537.36 (KHTML, like Gecko; compatible; GPTBot/1.2; +https://openai.com/gptbot)"
20.171.207.231 - - [07/Jul/2025:09:13:34 -0400] "GET /378bce/?action=edit&file=_encoded_words.py&path=%2F%2Fproc%2Fthread-self%2Froot%2Fopt%2Falt%2Fpython37%2Flib64%2Fpython3.7%2Femail HTTP/1.1" 200 3783 "-" "Mozilla/5.0 AppleWebKit/537.36 (KHTML, like Gecko; compatible; GPTBot/1.2; +https://openai.com/gptbot)"
136.243.228.195 - - [07/Jul/2025:09:13:36 -0400] "GET /q-~236OBSLIdNfsukr17zM5Zh9huWXQEK4HW28300/ HTTP/1.1" 404 1251 "-" "Mozilla/5.0 (compatible; DataForSeoBot/1.0; +https://dataforseo.com/dataforseo-bot)"
20.171.207.21 - - [07/Jul/2025:09:13:37 -0400] "GET /378bce/?path=%2F%2Fusr%2Flib%2F.build-id%2F3c HTTP/1.1" 200 1506 "-" "Mozilla/5.0 AppleWebKit/537.36 (KHTML, like Gecko; compatible; GPTBot/1.2; +https://openai.com/gptbot)"
136.243.228.195 - - [07/Jul/2025:09:13:40 -0400] "GET /items/xoyde85/27734?key=creative HTTP/1.1" 404 1251 "-" "Mozilla/5.0 (compatible; DataForSeoBot/1.0; +https://dataforseo.com/dataforseo-bot)"
20.171.207.231 - - [07/Jul/2025:09:13:42 -0400] "GET /378bce/?action=edit&file=_hashlib.cpython-33m.so&path=%2F%2Fproc%2Fthread-self%2Froot%2Fopt%2Falt%2Fpython33%2Flib64%2Fpython3.3%2Flib-dynload HTTP/1.1" 200 8649 "-" "Mozilla/5.0 AppleWebKit/537.36 (KHTML, like Gecko; compatible; GPTBot/1.2; +https://openai.com/gptbot)"
20.171.207.231 - - [07/Jul/2025:09:13:44 -0400] "GET /378bce/?action=edit&file=_posixsubprocess.cpython-33m.so&path=%2F%2Fproc%2Fthread-self%2Froot%2Fopt%2Falt%2Fpython33%2Flib64%2Fpython3.3%2Flib-dynload HTTP/1.1" 200 7709 "-" "Mozilla/5.0 AppleWebKit/537.36 (KHTML, like Gecko; compatible; GPTBot/1.2; +https://openai.com/gptbot)"
20.171.207.231 - - [07/Jul/2025:09:13:37 -0400] "GET /378bce/?action=edit&file=_encoded_words.py&path=%2F%2Fproc%2Fthread-self%2Froot%2Fopt%2Falt%2Fpython38%2Flib64%2Fpython3.8%2Femail HTTP/1.1" 200 3783 "-" "Mozilla/5.0 AppleWebKit/537.36 (KHTML, like Gecko; compatible; GPTBot/1.2; +https://openai.com/gptbot)"
20.171.207.231 - - [07/Jul/2025:09:13:38 -0400] "GET /378bce/?action=edit&file=_codecs_tw.cpython-33m.so&path=%2F%2Fproc%2Fthread-self%2Froot%2Fopt%2Falt%2Fpython33%2Flib64%2Fpython3.3%2Flib-dynload HTTP/1.1" 200 41923 "-" "Mozilla/5.0 AppleWebKit/537.36 (KHTML, like Gecko; compatible; GPTBot/1.2; +https://openai.com/gptbot)"
20.171.207.231 - - [07/Jul/2025:09:13:39 -0400] "GET /378bce/?action=edit&file=_codecs_cn.cpython-33m.so&path=%2F%2Fproc%2Fthread-self%2Froot%2Fopt%2Falt%2Fpython33%2Flib64%2Fpython3.3%2Flib-dynload HTTP/1.1" 200 59251 "-" "Mozilla/5.0 AppleWebKit/537.36 (KHTML, like Gecko; compatible; GPTBot/1.2; +https://openai.com/gptbot)"
20.171.207.231 - - [07/Jul/2025:09:13:40 -0400] "GET /378bce/?action=edit&file=_multibytecodec.cpython-33m.so&path=%2F%2Fproc%2Fthread-self%2Froot%2Fopt%2Falt%2Fpython33%2Flib64%2Fpython3.3%2Flib-dynload HTTP/1.1" 200 13531 "-" "Mozilla/5.0 AppleWebKit/537.36 (KHTML, like Gecko; compatible; GPTBot/1.2; +https://openai.com/gptbot)"
20.171.207.231 - - [07/Jul/2025:09:13:41 -0400] "GET /378bce/?action=edit&file=_sha1.cpython-33m.so&path=%2F%2Fproc%2Fthread-self%2Froot%2Fopt%2Falt%2Fpython33%2Flib64%2Fpython3.3%2Flib-dynload HTTP/1.1" 200 6389 "-" "Mozilla/5.0 AppleWebKit/537.36 (KHTML, like Gecko; compatible; GPTBot/1.2; +https://openai.com/gptbot)"
136.243.228.195 - - [07/Jul/2025:09:13:44 -0400] "GET /q-~63qEbz038UrsabK9vJvAESSqachkr4JZ4889/ HTTP/1.1" 404 1251 "-" "Mozilla/5.0 (compatible; DataForSeoBot/1.0; +https://dataforseo.com/dataforseo-bot)"
20.171.207.231 - - [07/Jul/2025:09:13:46 -0400] "GET /378bce/?action=edit&file=_pickle.cpython-33m.so&path=%2F%2Fproc%2Fthread-self%2Froot%2Fopt%2Falt%2Fpython33%2Flib64%2Fpython3.3%2Flib-dynload HTTP/1.1" 200 31018 "-" "Mozilla/5.0 AppleWebKit/537.36 (KHTML, like Gecko; compatible; GPTBot/1.2; +https://openai.com/gptbot)"
136.243.228.195 - - [07/Jul/2025:09:13:47 -0400] "GET /q-~175vf4Ei7wK4QiRUaHN5U9PsDP39yQdyQ1801/ HTTP/1.1" 404 1251 "-" "Mozilla/5.0 (compatible; DataForSeoBot/1.0; +https://dataforseo.com/dataforseo-bot)"
20.171.207.21 - - [07/Jul/2025:09:13:49 -0400] "GET /378bce/?path=%2F%2Fusr%2Flib%2F.build-id%2Fe3 HTTP/1.1" 200 1366 "-" "Mozilla/5.0 AppleWebKit/537.36 (KHTML, like Gecko; compatible; GPTBot/1.2; +https://openai.com/gptbot)"
20.171.207.231 - - [07/Jul/2025:09:13:50 -0400] "GET /378bce/?action=edit&file=_header_value_parser.py&path=%2F%2Fproc%2Fthread-self%2Froot%2Fopt%2Falt%2Fpython34%2Flib64%2Fpython3.4%2Femail HTTP/1.1" 200 24046 "-" "Mozilla/5.0 AppleWebKit/537.36 (KHTML, like Gecko; compatible; GPTBot/1.2; +https://openai.com/gptbot)"
136.243.228.195 - - [07/Jul/2025:09:13:51 -0400] "GET /q-~300WlpmRQD5HwcLcNxugHuYENA76VjrGZ2474/ HTTP/1.1" 404 1251 "-" "Mozilla/5.0 (compatible; DataForSeoBot/1.0; +https://dataforseo.com/dataforseo-bot)"
20.171.207.231 - - [07/Jul/2025:09:13:52 -0400] "GET /378bce/?action=edit&file=_header_value_parser.py&path=%2F%2Fproc%2Fthread-self%2Froot%2Fopt%2Falt%2Fpython33%2Flib64%2Fpython3.3%2Femail HTTP/1.1" 200 23710 "-" "Mozilla/5.0 AppleWebKit/537.36 (KHTML, like Gecko; compatible; GPTBot/1.2; +https://openai.com/gptbot)"
20.171.207.231 - - [07/Jul/2025:09:13:54 -0400] "GET /378bce/?action=edit&file=_header_value_parser.py&path=%2F%2Fproc%2Fthread-self%2Froot%2Fopt%2Falt%2Fpython37%2Flib64%2Fpython3.7%2Femail HTTP/1.1" 200 24496 "-" "Mozilla/5.0 AppleWebKit/537.36 (KHTML, like Gecko; compatible; GPTBot/1.2; +https://openai.com/gptbot)"
20.171.207.21 - - [07/Jul/2025:09:13:55 -0400] "GET /378bce/?path=%2F%2Fusr%2Flib%2F.build-id%2F2f HTTP/1.1" 200 1436 "-" "Mozilla/5.0 AppleWebKit/537.36 (KHTML, like Gecko; compatible; GPTBot/1.2; +https://openai.com/gptbot)"
20.171.207.231 - - [07/Jul/2025:09:13:45 -0400] "GET /378bce/?action=edit&file=_multiprocessing.cpython-33m.so&path=%2F%2Fproc%2Fthread-self%2Froot%2Fopt%2Falt%2Fpython33%2Flib64%2Fpython3.3%2Flib-dynload HTTP/1.1" 200 6968 "-" "Mozilla/5.0 AppleWebKit/537.36 (KHTML, like Gecko; compatible; GPTBot/1.2; +https://openai.com/gptbot)"
20.171.207.21 - - [07/Jul/2025:09:13:46 -0400] "GET /378bce/?path=%2F%2Fusr%2Flib%2F.build-id%2F83 HTTP/1.1" 200 1458 "-" "Mozilla/5.0 AppleWebKit/537.36 (KHTML, like Gecko; compatible; GPTBot/1.2; +https://openai.com/gptbot)"
20.171.207.21 - - [07/Jul/2025:09:13:47 -0400] "GET /378bce/?path=%2F%2Fusr%2Flib%2F.build-id%2F92 HTTP/1.1" 200 1556 "-" "Mozilla/5.0 AppleWebKit/537.36 (KHTML, like Gecko; compatible; GPTBot/1.2; +https://openai.com/gptbot)"
20.171.207.231 - - [07/Jul/2025:09:13:47 -0400] "GET /378bce/?action=edit&file=_struct.cpython-33m.so&path=%2F%2Fproc%2Fthread-self%2Froot%2Fopt%2Falt%2Fpython33%2Flib64%2Fpython3.3%2Flib-dynload HTTP/1.1" 200 13689 "-" "Mozilla/5.0 AppleWebKit/537.36 (KHTML, like Gecko; compatible; GPTBot/1.2; +https://openai.com/gptbot)"
20.171.207.21 - - [07/Jul/2025:09:13:48 -0400] "GET /378bce/?action=edit&file=0023330e20dedd469946886e1001030b7416fc&path=%2F%2Fusr%2Flib%2F.build-id%2F9b HTTP/1.1" 200 4343 "-" "Mozilla/5.0 AppleWebKit/537.36 (KHTML, like Gecko; compatible; GPTBot/1.2; +https://openai.com/gptbot)"
20.171.207.231 - - [07/Jul/2025:09:13:48 -0400] "GET /378bce/?action=edit&file=_random.cpython-33m.so&path=%2F%2Fproc%2Fthread-self%2Froot%2Fopt%2Falt%2Fpython33%2Flib64%2Fpython3.3%2Flib-dynload HTTP/1.1" 200 6333 "-" "Mozilla/5.0 AppleWebKit/537.36 (KHTML, like Gecko; compatible; GPTBot/1.2; +https://openai.com/gptbot)"
20.171.207.231 - - [07/Jul/2025:09:13:49 -0400] "GET /378bce/?action=edit&file=_socket.cpython-33m.so&path=%2F%2Fproc%2Fthread-self%2Froot%2Fopt%2Falt%2Fpython33%2Flib64%2Fpython3.3%2Flib-dynload HTTP/1.1" 200 32788 "-" "Mozilla/5.0 AppleWebKit/537.36 (KHTML, like Gecko; compatible; GPTBot/1.2; +https://openai.com/gptbot)"
20.171.207.21 - - [07/Jul/2025:09:13:50 -0400] "GET /378bce/?path=%2F%2Fusr%2Flib%2F.build-id%2F1b HTTP/1.1" 200 1430 "-" "Mozilla/5.0 AppleWebKit/537.36 (KHTML, like Gecko; compatible; GPTBot/1.2; +https://openai.com/gptbot)"
20.171.207.21 - - [07/Jul/2025:09:13:51 -0400] "GET /378bce/?path=%2F%2Fusr%2Flib%2F.build-id%2F7a HTTP/1.1" 200 1681 "-" "Mozilla/5.0 AppleWebKit/537.36 (KHTML, like Gecko; compatible; GPTBot/1.2; +https://openai.com/gptbot)"
20.171.207.21 - - [07/Jul/2025:09:13:52 -0400] "GET /378bce/?path=%2F%2Fusr%2Flib%2F.build-id%2F5b HTTP/1.1" 200 1484 "-" "Mozilla/5.0 AppleWebKit/537.36 (KHTML, like Gecko; compatible; GPTBot/1.2; +https://openai.com/gptbot)"
20.171.207.231 - - [07/Jul/2025:09:13:53 -0400] "GET /378bce/?action=edit&file=_header_value_parser.py&path=%2F%2Fproc%2Fthread-self%2Froot%2Fopt%2Falt%2Fpython38%2Flib64%2Fpython3.8%2Femail HTTP/1.1" 200 25520 "-" "Mozilla/5.0 AppleWebKit/537.36 (KHTML, like Gecko; compatible; GPTBot/1.2; +https://openai.com/gptbot)"
20.171.207.21 - - [07/Jul/2025:09:13:54 -0400] "GET /378bce/?path=%2F%2Fusr%2Flib%2F.build-id%2Fb0 HTTP/1.1" 200 1646 "-" "Mozilla/5.0 AppleWebKit/537.36 (KHTML, like Gecko; compatible; GPTBot/1.2; +https://openai.com/gptbot)"
20.171.207.21 - - [07/Jul/2025:09:13:57 -0400] "GET /378bce/?path=%2F%2Fusr%2Flib%2F.build-id%2Fc7 HTTP/1.1" 200 1309 "-" "Mozilla/5.0 AppleWebKit/537.36 (KHTML, like Gecko; compatible; GPTBot/1.2; +https://openai.com/gptbot)"
20.171.207.231 - - [07/Jul/2025:09:14:01 -0400] "GET /378bce/?action=edit&file=feedparser.py&path=%2F%2Fproc%2Fthread-self%2Froot%2Fopt%2Falt%2Fpython37%2Flib64%2Fpython3.7%2Femail HTTP/1.1" 200 6890 "-" "Mozilla/5.0 AppleWebKit/537.36 (KHTML, like Gecko; compatible; GPTBot/1.2; +https://openai.com/gptbot)"
20.171.207.21 - - [07/Jul/2025:09:14:02 -0400] "GET /378bce/?path=%2F%2Fusr%2Flib%2F.build-id%2F73 HTTP/1.1" 200 1378 "-" "Mozilla/5.0 AppleWebKit/537.36 (KHTML, like Gecko; compatible; GPTBot/1.2; +https://openai.com/gptbot)"
20.171.207.231 - - [07/Jul/2025:09:13:55 -0400] "GET /378bce/?action=edit&file=_header_value_parser.py&path=%2F%2Fproc%2Fthread-self%2Froot%2Fopt%2Falt%2Fpython36%2Flib64%2Fpython3.6%2Femail HTTP/1.1" 200 23918 "-" "Mozilla/5.0 AppleWebKit/537.36 (KHTML, like Gecko; compatible; GPTBot/1.2; +https://openai.com/gptbot)"
136.243.228.195 - - [07/Jul/2025:09:13:55 -0400] "GET /q-~201CW5UcBeTAFyMJAx3uY3OLZeaWvCtbD10055/ HTTP/1.1" 404 1251 "-" "Mozilla/5.0 (compatible; DataForSeoBot/1.0; +https://dataforseo.com/dataforseo-bot)"
20.171.207.231 - - [07/Jul/2025:09:13:56 -0400] "GET /378bce/?action=edit&file=feedparser.py&path=%2F%2Fproc%2Fthread-self%2Froot%2Fopt%2Falt%2Fpython33%2Flib64%2Fpython3.3%2Femail HTTP/1.1" 200 6822 "-" "Mozilla/5.0 AppleWebKit/537.36 (KHTML, like Gecko; compatible; GPTBot/1.2; +https://openai.com/gptbot)"
20.171.207.231 - - [07/Jul/2025:09:13:57 -0400] "GET /378bce/?action=edit&file=quoprimime.py&path=%2F%2Fproc%2Fthread-self%2Froot%2Fopt%2Falt%2Fpython33%2Flib64%2Fpython3.3%2Femail HTTP/1.1" 200 4301 "-" "Mozilla/5.0 AppleWebKit/537.36 (KHTML, like Gecko; compatible; GPTBot/1.2; +https://openai.com/gptbot)"
20.171.207.21 - - [07/Jul/2025:09:13:58 -0400] "GET /378bce/?path=%2F%2Fusr%2Flib%2F.build-id%2Fb1 HTTP/1.1" 200 1632 "-" "Mozilla/5.0 AppleWebKit/537.36 (KHTML, like Gecko; compatible; GPTBot/1.2; +https://openai.com/gptbot)"
20.171.207.231 - - [07/Jul/2025:09:13:59 -0400] "GET /378bce/?action=edit&file=quoprimime.py&path=%2F%2Fproc%2Fthread-self%2Froot%2Fopt%2Falt%2Fpython36%2Flib64%2Fpython3.6%2Femail HTTP/1.1" 200 4310 "-" "Mozilla/5.0 AppleWebKit/537.36 (KHTML, like Gecko; compatible; GPTBot/1.2; +https://openai.com/gptbot)"
136.243.228.195 - - [07/Jul/2025:09:13:59 -0400] "GET /items/ccgfo82/15301?key=price HTTP/1.1" 404 1251 "-" "Mozilla/5.0 (compatible; DataForSeoBot/1.0; +https://dataforseo.com/dataforseo-bot)"
20.171.207.21 - - [07/Jul/2025:09:13:59 -0400] "GET /378bce/?path=%2F%2Fusr%2Flib%2F.build-id%2F78 HTTP/1.1" 200 1871 "-" "Mozilla/5.0 AppleWebKit/537.36 (KHTML, like Gecko; compatible; GPTBot/1.2; +https://openai.com/gptbot)"
20.171.207.231 - - [07/Jul/2025:09:14:00 -0400] "GET /378bce/?action=edit&file=quoprimime.py&path=%2F%2Fproc%2Fthread-self%2Froot%2Fopt%2Falt%2Fpython38%2Flib64%2Fpython3.8%2Femail HTTP/1.1" 200 4310 "-" "Mozilla/5.0 AppleWebKit/537.36 (KHTML, like Gecko; compatible; GPTBot/1.2; +https://openai.com/gptbot)"
20.171.207.21 - - [07/Jul/2025:09:14:00 -0400] "GET /378bce/?path=%2F%2Fusr%2Flib%2F.build-id%2Fb5 HTTP/1.1" 200 1633 "-" "Mozilla/5.0 AppleWebKit/537.36 (KHTML, like Gecko; compatible; GPTBot/1.2; +https://openai.com/gptbot)"
136.243.228.195 - - [07/Jul/2025:09:14:04 -0400] "GET /q-~23PgdCe9MmI57WfQFdx2H8PhDzUyHFFL35755/ HTTP/1.1" 404 1251 "-" "Mozilla/5.0 (compatible; DataForSeoBot/1.0; +https://dataforseo.com/dataforseo-bot)"
20.171.207.231 - - [07/Jul/2025:09:14:04 -0400] "GET /378bce/?action=edit&file=quoprimime.py&path=%2F%2Fproc%2Fthread-self%2Froot%2Fopt%2Falt%2Fpython37%2Flib64%2Fpython3.7%2Femail HTTP/1.1" 200 4310 "-" "Mozilla/5.0 AppleWebKit/537.36 (KHTML, like Gecko; compatible; GPTBot/1.2; +https://openai.com/gptbot)"
20.171.207.231 - - [07/Jul/2025:09:14:06 -0400] "GET /378bce/?action=edit&file=quoprimime.py&path=%2F%2Fproc%2Fthread-self%2Froot%2Fopt%2Falt%2Fpython34%2Flib64%2Fpython3.4%2Femail HTTP/1.1" 200 4320 "-" "Mozilla/5.0 AppleWebKit/537.36 (KHTML, like Gecko; compatible; GPTBot/1.2; +https://openai.com/gptbot)"
20.171.207.231 - - [07/Jul/2025:09:14:07 -0400] "GET /378bce/?action=edit&file=feedparser.py&path=%2F%2Fproc%2Fthread-self%2Froot%2Fopt%2Falt%2Fpython38%2Flib64%2Fpython3.8%2Femail HTTP/1.1" 200 6890 "-" "Mozilla/5.0 AppleWebKit/537.36 (KHTML, like Gecko; compatible; GPTBot/1.2; +https://openai.com/gptbot)"
136.243.228.195 - - [07/Jul/2025:09:14:11 -0400] "GET /items/uszkz282/43741?key=weigh HTTP/1.1" 404 1251 "-" "Mozilla/5.0 (compatible; DataForSeoBot/1.0; +https://dataforseo.com/dataforseo-bot)"
20.171.207.231 - - [07/Jul/2025:09:14:02 -0400] "GET /378bce/?action=edit&file=feedparser.py&path=%2F%2Fproc%2Fthread-self%2Froot%2Fopt%2Falt%2Fpython34%2Flib64%2Fpython3.4%2Femail HTTP/1.1" 200 6959 "-" "Mozilla/5.0 AppleWebKit/537.36 (KHTML, like Gecko; compatible; GPTBot/1.2; +https://openai.com/gptbot)"
20.171.207.231 - - [07/Jul/2025:09:14:03 -0400] "GET /378bce/?action=edit&file=feedparser.py&path=%2F%2Fproc%2Fthread-self%2Froot%2Fopt%2Falt%2Fpython36%2Flib64%2Fpython3.6%2Femail HTTP/1.1" 200 6884 "-" "Mozilla/5.0 AppleWebKit/537.36 (KHTML, like Gecko; compatible; GPTBot/1.2; +https://openai.com/gptbot)"
136.243.228.195 - - [07/Jul/2025:09:14:08 -0400] "GET /q-~31Icr7uYBrUjkrPl4WbDDtiCiQp9Q0DD14115/ HTTP/1.1" 404 1251 "-" "Mozilla/5.0 (compatible; DataForSeoBot/1.0; +https://dataforseo.com/dataforseo-bot)"
20.171.207.231 - - [07/Jul/2025:09:14:08 -0400] "GET /378bce/?action=edit&file=_bz2.cpython-33m.so&path=%2F%2Fproc%2Fthread-self%2Froot%2Fopt%2Falt%2Fpython33%2Flib64%2Fpython3.3%2Flib-dynload HTTP/1.1" 200 6960 "-" "Mozilla/5.0 AppleWebKit/537.36 (KHTML, like Gecko; compatible; GPTBot/1.2; +https://openai.com/gptbot)"
20.171.207.231 - - [07/Jul/2025:09:14:09 -0400] "GET /378bce/?action=edit&file=base64mime.py&path=%2F%2Fproc%2Fthread-self%2Froot%2Fopt%2Falt%2Fpython38%2Flib64%2Fpython3.8%2Femail HTTP/1.1" 200 2120 "-" "Mozilla/5.0 AppleWebKit/537.36 (KHTML, like Gecko; compatible; GPTBot/1.2; +https://openai.com/gptbot)"
20.171.207.231 - - [07/Jul/2025:09:14:10 -0400] "GET /378bce/?action=edit&file=base64mime.py&path=%2F%2Fproc%2Fthread-self%2Froot%2Fopt%2Falt%2Fpython33%2Flib64%2Fpython3.3%2Femail HTTP/1.1" 200 2123 "-" "Mozilla/5.0 AppleWebKit/537.36 (KHTML, like Gecko; compatible; GPTBot/1.2; +https://openai.com/gptbot)"
20.171.207.21 - - [07/Jul/2025:09:14:12 -0400] "GET /378bce/?action=edit&file=b162faf504cd70977c6f27442a83e09b0dd858&path=%2F%2Fusr%2Flib%2F.build-id%2Fb0 HTTP/1.1" 200 4095 "-" "Mozilla/5.0 AppleWebKit/537.36 (KHTML, like Gecko; compatible; GPTBot/1.2; +https://openai.com/gptbot)"
20.171.207.231 - - [07/Jul/2025:09:14:13 -0400] "GET /378bce/?action=edit&file=base64mime.py&path=%2F%2Fproc%2Fthread-self%2Froot%2Fopt%2Falt%2Fpython36%2Flib64%2Fpython3.6%2Femail HTTP/1.1" 200 2120 "-" "Mozilla/5.0 AppleWebKit/537.36 (KHTML, like Gecko; compatible; GPTBot/1.2; +https://openai.com/gptbot)"
20.171.207.231 - - [07/Jul/2025:09:14:14 -0400] "GET /378bce/?action=edit&file=base64mime.py&path=%2F%2Fproc%2Fthread-self%2Froot%2Fopt%2Falt%2Fpython37%2Flib64%2Fpython3.7%2Femail HTTP/1.1" 200 2120 "-" "Mozilla/5.0 AppleWebKit/537.36 (KHTML, like Gecko; compatible; GPTBot/1.2; +https://openai.com/gptbot)"
20.171.207.21 - - [07/Jul/2025:09:14:14 -0400] "GET /378bce/?path=%2F%2Fusr%2Flib%2F.build-id%2F37 HTTP/1.1" 200 1531 "-" "Mozilla/5.0 AppleWebKit/537.36 (KHTML, like Gecko; compatible; GPTBot/1.2; +https://openai.com/gptbot)"
136.243.228.195 - - [07/Jul/2025:09:14:16 -0400] "GET /q-~21sCfZetDk4DSUceQbsbBRzguOuX4JEZ47011/ HTTP/1.1" 404 1251 "-" "Mozilla/5.0 (compatible; DataForSeoBot/1.0; +https://dataforseo.com/dataforseo-bot)"
20.171.207.21 - - [07/Jul/2025:09:14:17 -0400] "GET /378bce/?path=%2F%2Fusr%2Flib%2F.build-id%2F3e HTTP/1.1" 200 1649 "-" "Mozilla/5.0 AppleWebKit/537.36 (KHTML, like Gecko; compatible; GPTBot/1.2; +https://openai.com/gptbot)"
20.171.207.21 - - [07/Jul/2025:09:14:18 -0400] "GET /378bce/?path=%2F%2Fusr%2Flib%2F.build-id%2F62 HTTP/1.1" 200 1502 "-" "Mozilla/5.0 AppleWebKit/537.36 (KHTML, like Gecko; compatible; GPTBot/1.2; +https://openai.com/gptbot)"
20.171.207.231 - - [07/Jul/2025:09:14:18 -0400] "GET /378bce/?action=edit&file=_ctypes.cpython-33m.so&path=%2F%2Fproc%2Fthread-self%2Froot%2Fopt%2Falt%2Fpython33%2Flib64%2Fpython3.3%2Flib-dynload HTTP/1.1" 200 43423 "-" "Mozilla/5.0 AppleWebKit/537.36 (KHTML, like Gecko; compatible; GPTBot/1.2; +https://openai.com/gptbot)"
136.243.228.195 - - [07/Jul/2025:09:14:20 -0400] "GET /items/aeftb9/43126?key=notion HTTP/1.1" 404 1251 "-" "Mozilla/5.0 (compatible; DataForSeoBot/1.0; +https://dataforseo.com/dataforseo-bot)"
20.171.207.21 - - [07/Jul/2025:09:14:11 -0400] "GET /378bce/?action=edit&file=a1494184a3b5f79d0f3069505834eb4354e257&path=%2F%2Fusr%2Flib%2F.build-id%2Fc7 HTTP/1.1" 200 5743 "-" "Mozilla/5.0 AppleWebKit/537.36 (KHTML, like Gecko; compatible; GPTBot/1.2; +https://openai.com/gptbot)"
20.171.207.231 - - [07/Jul/2025:09:14:11 -0400] "GET /378bce/?action=edit&file=base64mime.py&path=%2F%2Fproc%2Fthread-self%2Froot%2Fopt%2Falt%2Fpython34%2Flib64%2Fpython3.4%2Femail HTTP/1.1" 200 2123 "-" "Mozilla/5.0 AppleWebKit/537.36 (KHTML, like Gecko; compatible; GPTBot/1.2; +https://openai.com/gptbot)"
20.171.207.21 - - [07/Jul/2025:09:14:13 -0400] "GET /378bce/?path=%2F%2Fusr%2Flib%2F.build-id%2F7c HTTP/1.1" 200 1498 "-" "Mozilla/5.0 AppleWebKit/537.36 (KHTML, like Gecko; compatible; GPTBot/1.2; +https://openai.com/gptbot)"
20.171.207.231 - - [07/Jul/2025:09:14:15 -0400] "GET /378bce/?action=edit&file=ossaudiodev.cpython-33m.so&path=%2F%2Fproc%2Fthread-self%2Froot%2Fopt%2Falt%2Fpython33%2Flib64%2Fpython3.3%2Flib-dynload HTTP/1.1" 200 11561 "-" "Mozilla/5.0 AppleWebKit/537.36 (KHTML, like Gecko; compatible; GPTBot/1.2; +https://openai.com/gptbot)"
20.171.207.21 - - [07/Jul/2025:09:14:16 -0400] "GET /378bce/?path=%2F%2Fusr%2Flib%2F.build-id%2F87 HTTP/1.1" 200 1593 "-" "Mozilla/5.0 AppleWebKit/537.36 (KHTML, like Gecko; compatible; GPTBot/1.2; +https://openai.com/gptbot)"
20.171.207.231 - - [07/Jul/2025:09:14:16 -0400] "GET /378bce/?action=edit&file=unicodedata.cpython-33m.so&path=%2F%2Fproc%2Fthread-self%2Froot%2Fopt%2Falt%2Fpython33%2Flib64%2Fpython3.3%2Flib-dynload HTTP/1.1" 200 233742 "-" "Mozilla/5.0 AppleWebKit/537.36 (KHTML, like Gecko; compatible; GPTBot/1.2; +https://openai.com/gptbot)"
20.171.207.231 - - [07/Jul/2025:09:14:17 -0400] "GET /378bce/?action=edit&file=_lsprof.cpython-33m.so&path=%2F%2Fproc%2Fthread-self%2Froot%2Fopt%2Falt%2Fpython33%2Flib64%2Fpython3.3%2Flib-dynload HTTP/1.1" 200 8656 "-" "Mozilla/5.0 AppleWebKit/537.36 (KHTML, like Gecko; compatible; GPTBot/1.2; +https://openai.com/gptbot)"
20.171.207.21 - - [07/Jul/2025:09:14:19 -0400] "GET /378bce/?path=%2F%2Fusr%2Flib%2F.build-id%2Fe7 HTTP/1.1" 200 1671 "-" "Mozilla/5.0 AppleWebKit/537.36 (KHTML, like Gecko; compatible; GPTBot/1.2; +https://openai.com/gptbot)"
20.171.207.231 - - [07/Jul/2025:09:14:19 -0400] "GET /378bce/?action=edit&file=_bisect.cpython-33m.so&path=%2F%2Fproc%2Fthread-self%2Froot%2Fopt%2Falt%2Fpython33%2Flib64%2Fpython3.3%2Flib-dynload HTTP/1.1" 200 5019 "-" "Mozilla/5.0 AppleWebKit/537.36 (KHTML, like Gecko; compatible; GPTBot/1.2; +https://openai.com/gptbot)"
20.171.207.21 - - [07/Jul/2025:09:14:20 -0400] "GET /378bce/?path=%2F%2Fusr%2Flib%2F.build-id%2F24 HTTP/1.1" 200 1596 "-" "Mozilla/5.0 AppleWebKit/537.36 (KHTML, like Gecko; compatible; GPTBot/1.2; +https://openai.com/gptbot)"
20.171.207.21 - - [07/Jul/2025:09:14:21 -0400] "GET /378bce/?path=%2F%2Fusr%2Flib%2F.build-id%2F02 HTTP/1.1" 200 1331 "-" "Mozilla/5.0 AppleWebKit/537.36 (KHTML, like Gecko; compatible; GPTBot/1.2; +https://openai.com/gptbot)"
20.171.207.231 - - [07/Jul/2025:09:14:22 -0400] "GET /378bce/?action=edit&file=_crypt.cpython-33m.so&path=%2F%2Fproc%2Fthread-self%2Froot%2Fopt%2Falt%2Fpython33%2Flib64%2Fpython3.3%2Flib-dynload HTTP/1.1" 200 3751 "-" "Mozilla/5.0 AppleWebKit/537.36 (KHTML, like Gecko; compatible; GPTBot/1.2; +https://openai.com/gptbot)"
20.171.207.231 - - [07/Jul/2025:09:14:25 -0400] "GET /378bce/?action=edit&file=atexit.cpython-33m.so&path=%2F%2Fproc%2Fthread-self%2Froot%2Fopt%2Falt%2Fpython33%2Flib64%2Fpython3.3%2Flib-dynload HTTP/1.1" 200 5471 "-" "Mozilla/5.0 AppleWebKit/537.36 (KHTML, like Gecko; compatible; GPTBot/1.2; +https://openai.com/gptbot)"
20.171.207.231 - - [07/Jul/2025:09:14:26 -0400] "GET /378bce/?action=edit&file=parser.cpython-33m.so&path=%2F%2Fproc%2Fthread-self%2Froot%2Fopt%2Falt%2Fpython33%2Flib64%2Fpython3.3%2Flib-dynload HTTP/1.1" 200 21345 "-" "Mozilla/5.0 AppleWebKit/537.36 (KHTML, like Gecko; compatible; GPTBot/1.2; +https://openai.com/gptbot)"
136.243.228.195 - - [07/Jul/2025:09:14:27 -0400] "GET /items/jfbcg226/37125?key=focus HTTP/1.1" 404 1251 "-" "Mozilla/5.0 (compatible; DataForSeoBot/1.0; +https://dataforseo.com/dataforseo-bot)"
20.171.207.21 - - [07/Jul/2025:09:14:28 -0400] "GET /378bce/?path=%2F%2Fusr%2Flib%2F.build-id%2Fa7 HTTP/1.1" 200 1561 "-" "Mozilla/5.0 AppleWebKit/537.36 (KHTML, like Gecko; compatible; GPTBot/1.2; +https://openai.com/gptbot)"
20.171.207.231 - - [07/Jul/2025:09:14:29 -0400] "GET /378bce/?action=edit&file=syslog.cpython-33m.so&path=%2F%2Fproc%2Fthread-self%2Froot%2Fopt%2Falt%2Fpython33%2Flib64%2Fpython3.3%2Flib-dynload HTTP/1.1" 200 5158 "-" "Mozilla/5.0 AppleWebKit/537.36 (KHTML, like Gecko; compatible; GPTBot/1.2; +https://openai.com/gptbot)"
20.171.207.21 - - [07/Jul/2025:09:14:30 -0400] "GET /378bce/?path=%2F%2Fusr%2Flib%2F.build-id%2F12 HTTP/1.1" 200 1628 "-" "Mozilla/5.0 AppleWebKit/537.36 (KHTML, like Gecko; compatible; GPTBot/1.2; +https://openai.com/gptbot)"
20.171.207.231 - - [07/Jul/2025:09:14:30 -0400] "GET /378bce/?action=edit&file=array.cpython-33m.so&path=%2F%2Fproc%2Fthread-self%2Froot%2Fopt%2Falt%2Fpython33%2Flib64%2Fpython3.3%2Flib-dynload HTTP/1.1" 200 19797 "-" "Mozilla/5.0 AppleWebKit/537.36 (KHTML, like Gecko; compatible; GPTBot/1.2; +https://openai.com/gptbot)"
20.171.207.21 - - [07/Jul/2025:09:14:31 -0400] "GET /378bce/?path=%2F%2Fusr%2Flib%2F.build-id%2F21 HTTP/1.1" 200 1533 "-" "Mozilla/5.0 AppleWebKit/537.36 (KHTML, like Gecko; compatible; GPTBot/1.2; +https://openai.com/gptbot)"
136.243.228.195 - - [07/Jul/2025:09:14:31 -0400] "GET /items/gesua3/23238?key=heal HTTP/1.1" 404 1251 "-" "Mozilla/5.0 (compatible; DataForSeoBot/1.0; +https://dataforseo.com/dataforseo-bot)"
20.171.207.231 - - [07/Jul/2025:09:14:32 -0400] "GET /378bce/?action=edit&file=_sha256.cpython-33m.so&path=%2F%2Fproc%2Fthread-self%2Froot%2Fopt%2Falt%2Fpython33%2Flib64%2Fpython3.3%2Flib-dynload HTTP/1.1" 200 9151 "-" "Mozilla/5.0 AppleWebKit/537.36 (KHTML, like Gecko; compatible; GPTBot/1.2; +https://openai.com/gptbot)"
20.171.207.21 - - [07/Jul/2025:09:14:32 -0400] "GET /378bce/?path=%2F%2Fusr%2Flib%2F.build-id%2Fb9 HTTP/1.1" 200 1715 "-" "Mozilla/5.0 AppleWebKit/537.36 (KHTML, like Gecko; compatible; GPTBot/1.2; +https://openai.com/gptbot)"
20.171.207.231 - - [07/Jul/2025:09:14:35 -0400] "GET /378bce/?action=edit&file=zlib.cpython-33m.so&path=%2F%2Fproc%2Fthread-self%2Froot%2Fopt%2Falt%2Fpython33%2Flib64%2Fpython3.3%2Flib-dynload HTTP/1.1" 200 10696 "-" "Mozilla/5.0 AppleWebKit/537.36 (KHTML, like Gecko; compatible; GPTBot/1.2; +https://openai.com/gptbot)"
20.171.207.231 - - [07/Jul/2025:09:14:37 -0400] "GET /378bce/?action=edit&file=mmap.cpython-33m.so&path=%2F%2Fproc%2Fthread-self%2Froot%2Fopt%2Falt%2Fpython33%2Flib64%2Fpython3.3%2Flib-dynload HTTP/1.1" 200 10666 "-" "Mozilla/5.0 AppleWebKit/537.36 (KHTML, like Gecko; compatible; GPTBot/1.2; +https://openai.com/gptbot)"
20.171.207.231 - - [07/Jul/2025:09:14:39 -0400] "GET /378bce/?action=edit&file=math.cpython-33m.so&path=%2F%2Fproc%2Fthread-self%2Froot%2Fopt%2Falt%2Fpython33%2Flib64%2Fpython3.3%2Flib-dynload HTTP/1.1" 200 15601 "-" "Mozilla/5.0 AppleWebKit/537.36 (KHTML, like Gecko; compatible; GPTBot/1.2; +https://openai.com/gptbot)"
20.171.207.231 - - [07/Jul/2025:09:14:40 -0400] "GET /378bce/?action=edit&file=spwd.cpython-33m.so&path=%2F%2Fproc%2Fthread-self%2Froot%2Fopt%2Falt%2Fpython33%2Flib64%2Fpython3.3%2Flib-dynload HTTP/1.1" 200 5234 "-" "Mozilla/5.0 AppleWebKit/537.36 (KHTML, like Gecko; compatible; GPTBot/1.2; +https://openai.com/gptbot)"
20.171.207.231 - - [07/Jul/2025:09:14:41 -0400] "GET /378bce/?action=edit&file=_codecs_iso2022.cpython-33m.so&path=%2F%2Fproc%2Fthread-self%2Froot%2Fopt%2Falt%2Fpython33%2Flib64%2Fpython3.3%2Flib-dynload HTTP/1.1" 200 9204 "-" "Mozilla/5.0 AppleWebKit/537.36 (KHTML, like Gecko; compatible; GPTBot/1.2; +https://openai.com/gptbot)"
20.171.207.231 - - [07/Jul/2025:09:14:21 -0400] "GET /378bce/?action=edit&file=_heapq.cpython-33m.so&path=%2F%2Fproc%2Fthread-self%2Froot%2Fopt%2Falt%2Fpython33%2Flib64%2Fpython3.3%2Flib-dynload HTTP/1.1" 200 9454 "-" "Mozilla/5.0 AppleWebKit/537.36 (KHTML, like Gecko; compatible; GPTBot/1.2; +https://openai.com/gptbot)"
136.243.228.195 - - [07/Jul/2025:09:14:23 -0400] "GET /q-~23h1FhM2ElcGoZ63MxjeGsFAEtsUKZ4o41999/ HTTP/1.1" 404 1251 "-" "Mozilla/5.0 (compatible; DataForSeoBot/1.0; +https://dataforseo.com/dataforseo-bot)"
20.171.207.231 - - [07/Jul/2025:09:14:23 -0400] "GET /378bce/?action=edit&file=cmath.cpython-33m.so&path=%2F%2Fproc%2Fthread-self%2Froot%2Fopt%2Falt%2Fpython33%2Flib64%2Fpython3.3%2Flib-dynload HTTP/1.1" 200 13061 "-" "Mozilla/5.0 AppleWebKit/537.36 (KHTML, like Gecko; compatible; GPTBot/1.2; +https://openai.com/gptbot)"
20.171.207.21 - - [07/Jul/2025:09:14:26 -0400] "GET /378bce/?path=%2F%2Fusr%2Flib%2F.build-id%2Fa8 HTTP/1.1" 200 1650 "-" "Mozilla/5.0 AppleWebKit/537.36 (KHTML, like Gecko; compatible; GPTBot/1.2; +https://openai.com/gptbot)"
20.171.207.231 - - [07/Jul/2025:09:14:27 -0400] "GET /378bce/?action=edit&file=fcntl.cpython-33m.so&path=%2F%2Fproc%2Fthread-self%2Froot%2Fopt%2Falt%2Fpython33%2Flib64%2Fpython3.3%2Flib-dynload HTTP/1.1" 200 7530 "-" "Mozilla/5.0 AppleWebKit/537.36 (KHTML, like Gecko; compatible; GPTBot/1.2; +https://openai.com/gptbot)"
20.171.207.231 - - [07/Jul/2025:09:14:28 -0400] "GET /378bce/?action=edit&file=select.cpython-33m.so&path=%2F%2Fproc%2Fthread-self%2Froot%2Fopt%2Falt%2Fpython33%2Flib64%2Fpython3.3%2Flib-dynload HTTP/1.1" 200 10884 "-" "Mozilla/5.0 AppleWebKit/537.36 (KHTML, like Gecko; compatible; GPTBot/1.2; +https://openai.com/gptbot)"
20.171.207.21 - - [07/Jul/2025:09:14:29 -0400] "GET /378bce/?path=%2F%2Fusr%2Flib%2F.build-id%2F3a HTTP/1.1" 200 1576 "-" "Mozilla/5.0 AppleWebKit/537.36 (KHTML, like Gecko; compatible; GPTBot/1.2; +https://openai.com/gptbot)"
20.171.207.231 - - [07/Jul/2025:09:14:33 -0400] "GET /378bce/?action=edit&file=time.cpython-33m.so&path=%2F%2Fproc%2Fthread-self%2Froot%2Fopt%2Falt%2Fpython33%2Flib64%2Fpython3.3%2Flib-dynload HTTP/1.1" 200 11967 "-" "Mozilla/5.0 AppleWebKit/537.36 (KHTML, like Gecko; compatible; GPTBot/1.2; +https://openai.com/gptbot)"
20.171.207.231 - - [07/Jul/2025:09:14:34 -0400] "GET /378bce/?action=edit&file=grp.cpython-33m.so&path=%2F%2Fproc%2Fthread-self%2Froot%2Fopt%2Falt%2Fpython33%2Flib64%2Fpython3.3%2Flib-dynload HTTP/1.1" 200 5496 "-" "Mozilla/5.0 AppleWebKit/537.36 (KHTML, like Gecko; compatible; GPTBot/1.2; +https://openai.com/gptbot)"
136.243.228.195 - - [07/Jul/2025:09:14:36 -0400] "GET /q-~191jxuAkQCbxmmjTm214IEqN9fXt5TJyA25735/ HTTP/1.1" 404 1251 "-" "Mozilla/5.0 (compatible; DataForSeoBot/1.0; +https://dataforseo.com/dataforseo-bot)"
20.171.207.231 - - [07/Jul/2025:09:14:36 -0400] "GET /378bce/?action=edit&file=nis.cpython-33m.so&path=%2F%2Fproc%2Fthread-self%2Froot%2Fopt%2Falt%2Fpython33%2Flib64%2Fpython3.3%2Flib-dynload HTTP/1.1" 200 6308 "-" "Mozilla/5.0 AppleWebKit/537.36 (KHTML, like Gecko; compatible; GPTBot/1.2; +https://openai.com/gptbot)"
136.243.228.195 - - [07/Jul/2025:09:14:39 -0400] "GET /q-~268NxXYzuEyEDi5uqw2uuShXMU4qeMkHr14364/ HTTP/1.1" 404 1251 "-" "Mozilla/5.0 (compatible; DataForSeoBot/1.0; +https://dataforseo.com/dataforseo-bot)"
20.171.207.21 - - [07/Jul/2025:09:14:41 -0400] "GET /378bce/?path=%2F%2Fusr%2Flib%2F.build-id%2F38 HTTP/1.1" 200 1476 "-" "Mozilla/5.0 AppleWebKit/537.36 (KHTML, like Gecko; compatible; GPTBot/1.2; +https://openai.com/gptbot)"
20.171.207.231 - - [07/Jul/2025:09:14:42 -0400] "GET /378bce/?action=edit&file=_elementtree.cpython-33m.so&path=%2F%2Fproc%2Fthread-self%2Froot%2Fopt%2Falt%2Fpython33%2Flib64%2Fpython3.3%2Flib-dynload HTTP/1.1" 200 21883 "-" "Mozilla/5.0 AppleWebKit/537.36 (KHTML, like Gecko; compatible; GPTBot/1.2; +https://openai.com/gptbot)"
136.243.228.195 - - [07/Jul/2025:09:14:43 -0400] "GET /q-~188F3H4hpUwP0LePquWOjzIgwygPeVWdk9594/ HTTP/1.1" 404 1251 "-" "Mozilla/5.0 (compatible; DataForSeoBot/1.0; +https://dataforseo.com/dataforseo-bot)"
20.171.207.21 - - [07/Jul/2025:09:14:42 -0400] "GET /378bce/?action=edit&file=e963e4265b7b5b3bb4947cc8586ce77e188b65&path=%2F%2Fusr%2Flib%2F.build-id%2F21 HTTP/1.1" 200 2914 "-" "Mozilla/5.0 AppleWebKit/537.36 (KHTML, like Gecko; compatible; GPTBot/1.2; +https://openai.com/gptbot)"
20.171.207.231 - - [07/Jul/2025:09:14:44 -0400] "GET /378bce/?action=edit&file=message.py&path=%2F%2Fproc%2Fthread-self%2Froot%2Fopt%2Falt%2Fpython34%2Flib64%2Fpython3.4%2Femail HTTP/1.1" 200 12952 "-" "Mozilla/5.0 AppleWebKit/537.36 (KHTML, like Gecko; compatible; GPTBot/1.2; +https://openai.com/gptbot)"
20.171.207.21 - - [07/Jul/2025:09:14:45 -0400] "GET /378bce/?path=%2F%2Fusr%2Flib%2F.build-id%2Fe8 HTTP/1.1" 200 1595 "-" "Mozilla/5.0 AppleWebKit/537.36 (KHTML, like Gecko; compatible; GPTBot/1.2; +https://openai.com/gptbot)"
20.171.207.231 - - [07/Jul/2025:09:14:46 -0400] "GET /378bce/?action=edit&file=topics.py&path=%2F%2Fproc%2Fthread-self%2Froot%2Fopt%2Falt%2Fpython36%2Flib64%2Fpython3.6%2Fpydoc_data HTTP/1.1" 200 151222 "-" "Mozilla/5.0 AppleWebKit/537.36 (KHTML, like Gecko; compatible; GPTBot/1.2; +https://openai.com/gptbot)"
20.171.207.231 - - [07/Jul/2025:09:14:47 -0400] "GET /378bce/?action=edit&file=_policybase.py&path=%2F%2Fproc%2Fthread-self%2Froot%2Fopt%2Falt%2Fpython34%2Flib64%2Fpython3.4%2Femail HTTP/1.1" 200 4918 "-" "Mozilla/5.0 AppleWebKit/537.36 (KHTML, like Gecko; compatible; GPTBot/1.2; +https://openai.com/gptbot)"
20.171.207.21 - - [07/Jul/2025:09:14:47 -0400] "GET /378bce/?path=%2F%2Fusr%2Flib%2F.build-id%2F25 HTTP/1.1" 200 1499 "-" "Mozilla/5.0 AppleWebKit/537.36 (KHTML, like Gecko; compatible; GPTBot/1.2; +https://openai.com/gptbot)"
20.171.207.231 - - [07/Jul/2025:09:14:49 -0400] "GET /378bce/?action=edit&file=header.py&path=%2F%2Fproc%2Fthread-self%2Froot%2Fopt%2Falt%2Fpython37%2Flib64%2Fpython3.7%2Femail HTTP/1.1" 200 7962 "-" "Mozilla/5.0 AppleWebKit/537.36 (KHTML, like Gecko; compatible; GPTBot/1.2; +https://openai.com/gptbot)"
20.171.207.231 - - [07/Jul/2025:09:14:50 -0400] "GET /378bce/?action=edit&file=header.py&path=%2F%2Fproc%2Fthread-self%2Froot%2Fopt%2Falt%2Fpython33%2Flib64%2Fpython3.3%2Femail HTTP/1.1" 200 7978 "-" "Mozilla/5.0 AppleWebKit/537.36 (KHTML, like Gecko; compatible; GPTBot/1.2; +https://openai.com/gptbot)"
20.171.207.231 - - [07/Jul/2025:09:14:51 -0400] "GET /378bce/?action=edit&file=parser.py&path=%2F%2Fproc%2Fthread-self%2Froot%2Fopt%2Falt%2Fpython34%2Flib64%2Fpython3.4%2Femail HTTP/1.1" 200 1847 "-" "Mozilla/5.0 AppleWebKit/537.36 (KHTML, like Gecko; compatible; GPTBot/1.2; +https://openai.com/gptbot)"
136.243.228.195 - - [07/Jul/2025:09:14:52 -0400] "GET /items/bgvgs293/47986?key=outdoor HTTP/1.1" 404 1251 "-" "Mozilla/5.0 (compatible; DataForSeoBot/1.0; +https://dataforseo.com/dataforseo-bot)"
20.171.207.231 - - [07/Jul/2025:09:14:54 -0400] "GET /378bce/?action=edit&file=message.py&path=%2F%2Fproc%2Fthread-self%2Froot%2Fopt%2Falt%2Fpython33%2Flib64%2Fpython3.3%2Femail HTTP/1.1" 200 10452 "-" "Mozilla/5.0 AppleWebKit/537.36 (KHTML, like Gecko; compatible; GPTBot/1.2; +https://openai.com/gptbot)"
20.171.207.231 - - [07/Jul/2025:09:14:55 -0400] "GET /378bce/?action=edit&file=utils.py&path=%2F%2Fproc%2Fthread-self%2Froot%2Fopt%2Falt%2Fpython37%2Flib64%2Fpython3.7%2Femail HTTP/1.1" 200 5670 "-" "Mozilla/5.0 AppleWebKit/537.36 (KHTML, like Gecko; compatible; GPTBot/1.2; +https://openai.com/gptbot)"
136.243.228.195 - - [07/Jul/2025:09:14:55 -0400] "GET /q-~60b8fJlhX2yZdEEl11qCTnTnVW92Rf6r12406/ HTTP/1.1" 404 1251 "-" "Mozilla/5.0 (compatible; DataForSeoBot/1.0; +https://dataforseo.com/dataforseo-bot)"
69.197.135.226 - - [07/Jul/2025:09:14:58 -0400] "GET /wp-content/admin.php HTTP/1.1" 404 1251 "https://digitalaesthetics.org/wp-content/admin.php" "Mozilla/5.0 (Windows NT 10.0; Win64; x64) AppleWebKit/537.36 (KHTML, like Gecko) Chrome/58.0.3029.110 Safari/537.3"
20.171.207.231 - - [07/Jul/2025:09:14:43 -0400] "GET /378bce/?action=edit&file=_sqlite3.cpython-33m.so&path=%2F%2Fproc%2Fthread-self%2Froot%2Fopt%2Falt%2Fpython33%2Flib64%2Fpython3.3%2Flib-dynload HTTP/1.1" 200 27865 "-" "Mozilla/5.0 AppleWebKit/537.36 (KHTML, like Gecko; compatible; GPTBot/1.2; +https://openai.com/gptbot)"
20.171.207.21 - - [07/Jul/2025:09:14:44 -0400] "GET /378bce/?path=%2F%2Fusr%2Flib%2F.build-id%2Fb4 HTTP/1.1" 200 1506 "-" "Mozilla/5.0 AppleWebKit/537.36 (KHTML, like Gecko; compatible; GPTBot/1.2; +https://openai.com/gptbot)"
20.171.207.21 - - [07/Jul/2025:09:14:46 -0400] "GET /378bce/?path=%2F%2Fusr%2Flib%2F.build-id%2F0b HTTP/1.1" 200 1522 "-" "Mozilla/5.0 AppleWebKit/537.36 (KHTML, like Gecko; compatible; GPTBot/1.2; +https://openai.com/gptbot)"
136.243.228.195 - - [07/Jul/2025:09:14:47 -0400] "GET /items/ahlmv256/21337?key=rally HTTP/1.1" 404 1251 "-" "Mozilla/5.0 (compatible; DataForSeoBot/1.0; +https://dataforseo.com/dataforseo-bot)"
20.171.207.231 - - [07/Jul/2025:09:14:48 -0400] "GET /378bce/?action=edit&file=utils.py&path=%2F%2Fproc%2Fthread-self%2Froot%2Fopt%2Falt%2Fpython34%2Flib64%2Fpython3.4%2Femail HTTP/1.1" 200 5753 "-" "Mozilla/5.0 AppleWebKit/537.36 (KHTML, like Gecko; compatible; GPTBot/1.2; +https://openai.com/gptbot)"
20.171.207.21 - - [07/Jul/2025:09:14:48 -0400] "GET /378bce/?path=%2F%2Fusr%2Flib%2F.build-id%2F52 HTTP/1.1" 200 1489 "-" "Mozilla/5.0 AppleWebKit/537.36 (KHTML, like Gecko; compatible; GPTBot/1.2; +https://openai.com/gptbot)"
20.171.207.21 - - [07/Jul/2025:09:14:49 -0400] "GET /378bce/?path=%2F%2Fusr%2Flib%2F.build-id%2F26 HTTP/1.1" 200 1644 "-" "Mozilla/5.0 AppleWebKit/537.36 (KHTML, like Gecko; compatible; GPTBot/1.2; +https://openai.com/gptbot)"
20.171.207.21 - - [07/Jul/2025:09:14:51 -0400] "GET /378bce/?path=%2F%2Fusr%2Flib%2F.build-id%2F4b HTTP/1.1" 200 1859 "-" "Mozilla/5.0 AppleWebKit/537.36 (KHTML, like Gecko; compatible; GPTBot/1.2; +https://openai.com/gptbot)"
20.171.207.231 - - [07/Jul/2025:09:14:52 -0400] "GET /378bce/?action=edit&file=errors.py&path=%2F%2Fproc%2Fthread-self%2Froot%2Fopt%2Falt%2Fpython36%2Flib64%2Fpython3.6%2Femail HTTP/1.1" 200 1821 "-" "Mozilla/5.0 AppleWebKit/537.36 (KHTML, like Gecko; compatible; GPTBot/1.2; +https://openai.com/gptbot)"
20.171.207.21 - - [07/Jul/2025:09:14:56 -0400] "GET /378bce/?path=%2F%2Fusr%2Flib%2F.build-id%2F8e HTTP/1.1" 200 1521 "-" "Mozilla/5.0 AppleWebKit/537.36 (KHTML, like Gecko; compatible; GPTBot/1.2; +https://openai.com/gptbot)"
20.171.207.231 - - [07/Jul/2025:09:14:57 -0400] "GET /378bce/?action=edit&file=errors.py&path=%2F%2Fproc%2Fthread-self%2Froot%2Fopt%2Falt%2Fpython34%2Flib64%2Fpython3.4%2Femail HTTP/1.1" 200 1796 "-" "Mozilla/5.0 AppleWebKit/537.36 (KHTML, like Gecko; compatible; GPTBot/1.2; +https://openai.com/gptbot)"
20.171.207.21 - - [07/Jul/2025:09:14:57 -0400] "GET /378bce/?path=%2F%2Fusr%2Flib%2F.build-id%2F8a HTTP/1.1" 200 1742 "-" "Mozilla/5.0 AppleWebKit/537.36 (KHTML, like Gecko; compatible; GPTBot/1.2; +https://openai.com/gptbot)"
20.171.207.21 - - [07/Jul/2025:09:14:58 -0400] "GET /378bce/?path=%2F%2Fusr%2Flib%2F.build-id%2F7e HTTP/1.1" 200 1678 "-" "Mozilla/5.0 AppleWebKit/537.36 (KHTML, like Gecko; compatible; GPTBot/1.2; +https://openai.com/gptbot)"
136.243.228.195 - - [07/Jul/2025:09:15:00 -0400] "GET /q-~186UiAZWeiW1CXZvXyRVaSELdNKrdbvxI20816/ HTTP/1.1" 404 1251 "-" "Mozilla/5.0 (compatible; DataForSeoBot/1.0; +https://dataforseo.com/dataforseo-bot)"
20.171.207.21 - - [07/Jul/2025:09:15:00 -0400] "GET /378bce/?path=%2F%2Fusr%2Flib%2F.build-id%2Fc8 HTTP/1.1" 200 1539 "-" "Mozilla/5.0 AppleWebKit/537.36 (KHTML, like Gecko; compatible; GPTBot/1.2; +https://openai.com/gptbot)"
20.171.207.231 - - [07/Jul/2025:09:15:00 -0400] "GET /378bce/?action=edit&file=errors.py&path=%2F%2Fproc%2Fthread-self%2Froot%2Fopt%2Falt%2Fpython33%2Flib64%2Fpython3.3%2Femail HTTP/1.1" 200 1796 "-" "Mozilla/5.0 AppleWebKit/537.36 (KHTML, like Gecko; compatible; GPTBot/1.2; +https://openai.com/gptbot)"
20.171.207.231 - - [07/Jul/2025:09:14:58 -0400] "GET /378bce/?action=edit&file=topics.py&path=%2F%2Fproc%2Fthread-self%2Froot%2Fopt%2Falt%2Fpython37%2Flib64%2Fpython3.7%2Fpydoc_data HTTP/1.1" 200 156185 "-" "Mozilla/5.0 AppleWebKit/537.36 (KHTML, like Gecko; compatible; GPTBot/1.2; +https://openai.com/gptbot)"
20.171.207.231 - - [07/Jul/2025:09:14:59 -0400] "GET /378bce/?action=edit&file=message.py&path=%2F%2Fproc%2Fthread-self%2Froot%2Fopt%2Falt%2Fpython36%2Flib64%2Fpython3.6%2Femail HTTP/1.1" 200 13018 "-" "Mozilla/5.0 AppleWebKit/537.36 (KHTML, like Gecko; compatible; GPTBot/1.2; +https://openai.com/gptbot)"
20.171.207.21 - - [07/Jul/2025:09:15:02 -0400] "GET /378bce/?path=%2F%2Fusr%2Flib%2F.build-id%2F6b HTTP/1.1" 200 1497 "-" "Mozilla/5.0 AppleWebKit/537.36 (KHTML, like Gecko; compatible; GPTBot/1.2; +https://openai.com/gptbot)"
20.171.207.231 - - [07/Jul/2025:09:15:03 -0400] "GET /378bce/?action=edit&file=charset.py&path=%2F%2Fproc%2Fthread-self%2Froot%2Fopt%2Falt%2Fpython38%2Flib64%2Fpython3.8%2Femail HTTP/1.1" 200 5738 "-" "Mozilla/5.0 AppleWebKit/537.36 (KHTML, like Gecko; compatible; GPTBot/1.2; +https://openai.com/gptbot)"
20.171.207.231 - - [07/Jul/2025:09:15:04 -0400] "GET /378bce/?action=edit&file=parser.py&path=%2F%2Fproc%2Fthread-self%2Froot%2Fopt%2Falt%2Fpython33%2Flib64%2Fpython3.3%2Femail HTTP/1.1" 200 1825 "-" "Mozilla/5.0 AppleWebKit/537.36 (KHTML, like Gecko; compatible; GPTBot/1.2; +https://openai.com/gptbot)"
20.171.207.231 - - [07/Jul/2025:09:15:05 -0400] "GET /378bce/?action=edit&file=topics.py&path=%2F%2Fproc%2Fthread-self%2Froot%2Fopt%2Falt%2Fpython33%2Flib64%2Fpython3.3%2Fpydoc_data HTTP/1.1" 200 111043 "-" "Mozilla/5.0 AppleWebKit/537.36 (KHTML, like Gecko; compatible; GPTBot/1.2; +https://openai.com/gptbot)"
20.171.207.231 - - [07/Jul/2025:09:15:06 -0400] "GET /378bce/?action=edit&file=_policybase.py&path=%2F%2Fproc%2Fthread-self%2Froot%2Fopt%2Falt%2Fpython38%2Flib64%2Fpython3.8%2Femail HTTP/1.1" 200 5267 "-" "Mozilla/5.0 AppleWebKit/537.36 (KHTML, like Gecko; compatible; GPTBot/1.2; +https://openai.com/gptbot)"
136.243.228.195 - - [07/Jul/2025:09:15:08 -0400] "GET /q-~65xtmPQjw06K2kRULcgnEVhJTaxdFIXU42757/ HTTP/1.1" 404 1251 "-" "Mozilla/5.0 (compatible; DataForSeoBot/1.0; +https://dataforseo.com/dataforseo-bot)"
20.171.207.231 - - [07/Jul/2025:09:15:08 -0400] "GET /378bce/?action=edit&file=_policybase.py&path=%2F%2Fproc%2Fthread-self%2Froot%2Fopt%2Falt%2Fpython33%2Flib64%2Fpython3.3%2Femail HTTP/1.1" 200 4918 "-" "Mozilla/5.0 AppleWebKit/537.36 (KHTML, like Gecko; compatible; GPTBot/1.2; +https://openai.com/gptbot)"
20.171.207.21 - - [07/Jul/2025:09:15:12 -0400] "GET /378bce/?action=edit&file=d78d19556cef9a783c6d04b1d7a4b53d875643&path=%2F%2Fusr%2Flib%2F.build-id%2F0b HTTP/1.1" 200 4423 "-" "Mozilla/5.0 AppleWebKit/537.36 (KHTML, like Gecko; compatible; GPTBot/1.2; +https://openai.com/gptbot)"
20.171.207.21 - - [07/Jul/2025:09:15:14 -0400] "GET /378bce/?path=%2F%2Fusr%2Flib%2F.build-id%2F42 HTTP/1.1" 200 2085 "-" "Mozilla/5.0 AppleWebKit/537.36 (KHTML, like Gecko; compatible; GPTBot/1.2; +https://openai.com/gptbot)"
20.171.207.231 - - [07/Jul/2025:09:15:14 -0400] "GET /378bce/?action=edit&file=errors.py&path=%2F%2Fproc%2Fthread-self%2Froot%2Fopt%2Falt%2Fpython37%2Flib64%2Fpython3.7%2Femail HTTP/1.1" 200 1821 "-" "Mozilla/5.0 AppleWebKit/537.36 (KHTML, like Gecko; compatible; GPTBot/1.2; +https://openai.com/gptbot)"
20.171.207.21 - - [07/Jul/2025:09:15:15 -0400] "GET /378bce/?path=%2F%2Fusr%2Flib%2F.build-id%2F29 HTTP/1.1" 200 1422 "-" "Mozilla/5.0 AppleWebKit/537.36 (KHTML, like Gecko; compatible; GPTBot/1.2; +https://openai.com/gptbot)"
20.171.207.231 - - [07/Jul/2025:09:15:15 -0400] "GET /378bce/?action=edit&file=charset.py&path=%2F%2Fproc%2Fthread-self%2Froot%2Fopt%2Falt%2Fpython34%2Flib64%2Fpython3.4%2Femail HTTP/1.1" 200 5760 "-" "Mozilla/5.0 AppleWebKit/537.36 (KHTML, like Gecko; compatible; GPTBot/1.2; +https://openai.com/gptbot)"
20.171.207.21 - - [07/Jul/2025:09:15:01 -0400] "GET /378bce/?path=%2F%2Fusr%2Flib%2F.build-id%2F20 HTTP/1.1" 200 1663 "-" "Mozilla/5.0 AppleWebKit/537.36 (KHTML, like Gecko; compatible; GPTBot/1.2; +https://openai.com/gptbot)"
20.171.207.231 - - [07/Jul/2025:09:15:01 -0400] "GET /378bce/?action=edit&file=parser.py&path=%2F%2Fproc%2Fthread-self%2Froot%2Fopt%2Falt%2Fpython37%2Flib64%2Fpython3.7%2Femail HTTP/1.1" 200 1845 "-" "Mozilla/5.0 AppleWebKit/537.36 (KHTML, like Gecko; compatible; GPTBot/1.2; +https://openai.com/gptbot)"
136.243.228.195 - - [07/Jul/2025:09:15:03 -0400] "GET /q-~67OeSOkWhsbRST7IGqNxeExLj0eEjWHj95/ HTTP/1.1" 404 1251 "-" "Mozilla/5.0 (compatible; DataForSeoBot/1.0; +https://dataforseo.com/dataforseo-bot)"
20.171.207.231 - - [07/Jul/2025:09:15:07 -0400] "GET /378bce/?action=edit&file=charset.py&path=%2F%2Fproc%2Fthread-self%2Froot%2Fopt%2Falt%2Fpython37%2Flib64%2Fpython3.7%2Femail HTTP/1.1" 200 5761 "-" "Mozilla/5.0 AppleWebKit/537.36 (KHTML, like Gecko; compatible; GPTBot/1.2; +https://openai.com/gptbot)"
20.171.207.231 - - [07/Jul/2025:09:15:10 -0400] "GET /378bce/?action=edit&file=utils.py&path=%2F%2Fproc%2Fthread-self%2Froot%2Fopt%2Falt%2Fpython36%2Flib64%2Fpython3.6%2Femail HTTP/1.1" 200 5845 "-" "Mozilla/5.0 AppleWebKit/537.36 (KHTML, like Gecko; compatible; GPTBot/1.2; +https://openai.com/gptbot)"
20.171.207.231 - - [07/Jul/2025:09:15:11 -0400] "GET /378bce/?action=edit&file=_policybase.py&path=%2F%2Fproc%2Fthread-self%2Froot%2Fopt%2Falt%2Fpython36%2Flib64%2Fpython3.6%2Femail HTTP/1.1" 200 5129 "-" "Mozilla/5.0 AppleWebKit/537.36 (KHTML, like Gecko; compatible; GPTBot/1.2; +https://openai.com/gptbot)"
136.243.228.195 - - [07/Jul/2025:09:15:12 -0400] "GET /q-~274ExtguTiYNBVcoeXdlHHHWgcyKxqiXP16452/ HTTP/1.1" 404 1251 "-" "Mozilla/5.0 (compatible; DataForSeoBot/1.0; +https://dataforseo.com/dataforseo-bot)"
20.171.207.231 - - [07/Jul/2025:09:15:12 -0400] "GET /378bce/?action=edit&file=parser.py&path=%2F%2Fproc%2Fthread-self%2Froot%2Fopt%2Falt%2Fpython36%2Flib64%2Fpython3.6%2Femail HTTP/1.1" 200 1845 "-" "Mozilla/5.0 AppleWebKit/537.36 (KHTML, like Gecko; compatible; GPTBot/1.2; +https://openai.com/gptbot)"
20.171.207.21 - - [07/Jul/2025:09:15:13 -0400] "GET /378bce/?action=edit&file=f89bda45cfe0ffbc74464cac47f890e1e9d2f3&path=%2F%2Fusr%2Flib%2F.build-id%2F8e HTTP/1.1" 200 4065 "-" "Mozilla/5.0 AppleWebKit/537.36 (KHTML, like Gecko; compatible; GPTBot/1.2; +https://openai.com/gptbot)"
20.171.207.231 - - [07/Jul/2025:09:15:13 -0400] "GET /378bce/?action=edit&file=header.py&path=%2F%2Fproc%2Fthread-self%2Froot%2Fopt%2Falt%2Fpython38%2Flib64%2Fpython3.8%2Femail HTTP/1.1" 200 7962 "-" "Mozilla/5.0 AppleWebKit/537.36 (KHTML, like Gecko; compatible; GPTBot/1.2; +https://openai.com/gptbot)"
20.171.207.21 - - [07/Jul/2025:09:15:16 -0400] "GET /378bce/?path=%2F%2Fusr%2Flib%2F.build-id%2Fc3 HTTP/1.1" 200 1482 "-" "Mozilla/5.0 AppleWebKit/537.36 (KHTML, like Gecko; compatible; GPTBot/1.2; +https://openai.com/gptbot)"
20.171.207.231 - - [07/Jul/2025:09:15:16 -0400] "GET /378bce/?action=edit&file=utils.py&path=%2F%2Fproc%2Fthread-self%2Froot%2Fopt%2Falt%2Fpython33%2Flib64%2Fpython3.3%2Femail HTTP/1.1" 200 5851 "-" "Mozilla/5.0 AppleWebKit/537.36 (KHTML, like Gecko; compatible; GPTBot/1.2; +https://openai.com/gptbot)"
20.171.207.231 - - [07/Jul/2025:09:15:18 -0400] "GET /378bce/?action=edit&file=errors.py&path=%2F%2Fproc%2Fthread-self%2Froot%2Fopt%2Falt%2Fpython38%2Flib64%2Fpython3.8%2Femail HTTP/1.1" 200 1829 "-" "Mozilla/5.0 AppleWebKit/537.36 (KHTML, like Gecko; compatible; GPTBot/1.2; +https://openai.com/gptbot)"
20.171.207.231 - - [07/Jul/2025:09:15:19 -0400] "GET /378bce/?action=edit&file=header.py&path=%2F%2Fproc%2Fthread-self%2Froot%2Fopt%2Falt%2Fpython34%2Flib64%2Fpython3.4%2Femail HTTP/1.1" 200 7964 "-" "Mozilla/5.0 AppleWebKit/537.36 (KHTML, like Gecko; compatible; GPTBot/1.2; +https://openai.com/gptbot)"
136.243.228.195 - - [07/Jul/2025:09:15:15 -0400] "GET /items/ilneo36/10271?key=similar HTTP/1.1" 404 1251 "-" "Mozilla/5.0 (compatible; DataForSeoBot/1.0; +https://dataforseo.com/dataforseo-bot)"
20.171.207.21 - - [07/Jul/2025:09:15:17 -0400] "GET /378bce/?path=%2F%2Flib%2Frpm%2Fplatform HTTP/1.1" 200 1198 "-" "Mozilla/5.0 AppleWebKit/537.36 (KHTML, like Gecko; compatible; GPTBot/1.2; +https://openai.com/gptbot)"
20.171.207.21 - - [07/Jul/2025:09:15:18 -0400] "GET /378bce/?path=%2F%2Fvar%2Frun%2Fsepermit HTTP/1.1" 200 699 "-" "Mozilla/5.0 AppleWebKit/537.36 (KHTML, like Gecko; compatible; GPTBot/1.2; +https://openai.com/gptbot)"
20.171.207.231 - - [07/Jul/2025:09:15:21 -0400] "GET /378bce/?action=edit&file=utils.py&path=%2F%2Fproc%2Fthread-self%2Froot%2Fopt%2Falt%2Fpython38%2Flib64%2Fpython3.8%2Femail HTTP/1.1" 200 6806 "-" "Mozilla/5.0 AppleWebKit/537.36 (KHTML, like Gecko; compatible; GPTBot/1.2; +https://openai.com/gptbot)"
20.171.207.231 - - [07/Jul/2025:09:15:22 -0400] "GET /378bce/?action=edit&file=charset.py&path=%2F%2Fproc%2Fthread-self%2Froot%2Fopt%2Falt%2Fpython36%2Flib64%2Fpython3.6%2Femail HTTP/1.1" 200 5761 "-" "Mozilla/5.0 AppleWebKit/537.36 (KHTML, like Gecko; compatible; GPTBot/1.2; +https://openai.com/gptbot)"
136.243.228.195 - - [07/Jul/2025:09:15:24 -0400] "GET /q-~27Lo1k4LC1mv4OR7gst43TCX4SygnrPK21505/ HTTP/1.1" 404 1251 "-" "Mozilla/5.0 (compatible; DataForSeoBot/1.0; +https://dataforseo.com/dataforseo-bot)"
20.171.207.231 - - [07/Jul/2025:09:15:26 -0400] "GET /378bce/?action=edit&file=_policybase.py&path=%2F%2Fproc%2Fthread-self%2Froot%2Fopt%2Falt%2Fpython37%2Flib64%2Fpython3.7%2Femail HTTP/1.1" 200 5129 "-" "Mozilla/5.0 AppleWebKit/537.36 (KHTML, like Gecko; compatible; GPTBot/1.2; +https://openai.com/gptbot)"
20.171.207.21 - - [07/Jul/2025:09:15:27 -0400] "GET /378bce/?action=edit&file=iso10.14.gz&path=%2F%2Flib%2Fkbd%2Fconsolefonts HTTP/1.1" 200 670 "-" "Mozilla/5.0 AppleWebKit/537.36 (KHTML, like Gecko; compatible; GPTBot/1.2; +https://openai.com/gptbot)"
20.171.207.231 - - [07/Jul/2025:09:15:27 -0400] "GET /378bce/?action=edit&file=header.py&path=%2F%2Fproc%2Fthread-self%2Froot%2Fopt%2Falt%2Fpython36%2Flib64%2Fpython3.6%2Femail HTTP/1.1" 200 7961 "-" "Mozilla/5.0 AppleWebKit/537.36 (KHTML, like Gecko; compatible; GPTBot/1.2; +https://openai.com/gptbot)"
136.243.228.195 - - [07/Jul/2025:09:15:28 -0400] "GET /items/ffdsx179/19680?key=breath HTTP/1.1" 404 1251 "-" "Mozilla/5.0 (compatible; DataForSeoBot/1.0; +https://dataforseo.com/dataforseo-bot)"
20.171.207.21 - - [07/Jul/2025:09:15:28 -0400] "GET /378bce/?action=edit&file=iso08.16.gz&path=%2F%2Flib%2Fkbd%2Fconsolefonts HTTP/1.1" 200 662 "-" "Mozilla/5.0 AppleWebKit/537.36 (KHTML, like Gecko; compatible; GPTBot/1.2; +https://openai.com/gptbot)"
20.171.207.231 - - [07/Jul/2025:09:15:28 -0400] "GET /378bce/?action=edit&file=message.py&path=%2F%2Fproc%2Fthread-self%2Froot%2Fopt%2Falt%2Fpython38%2Flib64%2Fpython3.8%2Femail HTTP/1.1" 200 13129 "-" "Mozilla/5.0 AppleWebKit/537.36 (KHTML, like Gecko; compatible; GPTBot/1.2; +https://openai.com/gptbot)"
20.171.207.21 - - [07/Jul/2025:09:15:29 -0400] "GET /378bce/?action=edit&file=iso03.16.gz&path=%2F%2Flib%2Fkbd%2Fconsolefonts HTTP/1.1" 200 659 "-" "Mozilla/5.0 AppleWebKit/537.36 (KHTML, like Gecko; compatible; GPTBot/1.2; +https://openai.com/gptbot)"
20.171.207.231 - - [07/Jul/2025:09:15:30 -0400] "GET /378bce/?action=edit&file=audioop.cpython-33m.so&path=%2F%2Fproc%2Fthread-self%2Froot%2Fopt%2Falt%2Fpython33%2Flib64%2Fpython3.3%2Flib-dynload HTTP/1.1" 200 12672 "-" "Mozilla/5.0 AppleWebKit/537.36 (KHTML, like Gecko; compatible; GPTBot/1.2; +https://openai.com/gptbot)"
